{"id":4657,"date":"2024-10-18T19:46:51","date_gmt":"2024-10-18T19:46:51","guid":{"rendered":"https:\/\/chirurgie-orthopedie-vannes.fr\/pharmacie\/?post_type=product&#038;p=4657"},"modified":"2025-03-17T17:20:22","modified_gmt":"2025-03-17T17:20:22","slug":"xtrazex","status":"publish","type":"product","link":"https:\/\/pharmacie-progres-cannes.fr\/pharmacie\/supp\/xtrazex\/","title":{"rendered":"Xtrazex"},"content":{"rendered":"\n<h2 class=\"wp-block-heading\">Qu&rsquo;est-ce que Xtrazex et comment fonctionne-t-il ?<\/h2>\n\n\n\n<p>Xtrazex est un <b>compl\u00e9ment pour hommes<\/b> disponible sous forme de comprim\u00e9s effervescents, qui soutient l&rsquo;action naturelle de l&rsquo;organisme en termes de puissance. Le produit est destin\u00e9 aux hommes qui souhaitent am\u00e9liorer leur vie sexuelle et augmenter leur libido. L <b>&lsquo;action de Xtrazex<\/b> est bas\u00e9e sur l&rsquo;augmentation du flux sanguin vers les organes g\u00e9nitaux, ce qui conduit \u00e0 de meilleures \u00e9rections.<\/p>\n\n\n\n<p>L&rsquo;un des principaux avantages de Xtrazex r\u00e9side dans ses <b>ingr\u00e9dients naturels<\/b>, tels que l&rsquo;extrait de racine de ginseng, connu pour son effet aphrodisiaque. L&rsquo;extrait d&rsquo;\u00e9corce de yohimbe stimule la circulation, ce qui a un effet positif sur l&rsquo;\u00e9rection. Le maca, souvent appel\u00e9 \u00ab\u00a0ginseng p\u00e9ruvien\u00a0\u00bb, augmente le volume du sperme et peut favoriser l&rsquo;activit\u00e9 sexuelle. Gr\u00e2ce \u00e0 sa formule riche en <b>ingr\u00e9dients naturels<\/b>, Xtrazex vise \u00e0 am\u00e9liorer non seulement la puissance, mais aussi la sant\u00e9 g\u00e9n\u00e9rale des utilisateurs.<\/p>\n\n\n\n<p>L&rsquo;utilisation r\u00e9guli\u00e8re du compl\u00e9ment Xtrazex peut conduire \u00e0 une am\u00e9lioration de la qualit\u00e9 de la vie sexuelle. Les utilisateurs font \u00e9tat d&rsquo;\u00e9rections plus fortes et plus durables, ce qui se traduit par une plus grande satisfaction dans les relations intimes. Il est important d&rsquo;utiliser ce compl\u00e9ment conform\u00e9ment aux instructions, ce qui peut augmenter son efficacit\u00e9.<\/p>\n\n\n\n<h2 class=\"wp-block-heading\">Xtrazex &#8211; effets de l&rsquo;application<\/h2>\n\n\n\n<p>L&rsquo;utilisation de Xtrazex a un certain nombre d&rsquo;effets positifs remarqu\u00e9s par les utilisateurs. Les r\u00e9sultats les plus fr\u00e9quemment cit\u00e9s sont l&rsquo;<em>am\u00e9lioration de la puissance<\/em>, qui se traduit par une meilleure qualit\u00e9 d&rsquo;\u00e9rection et une augmentation de la libido. L&rsquo;action de ce compl\u00e9ment est bas\u00e9e sur des ingr\u00e9dients naturels tels que la maca p\u00e9ruvienne et l&rsquo;\u00e9corce de muira puama, qui contribuent \u00e0 l&rsquo;am\u00e9lioration de la fonction \u00e9rectile chez l&rsquo;homme.<\/p>\n\n\n\n<p><b>Les effets de Xtrazex<\/b> peuvent \u00eatre ressentis apr\u00e8s seulement 1 \u00e0 2 semaines d&rsquo;utilisation r\u00e9guli\u00e8re, les meilleurs r\u00e9sultats \u00e9tant obtenus apr\u00e8s un mois. Les utilisateurs font souvent \u00e9tat d&rsquo;une plus grande confiance en eux et de changements positifs dans leur vie intime. Il convient de noter que le compl\u00e9ment favorise la circulation sanguine g\u00e9nitale, ce qui favorise une \u00e9rection stable, ce qui, pour de nombreux hommes, est un aspect essentiel de l&rsquo;am\u00e9lioration de leur vie sexuelle.<\/p>\n\n\n\n<p>Les commentaires des hommes qui ont remarqu\u00e9 une augmentation de la fr\u00e9quence et de la dur\u00e9e de l&rsquo;activit\u00e9 sexuelle sont \u00e9galement utiles, indiquant clairement les <em>r\u00e9sultats<\/em> b\u00e9n\u00e9fiques de Xtrazex. L&rsquo;utilisation r\u00e9guli\u00e8re de ce produit peut produire des r\u00e9sultats satisfaisants, ce qui en fait une option int\u00e9ressante pour les hommes souhaitant am\u00e9liorer la qualit\u00e9 de leur vie \u00e9rotique.<\/p>\n\n\n\n<h2 class=\"wp-block-heading\">Comment utiliser Xtrazex ? &#8211; Dosage<\/h2>\n\n\n\n<p>Pour obtenir les meilleurs r\u00e9sultats avec Xtrazex, il convient de suivre scrupuleusement les <em>instructions<\/em> du fabricant. Il est recommand\u00e9 de prendre un comprim\u00e9 par jour, \u00e0 dissoudre dans un verre d&rsquo;eau. Ce mode de prise soutient l&rsquo;organisme de mani\u00e8re synergique et les effets de l&rsquo;utilisation peuvent \u00eatre visibles apr\u00e8s 1 \u00e0 2 semaines de prise r\u00e9guli\u00e8re de Xtrazex.<\/p>\n\n\n\n<p>La dur\u00e9e optimale du traitement est de 1 mois, ce qui permet une utilisation maximale des ingr\u00e9dients contenus dans la formule. La boisson doit \u00eatre consomm\u00e9e une heure avant les repas pour favoriser une meilleure absorption des compos\u00e9s actifs.<\/p>\n\n\n\n<p>Il convient de noter que Xtrazex est recommand\u00e9 pour les hommes de diff\u00e9rents groupes d&rsquo;\u00e2ge qui sont aux prises avec des probl\u00e8mes de puissance. Par nature, ce compl\u00e9ment aide \u00e0 normaliser les niveaux de testost\u00e9rone et \u00e0 am\u00e9liorer la fonction sexuelle. Il est conseill\u00e9 de consulter un m\u00e9decin avant de commencer \u00e0 l&rsquo;utiliser, surtout si vous souffrez d&rsquo;une maladie chronique ou d&rsquo;une intol\u00e9rance individuelle aux ingr\u00e9dients.<\/p>\n\n\n\n<figure class=\"wp-block-table\"><table class=\"has-fixed-layout\"><tbody><tr><th>\u00c9l\u00e9ment<\/th><th>Valeur<\/th><\/tr><tr><td>Dosage recommand\u00e9<\/td><td>1 comprim\u00e9 par jour<\/td><\/tr><tr><td>Dur\u00e9e du traitement<\/td><td>1 mois<\/td><\/tr><tr><td>Heure de r\u00e9ception<\/td><td>Une heure avant les repas<\/td><\/tr><tr><td>Premiers effets<\/td><td>Apr\u00e8s 1-2 semaines<\/td><\/tr><tr><td>Des r\u00e9sultats optimaux<\/td><td>Apr\u00e8s 30 jours<\/td><\/tr><\/tbody><\/table><\/figure>\n\n\n\n<h2 class=\"wp-block-heading\">Xtrazex &#8211; Avis et critiques &#8211; Que disent les utilisateurs ?<\/h2>\n\n\n\n<p>Les <b>avis sur Xtrazex<\/b> sont extr\u00eamement vari\u00e9s. Certains utilisateurs font l&rsquo;\u00e9loge du compl\u00e9ment, soulignant des am\u00e9liorations significatives en termes de puissance. Les <b>commentaires des utilisateurs<\/b> pr\u00e9sentent un \u00e9ventail d&rsquo;exp\u00e9riences positives. Beaucoup soulignent que Xtrazex les a aid\u00e9s \u00e0 reprendre confiance dans leurs relations intimes. Ils estiment que les effets ont \u00e9t\u00e9 perceptibles d\u00e8s la premi\u00e8re g\u00e9lule, ce qui peut sugg\u00e9rer la rapidit\u00e9 d&rsquo;action du produit.<\/p>\n\n\n\n<p>D&rsquo;autres utilisateurs sont d&rsquo;un avis diff\u00e9rent. Sur les forums les plus populaires, des personnes se plaignent de l&rsquo;absence de r\u00e9sultats apr\u00e8s avoir utilis\u00e9 Xtrazex. Malgr\u00e9 les propri\u00e9t\u00e9s annonc\u00e9es, de nombreux commentaires font \u00e9tat d&rsquo;une insatisfaction quant aux r\u00e9sultats obtenus. Les doutes portent par exemple sur l&rsquo;efficacit\u00e9 r\u00e9elle et la posologie recommand\u00e9e, ce qui peut affecter la satisfaction finale \u00e0 l&rsquo;\u00e9gard du produit.<\/p>\n\n\n\n<p>Cependant, il existe des diff\u00e9rences \u00e9videntes dans les exp\u00e9riences des utilisateurs de Xtrazex et d&rsquo;autres compl\u00e9ments. C&rsquo;est pourquoi il vaut la peine de pr\u00eater attention aux <b>avis sur Xtrazex<\/b> et d&rsquo;examiner comment les diff\u00e9rents utilisateurs \u00e9valuent les r\u00e9sultats. La proportion de clients satisfaits par rapport \u00e0 ceux qui sont d\u00e9\u00e7us peut \u00eatre cruciale pour d\u00e9cider quel produit choisir.<\/p>\n\n\n\n<h2 class=\"wp-block-heading\">Composition de Xtrazex &#8211; Que contient ce m\u00e9dicament ?<\/h2>\n\n\n\n<p><b>La composition de Xtrazex<\/b> est bas\u00e9e sur des ingr\u00e9dients naturels qui contribuent \u00e0 l&rsquo;am\u00e9lioration de la fonction sexuelle masculine. L&rsquo;attention port\u00e9e aux proportions appropri\u00e9es et \u00e0 la qualit\u00e9 de ces composants garantit l&rsquo;efficacit\u00e9 et la <b>s\u00e9curit\u00e9 d&rsquo;<\/b> utilisation. <b>La composition du compl\u00e9ment<\/b> comprend, entre autres :<\/p>\n\n\n\n<figure class=\"wp-block-table\"><table class=\"has-fixed-layout\"><tbody><tr><th>Composant<\/th><th>Action<\/th><\/tr><tr><td>Maca p\u00e9ruvienne<\/td><td>Favorise l&rsquo;\u00e9quilibre hormonal et augmente l&rsquo;\u00e9nergie.<\/td><\/tr><tr><td>\u00c9corce de muira puama<\/td><td>Am\u00e9liore la puissance et soutient la libido.<\/td><\/tr><tr><td>Racine de ginseng<\/td><td>Il am\u00e9liore la circulation et augmente l&rsquo;\u00e9nergie vitale.<\/td><\/tr><tr><td>\u00c9corce de yohimbe<\/td><td>Augmente le flux sanguin g\u00e9nital, ce qui favorise l&rsquo;am\u00e9lioration de la fonction \u00e9rectile.<\/td><\/tr><\/tbody><\/table><\/figure>\n\n\n\n<p>Ces <b>ingr\u00e9dients naturels<\/b> entrant dans la composition de Xtrazex forment une formule compl\u00e8te qui peut influencer positivement la qualit\u00e9 de la vie sexuelle. L&rsquo;extrait de ginseng am\u00e9liore l&rsquo;\u00e9rection et le mouvement des spermatozo\u00efdes, ce qui s&rsquo;av\u00e8re b\u00e9n\u00e9fique pour la qualit\u00e9 du sperme. En outre, la maca p\u00e9ruvienne soutient les processus de s\u00e9cr\u00e9tion de testost\u00e9rone et le yohimbe stimule l&rsquo;augmentation de l&rsquo;app\u00e9tit sexuel.<\/p>\n\n\n\n<p>Gr\u00e2ce \u00e0 sa formule sp\u00e9cialis\u00e9e, Xtrazex est recommand\u00e9 pour les hommes de tous \u00e2ges et de tous modes de vie actifs. Lorsqu&rsquo;elle est utilis\u00e9e de mani\u00e8re appropri\u00e9e, <b>la formule du suppl\u00e9ment<\/b> peut produire des r\u00e9sultats en seulement 1 \u00e0 2 semaines d&rsquo;utilisation r\u00e9guli\u00e8re. Gr\u00e2ce \u00e0 la concentration \u00e9lev\u00e9e de substances bioactives, les effets seront visibles \u00e0 la fois avec une utilisation imm\u00e9diate et \u00e0 long terme.<\/p>\n\n\n\n<h2 class=\"wp-block-heading\">O\u00f9 acheter et combien co\u00fbte Xtrazex &#8211; prix<\/h2>\n\n\n\n<p>Xtrazex est disponible exclusivement sur <em>le site officiel du fabricant<\/em>. L&rsquo;achat sur ce site assure l&rsquo;authenticit\u00e9 du produit et une garantie de qualit\u00e9. Il convient de noter que de nombreuses personnes cherchent \u00e0 savoir <b>o\u00f9 acheter Xtrazex<\/b>, et que la plateforme en ligne du fabricant est le meilleur choix.<\/p>\n\n\n\n<p>En ce qui concerne le <em>prix des produits<\/em>, les montants peuvent varier en fonction des promotions en cours. En consultant r\u00e9guli\u00e8rement les offres sur le site officiel, on peut b\u00e9n\u00e9ficier de prix plus attractifs. Il n&rsquo;est pas possible de faire des achats dans les pharmacies fixes, ce qui fait d&rsquo;Internet la seule option pour les personnes int\u00e9ress\u00e9es. En outre, l&rsquo;achat en ligne minimise le risque de fraude, car aucun paiement initial n&rsquo;est requis.<\/p>\n\n\n\n<p>La livraison de Xtrazex prend g\u00e9n\u00e9ralement entre trois et quatre jours ouvrables, ce qui garantit que le produit parvient rapidement aux clients. Les utilisateurs peuvent \u00e9galement profiter de l&rsquo;option de retour s&rsquo;ils ne sont pas satisfaits de leur achat, ce qui t\u00e9moigne de la confiance dans le <em>fabricant officiel<\/em>.<\/p>\n\n\n\n<h2 class=\"wp-block-heading\">Xtrazex &#8211; Effets secondaires et contre-indications &#8211; S\u00e9curit\u00e9 d&#8217;emploi<\/h2>\n\n\n\n<p><b>La s\u00e9curit\u00e9 de<\/b> Xtrazex est l&rsquo;un des aspects les plus importants qui attire l&rsquo;attention des utilisateurs potentiels. La plupart des hommes ne ressentent pas d&rsquo;effets secondaires avec Xtrazex car le compl\u00e9ment est bas\u00e9 sur des ingr\u00e9dients naturels tels que la maca p\u00e9ruvienne, l&rsquo;\u00e9corce de muira puama, la racine de ginseng et l&rsquo;\u00e9corce de yohimbe. Ces ingr\u00e9dients ont \u00e9t\u00e9 soigneusement s\u00e9lectionn\u00e9s pour favoriser la puissance masculine et la sant\u00e9 sexuelle.<\/p>\n\n\n\n<p>Toutefois, les personnes souffrant de maladies chroniques ou d&rsquo;allergies doivent consulter un m\u00e9decin avant de commencer \u00e0 l&rsquo;utiliser. Les <b>contre-indications<\/b> comprennent principalement une allergie \u00e0 l&rsquo;un des ingr\u00e9dients de la pr\u00e9paration. En outre, en cas d&rsquo;effets secondaires tels que des r\u00e9actions allergiques ou des maux d&rsquo;estomac, il est recommand\u00e9 d&rsquo;arr\u00eater imm\u00e9diatement l&rsquo;utilisation et de demander l&rsquo;avis d&rsquo;un m\u00e9decin.<\/p>\n\n\n\n<p>Xtrazex a \u00e9t\u00e9 soumis \u00e0 des tests cliniques et de laboratoire rigoureux, confirmant sa grande <b>s\u00e9curit\u00e9<\/b>. Les commentaires des utilisateurs indiquent une satisfaction quant aux effets du suppl\u00e9ment, ainsi que son impact minimal sur le corps, ce qui en fait une option attrayante pour les hommes de tous \u00e2ges qui cherchent \u00e0 am\u00e9liorer leur vie sexuelle.<\/p>\n","protected":false},"excerpt":{"rendered":"<p><strong>[date_countdown]<\/strong><\/p>\n<p><img decoding=\"async\" class=\"alignnone  wp-image-8427\" src=\"https:\/\/pharmacie-progres-cannes.fr\/pharmacie\/wp-content\/uploads\/2024\/10\/SAFE-PAY-300x88-1.png\" alt=\"SAFE-PAY-300x88\" width=\"164\" height=\"48\" \/><\/p>\n","protected":false},"featured_media":4242,"comment_status":"open","ping_status":"closed","template":"","meta":{"neve_meta_sidebar":"","neve_meta_container":"","neve_meta_enable_content_width":"","neve_meta_content_width":0,"neve_meta_title_alignment":"","neve_meta_author_avatar":"","neve_post_elements_order":"","neve_meta_disable_header":"","neve_meta_disable_footer":"","neve_meta_disable_title":"","neve_meta_reading_time":""},"product_brand":[],"product_cat":[16],"product_tag":[],"class_list":{"0":"post-4657","1":"product","2":"type-product","3":"status-publish","4":"has-post-thumbnail","6":"product_cat-sante-sexuelle","8":"first","9":"instock","10":"sale","11":"shipping-taxable","12":"product-type-external"},"yoast_head":"<!-- This site is optimized with the Yoast SEO plugin v27.3 - https:\/\/yoast.com\/product\/yoast-seo-wordpress\/ -->\n<title>Xtrazex - Avis, Forum, Pharmacie, Effets, Prix -50% | Pharmacie-Progres-Pannes<\/title>\n<meta name=\"robots\" content=\"index, follow, max-snippet:-1, max-image-preview:large, max-video-preview:-1\" \/>\n<link rel=\"canonical\" href=\"https:\/\/pharmacie-progres-cannes.fr\/pharmacie\/supp\/xtrazex\/\" \/>\n<meta property=\"og:locale\" content=\"fr_FR\" \/>\n<meta property=\"og:type\" content=\"article\" \/>\n<meta property=\"og:title\" content=\"Xtrazex - Avis, Forum, Pharmacie, Effets, Prix -50% | Pharmacie-Progres-Pannes\" \/>\n<meta property=\"og:url\" content=\"https:\/\/pharmacie-progres-cannes.fr\/pharmacie\/supp\/xtrazex\/\" \/>\n<meta property=\"og:site_name\" content=\"Pharmacie-Progres-Pannes\" \/>\n<meta property=\"article:modified_time\" content=\"2025-03-17T17:20:22+00:00\" \/>\n<meta property=\"og:image\" content=\"https:\/\/pharmacie-progres-cannes.fr\/pharmacie\/wp-content\/uploads\/2024\/10\/Xtrazex.jpg\" \/>\n\t<meta property=\"og:image:width\" content=\"768\" \/>\n\t<meta property=\"og:image:height\" content=\"768\" \/>\n\t<meta property=\"og:image:type\" content=\"image\/jpeg\" \/>\n<meta name=\"twitter:card\" content=\"summary_large_image\" \/>\n<meta name=\"twitter:description\" content=\"[date_countdown]\" \/>\n<meta name=\"twitter:label1\" content=\"Dur\u00e9e de lecture estim\u00e9e\" \/>\n\t<meta name=\"twitter:data1\" content=\"1 minute\" \/>\n<script type=\"application\/ld+json\" class=\"yoast-schema-graph\">{\"@context\":\"https:\\\/\\\/schema.org\",\"@graph\":[{\"@type\":\"WebPage\",\"@id\":\"https:\\\/\\\/pharmacie-progres-cannes.fr\\\/pharmacie\\\/supp\\\/xtrazex\\\/\",\"url\":\"https:\\\/\\\/pharmacie-progres-cannes.fr\\\/pharmacie\\\/supp\\\/xtrazex\\\/\",\"name\":\"Xtrazex - Avis, Forum, Pharmacie, Effets, Prix -50% | Pharmacie-Progres-Pannes\",\"isPartOf\":{\"@id\":\"https:\\\/\\\/pharmacie-progres-cannes.fr\\\/pharmacie\\\/#website\"},\"primaryImageOfPage\":{\"@id\":\"https:\\\/\\\/pharmacie-progres-cannes.fr\\\/pharmacie\\\/supp\\\/xtrazex\\\/#primaryimage\"},\"image\":{\"@id\":\"https:\\\/\\\/pharmacie-progres-cannes.fr\\\/pharmacie\\\/supp\\\/xtrazex\\\/#primaryimage\"},\"thumbnailUrl\":\"https:\\\/\\\/pharmacie-progres-cannes.fr\\\/pharmacie\\\/wp-content\\\/uploads\\\/2024\\\/10\\\/Xtrazex.jpg\",\"datePublished\":\"2024-10-18T19:46:51+00:00\",\"dateModified\":\"2025-03-17T17:20:22+00:00\",\"breadcrumb\":{\"@id\":\"https:\\\/\\\/pharmacie-progres-cannes.fr\\\/pharmacie\\\/supp\\\/xtrazex\\\/#breadcrumb\"},\"inLanguage\":\"fr-FR\",\"potentialAction\":[{\"@type\":\"ReadAction\",\"target\":[\"https:\\\/\\\/pharmacie-progres-cannes.fr\\\/pharmacie\\\/supp\\\/xtrazex\\\/\"]}]},{\"@type\":\"ImageObject\",\"inLanguage\":\"fr-FR\",\"@id\":\"https:\\\/\\\/pharmacie-progres-cannes.fr\\\/pharmacie\\\/supp\\\/xtrazex\\\/#primaryimage\",\"url\":\"https:\\\/\\\/pharmacie-progres-cannes.fr\\\/pharmacie\\\/wp-content\\\/uploads\\\/2024\\\/10\\\/Xtrazex.jpg\",\"contentUrl\":\"https:\\\/\\\/pharmacie-progres-cannes.fr\\\/pharmacie\\\/wp-content\\\/uploads\\\/2024\\\/10\\\/Xtrazex.jpg\",\"width\":768,\"height\":768},{\"@type\":\"BreadcrumbList\",\"@id\":\"https:\\\/\\\/pharmacie-progres-cannes.fr\\\/pharmacie\\\/supp\\\/xtrazex\\\/#breadcrumb\",\"itemListElement\":[{\"@type\":\"ListItem\",\"position\":1,\"name\":\"Strona g\u0142\u00f3wna\",\"item\":\"https:\\\/\\\/pharmacie-progres-cannes.fr\\\/pharmacie\\\/\"},{\"@type\":\"ListItem\",\"position\":2,\"name\":\"farmaci\",\"item\":\"https:\\\/\\\/pharmacie-progres-cannes.fr\\\/pharmacie\\\/\"},{\"@type\":\"ListItem\",\"position\":3,\"name\":\"Xtrazex\"}]},{\"@type\":\"WebSite\",\"@id\":\"https:\\\/\\\/pharmacie-progres-cannes.fr\\\/pharmacie\\\/#website\",\"url\":\"https:\\\/\\\/pharmacie-progres-cannes.fr\\\/pharmacie\\\/\",\"name\":\"Pharmacie-Progres-Pannes\",\"description\":\"\",\"potentialAction\":[{\"@type\":\"SearchAction\",\"target\":{\"@type\":\"EntryPoint\",\"urlTemplate\":\"https:\\\/\\\/pharmacie-progres-cannes.fr\\\/pharmacie\\\/?s={search_term_string}\"},\"query-input\":{\"@type\":\"PropertyValueSpecification\",\"valueRequired\":true,\"valueName\":\"search_term_string\"}}],\"inLanguage\":\"fr-FR\"}]}<\/script>\n<!-- \/ Yoast SEO plugin. -->","yoast_head_json":{"title":"Xtrazex - Avis, Forum, Pharmacie, Effets, Prix -50% | Pharmacie-Progres-Pannes","robots":{"index":"index","follow":"follow","max-snippet":"max-snippet:-1","max-image-preview":"max-image-preview:large","max-video-preview":"max-video-preview:-1"},"canonical":"https:\/\/pharmacie-progres-cannes.fr\/pharmacie\/supp\/xtrazex\/","og_locale":"fr_FR","og_type":"article","og_title":"Xtrazex - Avis, Forum, Pharmacie, Effets, Prix -50% | Pharmacie-Progres-Pannes","og_url":"https:\/\/pharmacie-progres-cannes.fr\/pharmacie\/supp\/xtrazex\/","og_site_name":"Pharmacie-Progres-Pannes","article_modified_time":"2025-03-17T17:20:22+00:00","og_image":[{"width":768,"height":768,"url":"https:\/\/pharmacie-progres-cannes.fr\/pharmacie\/wp-content\/uploads\/2024\/10\/Xtrazex.jpg","type":"image\/jpeg"}],"twitter_card":"summary_large_image","twitter_description":"[date_countdown]","twitter_misc":{"Dur\u00e9e de lecture estim\u00e9e":"1 minute"},"schema":{"@context":"https:\/\/schema.org","@graph":[{"@type":"WebPage","@id":"https:\/\/pharmacie-progres-cannes.fr\/pharmacie\/supp\/xtrazex\/","url":"https:\/\/pharmacie-progres-cannes.fr\/pharmacie\/supp\/xtrazex\/","name":"Xtrazex - Avis, Forum, Pharmacie, Effets, Prix -50% | Pharmacie-Progres-Pannes","isPartOf":{"@id":"https:\/\/pharmacie-progres-cannes.fr\/pharmacie\/#website"},"primaryImageOfPage":{"@id":"https:\/\/pharmacie-progres-cannes.fr\/pharmacie\/supp\/xtrazex\/#primaryimage"},"image":{"@id":"https:\/\/pharmacie-progres-cannes.fr\/pharmacie\/supp\/xtrazex\/#primaryimage"},"thumbnailUrl":"https:\/\/pharmacie-progres-cannes.fr\/pharmacie\/wp-content\/uploads\/2024\/10\/Xtrazex.jpg","datePublished":"2024-10-18T19:46:51+00:00","dateModified":"2025-03-17T17:20:22+00:00","breadcrumb":{"@id":"https:\/\/pharmacie-progres-cannes.fr\/pharmacie\/supp\/xtrazex\/#breadcrumb"},"inLanguage":"fr-FR","potentialAction":[{"@type":"ReadAction","target":["https:\/\/pharmacie-progres-cannes.fr\/pharmacie\/supp\/xtrazex\/"]}]},{"@type":"ImageObject","inLanguage":"fr-FR","@id":"https:\/\/pharmacie-progres-cannes.fr\/pharmacie\/supp\/xtrazex\/#primaryimage","url":"https:\/\/pharmacie-progres-cannes.fr\/pharmacie\/wp-content\/uploads\/2024\/10\/Xtrazex.jpg","contentUrl":"https:\/\/pharmacie-progres-cannes.fr\/pharmacie\/wp-content\/uploads\/2024\/10\/Xtrazex.jpg","width":768,"height":768},{"@type":"BreadcrumbList","@id":"https:\/\/pharmacie-progres-cannes.fr\/pharmacie\/supp\/xtrazex\/#breadcrumb","itemListElement":[{"@type":"ListItem","position":1,"name":"Strona g\u0142\u00f3wna","item":"https:\/\/pharmacie-progres-cannes.fr\/pharmacie\/"},{"@type":"ListItem","position":2,"name":"farmaci","item":"https:\/\/pharmacie-progres-cannes.fr\/pharmacie\/"},{"@type":"ListItem","position":3,"name":"Xtrazex"}]},{"@type":"WebSite","@id":"https:\/\/pharmacie-progres-cannes.fr\/pharmacie\/#website","url":"https:\/\/pharmacie-progres-cannes.fr\/pharmacie\/","name":"Pharmacie-Progres-Pannes","description":"","potentialAction":[{"@type":"SearchAction","target":{"@type":"EntryPoint","urlTemplate":"https:\/\/pharmacie-progres-cannes.fr\/pharmacie\/?s={search_term_string}"},"query-input":{"@type":"PropertyValueSpecification","valueRequired":true,"valueName":"search_term_string"}}],"inLanguage":"fr-FR"}]}},"_links":{"self":[{"href":"https:\/\/pharmacie-progres-cannes.fr\/pharmacie\/wp-json\/wp\/v2\/product\/4657","targetHints":{"allow":["GET"]}}],"collection":[{"href":"https:\/\/pharmacie-progres-cannes.fr\/pharmacie\/wp-json\/wp\/v2\/product"}],"about":[{"href":"https:\/\/pharmacie-progres-cannes.fr\/pharmacie\/wp-json\/wp\/v2\/types\/product"}],"replies":[{"embeddable":true,"href":"https:\/\/pharmacie-progres-cannes.fr\/pharmacie\/wp-json\/wp\/v2\/comments?post=4657"}],"wp:featuredmedia":[{"embeddable":true,"href":"https:\/\/pharmacie-progres-cannes.fr\/pharmacie\/wp-json\/wp\/v2\/media\/4242"}],"wp:attachment":[{"href":"https:\/\/pharmacie-progres-cannes.fr\/pharmacie\/wp-json\/wp\/v2\/media?parent=4657"}],"wp:term":[{"taxonomy":"product_brand","embeddable":true,"href":"https:\/\/pharmacie-progres-cannes.fr\/pharmacie\/wp-json\/wp\/v2\/product_brand?post=4657"},{"taxonomy":"product_cat","embeddable":true,"href":"https:\/\/pharmacie-progres-cannes.fr\/pharmacie\/wp-json\/wp\/v2\/product_cat?post=4657"},{"taxonomy":"product_tag","embeddable":true,"href":"https:\/\/pharmacie-progres-cannes.fr\/pharmacie\/wp-json\/wp\/v2\/product_tag?post=4657"}],"curies":[{"name":"wp","href":"https:\/\/api.w.org\/{rel}","templated":true}]}}