{"id":4563,"date":"2024-10-18T19:46:26","date_gmt":"2024-10-18T19:46:26","guid":{"rendered":"https:\/\/chirurgie-orthopedie-vannes.fr\/pharmacie\/?post_type=product&#038;p=4563"},"modified":"2025-03-07T11:13:53","modified_gmt":"2025-03-07T11:13:53","slug":"meltamin","status":"publish","type":"product","link":"https:\/\/pharmacie-progres-cannes.fr\/pharmacie\/supp\/meltamin\/","title":{"rendered":"Meltamin"},"content":{"rendered":"\n<h2 class=\"wp-block-heading\">Qu&rsquo;est-ce que Meltamin et comment fonctionne-t-il ?<\/h2>\n\n\n\n<p><b>Meltamin<\/b> est un <b>compl\u00e9ment alimentaire<\/b> innovant con\u00e7u pour favoriser la perte de poids. Son <em>action<\/em> repose sur une combinaison unique d&rsquo;ingr\u00e9dients naturels qui aident l&rsquo;organisme \u00e0 br\u00fbler les tissus adipeux et \u00e0 acc\u00e9l\u00e9rer le m\u00e9tabolisme. Parmi les ingr\u00e9dients cl\u00e9s du compl\u00e9ment, on trouve la caf\u00e9ine, qui augmente les niveaux d&rsquo;\u00e9nergie et l&rsquo;efficacit\u00e9 de la combustion des calories.<\/p>\n\n\n\n<p>Les extraits de fruits tels que le tamarin de Malabar et la figue de Barbarie, qui contribuent non seulement \u00e0 r\u00e9duire l&rsquo;app\u00e9tit, mais aussi \u00e0 stimuler les processus thermog\u00e9niques, constituent un autre \u00e9l\u00e9ment important de la formule. L&rsquo;<b>action de<\/b> ce compl\u00e9ment est renforc\u00e9e par la BioP\u00e9rine, qui augmente l&rsquo;absorption des ingr\u00e9dients actifs et renforce ainsi son efficacit\u00e9.<\/p>\n\n\n\n<p>En utilisant Meltamin r\u00e9guli\u00e8rement, les utilisateurs peuvent remarquer une am\u00e9lioration de l&rsquo;endurance et une perte de poids progressive. La cl\u00e9 pour obtenir les meilleurs r\u00e9sultats reste de combiner le <em>mode d&rsquo;action de<\/em> ce suppl\u00e9ment avec un r\u00e9gime alimentaire sain et une activit\u00e9 physique. Il convient de noter que de nombreuses personnes ayant utilis\u00e9 Meltamin ont rapport\u00e9 des <b>effets<\/b> positifs et une am\u00e9lioration g\u00e9n\u00e9rale de leur bien-\u00eatre.<\/p>\n\n\n\n<h2 class=\"wp-block-heading\">Meltamin &#8211; effets de l&rsquo;utilisation<\/h2>\n\n\n\n<p>L&rsquo;<b>utilisation<\/b> r\u00e9guli\u00e8re <b>du<\/b> compl\u00e9ment Meltamin peut produire une s\u00e9rie d&rsquo;<em>effets<\/em> positifs qui favorisent la <em>perte de poids<\/em>. Meltamin <b>contient<\/b> 11 ingr\u00e9dients actifs qui agissent ensemble pour maximiser la combustion des graisses. L&rsquo;extrait de th\u00e9 vert est connu pour ses propri\u00e9t\u00e9s thermog\u00e9niques, qui acc\u00e9l\u00e8rent le m\u00e9tabolisme des graisses. La caf\u00e9ine apporte de l&rsquo;\u00e9nergie, ce qui a un effet positif sur les performances physiques.<\/p>\n\n\n\n<p>De nombreuses personnes constatent une am\u00e9lioration de l&rsquo;humeur et une r\u00e9duction de la sensation de fatigue apr\u00e8s avoir pris ce compl\u00e9ment. L&rsquo;extrait de garcinia cambogia favorise efficacement le contr\u00f4le de l&rsquo;app\u00e9tit, ce qui est essentiel dans la lutte pour <em>une<\/em> meilleure <em>perte de poids<\/em>. La cannelle, pr\u00e9sente dans la formule, aide \u00e0 stabiliser le taux de sucre dans le sang, ce qui peut \u00e9galement r\u00e9duire la sensation de faim.<\/p>\n\n\n\n<p>Les utilisateurs font \u00e9tat d&rsquo;une perte de graisse significative et d&rsquo;une augmentation des performances physiques. Meltamin est g\u00e9n\u00e9ralement bien tol\u00e9r\u00e9 par la plupart des gens et la dose recommand\u00e9e est d&rsquo;une portion de la boisson dissoute dans de l&rsquo;eau, recommand\u00e9e avant l&rsquo;entra\u00eenement ou tout au long de la journ\u00e9e. <b>Les effets de<\/b> Meltamin peuvent \u00eatre b\u00e9n\u00e9fiques pour ceux qui souhaitent am\u00e9liorer leur forme et leur bien-\u00eatre.<\/p>\n\n\n\n<h2 class=\"wp-block-heading\">Comment utiliser correctement Meltamin &#8211; Posologie<\/h2>\n\n\n\n<p>Pour obtenir des r\u00e9sultats optimaux avec Meltamin, il est important de respecter la posologie recommand\u00e9e. Il est g\u00e9n\u00e9ralement recommand\u00e9 de prendre 5 grammes de poudre dissoute dans 300 ml d&rsquo;eau avant les repas. Le temps d&rsquo;agitation doit \u00eatre d&rsquo;au moins 30 secondes pour un effet optimal. Le <b>dosage<\/b> peut \u00eatre adapt\u00e9 aux besoins individuels, mais il est pr\u00e9f\u00e9rable de s&rsquo;en tenir aux directives g\u00e9n\u00e9rales figurant dans la notice du suppl\u00e9ment.<\/p>\n\n\n\n<p>L&rsquo;<b>utilisation<\/b> r\u00e9guli\u00e8re de Meltamin stimule le m\u00e9tabolisme et la combinaison du compl\u00e9ment avec un d\u00e9ficit calorique et une activit\u00e9 physique acc\u00e9l\u00e8re le processus de perte de graisse. Il convient de rappeler qu&rsquo;une alimentation saine et de l&rsquo;exercice physique influencent consid\u00e9rablement les effets de l&rsquo;utilisation. Les <b>recommandations de<\/b> dosage doivent \u00eatre strictement respect\u00e9es afin d&rsquo;\u00e9viter les effets secondaires potentiels.<\/p>\n\n\n\n<figure class=\"wp-block-table\"><table class=\"has-fixed-layout\"><tbody><tr><th>Nombre de portions par paquet<\/th><th>Dose journali\u00e8re recommand\u00e9e<\/th><th>Eau n\u00e9cessaire \u00e0 la pr\u00e9paration<\/th><th>Temps de m\u00e9lange<\/th><\/tr><tr><td>30<\/td><td>5 g<\/td><td>300 ml<\/td><td>30 secondes<\/td><\/tr><\/tbody><\/table><\/figure>\n\n\n\n<p><b>Le compl\u00e9ment<\/b> n&rsquo;est pas destin\u00e9 aux enfants ni aux femmes enceintes. Conserver \u00e0 temp\u00e9rature ambiante, \u00e0 l&rsquo;abri de la lumi\u00e8re, dans un r\u00e9cipient herm\u00e9tiquement ferm\u00e9. Il est utile de rappeler que la prudence est de mise si vous \u00eates sensible \u00e0 la caf\u00e9ine ou si vous avez des probl\u00e8mes cardiovasculaires. L&rsquo;adaptation du dosage doit tenir compte des besoins et des r\u00e9actions individuels.<\/p>\n\n\n\n<h2 class=\"wp-block-heading\">Critiques et opinions sur Meltamin<\/h2>\n\n\n\n<p>Meltamin est de plus en plus reconnu par les utilisateurs et <b>les avis<\/b> sont majoritairement positifs. De nombreuses personnes ayant opt\u00e9 pour ce <b>compl\u00e9ment<\/b> partagent leurs <em>exp\u00e9riences d&rsquo;utilisateur<\/em>, soulignant son efficacit\u00e9 dans la perte de poids. Les utilisateurs notent qu&rsquo;apr\u00e8s une utilisation r\u00e9guli\u00e8re de Meltamin, il est possible de perdre en moyenne 8 kg en deux mois.<\/p>\n\n\n\n<p>Anna, l&rsquo;une des personnes test\u00e9es, a constat\u00e9 une r\u00e9duction significative de son poids et une am\u00e9lioration de son bien-\u00eatre g\u00e9n\u00e9ral en prenant ce compl\u00e9ment. Michael a appr\u00e9ci\u00e9 son effet sur le contr\u00f4le de l&rsquo;app\u00e9tit, ce qui l&rsquo;a aid\u00e9 \u00e0 g\u00e9rer efficacement son r\u00e9gime alimentaire. L&rsquo;extrait de th\u00e9 vert contenu dans la formulation de Meltamin acc\u00e9l\u00e8re le m\u00e9tabolisme, ce qui ne fait qu&rsquo;ajouter \u00e0 son \u00e9valuation positive par les utilisateurs.<\/p>\n\n\n\n<p>En outre, Eve a constat\u00e9 une augmentation de son \u00e9nergie, ce qui l&rsquo;a encourag\u00e9e \u00e0 faire de l&rsquo;exercice plus souvent. Les utilisateurs ont \u00e9galement soulign\u00e9 que Meltamin n&rsquo;a pas d&rsquo;effets secondaires, ce qui sugg\u00e8re un degr\u00e9 \u00e9lev\u00e9 de <b>s\u00e9curit\u00e9 dans son<\/b> utilisation. La note \u00e9lev\u00e9e de 4,87 sur 5 attribu\u00e9e par les clients confirme la grande satisfaction \u00e0 l&rsquo;\u00e9gard du produit.<\/p>\n\n\n\n<p>La popularit\u00e9 croissante de Meltamin sur les forums en ligne sugg\u00e8re \u00e9galement que de nombreuses personnes en font un alli\u00e9 pr\u00e9cieux dans la lutte contre l&rsquo;exc\u00e8s de poids. Les <b>t\u00e9moignages<\/b> et les <b>avis des<\/b> utilisateurs d\u00e9montrent les avantages significatifs d&rsquo;une utilisation r\u00e9guli\u00e8re, contribuant \u00e0 am\u00e9liorer le bien-\u00eatre et la confiance en soi.<\/p>\n\n\n\n<h2 class=\"wp-block-heading\">Meltamin &#8211; Composition<\/h2>\n\n\n\n<p><b>La composition de<\/b> Meltamin est un m\u00e9lange soigneusement s\u00e9lectionn\u00e9 d&rsquo;ingr\u00e9dients naturels qui favorisent la perte de poids. Parmi les principaux ingr\u00e9dients, on trouve l&rsquo;extrait de fruit de figue de barbarie, qui contribue \u00e0 la r\u00e9duction de la graisse corporelle, et la caf\u00e9ine anhydre, connue pour son effet sur l&rsquo;acc\u00e9l\u00e9ration du m\u00e9tabolisme. En outre, le chrome et la vitamine B6 jouent un r\u00f4le cl\u00e9 dans la r\u00e9gulation de la glyc\u00e9mie et le soutien des processus m\u00e9taboliques globaux.<\/p>\n\n\n\n<p>Meltamin contient 11 ingr\u00e9dients naturels qui agissent ensemble pour optimiser la perte de poids. L&rsquo;extrait de tamarin de Malabar, riche en HCA, inhibe la formation des cellules graisseuses, ce qui rend ce <b>compl\u00e9ment alimentaire<\/b> encore plus efficace. Les graines de guarana qu&rsquo;il contient acc\u00e9l\u00e8rent le m\u00e9tabolisme des graisses, tandis que la caf\u00e9ine am\u00e9liore les performances physiques et r\u00e9duit la sensation de fatigue.<\/p>\n\n\n\n<p>L&rsquo;<b>utilisation<\/b> r\u00e9guli\u00e8re <b>de<\/b> Meltamin se traduit par une am\u00e9lioration notable de la condition physique et une r\u00e9duction du poids. Des utilisateurs ont m\u00eame d\u00e9clar\u00e9 avoir perdu jusqu&rsquo;\u00e0 15 kg en un mois. Ne contenant que des <b>ingr\u00e9dients naturels<\/b>, le produit ne provoque pas de perte de masse musculaire et minimise le risque d&rsquo;effet yo-yo. L&rsquo;analyse de la formulation permet aux utilisateurs de comprendre comment ces ingr\u00e9dients am\u00e9liorent l&rsquo;aspect de la peau, augmentent l&rsquo;\u00e9nergie et contr\u00f4lent l&rsquo;app\u00e9tit.<\/p>\n\n\n\n<h2 class=\"wp-block-heading\">O\u00f9 acheter et combien co\u00fbte Meltamin &#8211; prix<\/h2>\n\n\n\n<p>Meltamin ne peut \u00eatre achet\u00e9 que sur le site <em>officiel du fabricant<\/em>, ce qui garantit l&rsquo;originalit\u00e9 et la haute qualit\u00e9 du produit. Veuillez noter que ce <b>suppl\u00e9ment<\/b> n&rsquo;est pas disponible dans les pharmacies stationnaires, ce qui rend l&rsquo;achat s\u00fbr et pratique. Il convient de noter les prix de Meltamin, qui peuvent varier en fonction de l&#8217;emballage choisi. Voici un <b>aper\u00e7u des<\/b> prix actuels :<\/p>\n\n\n\n<p><b>Le prix<\/b> est int\u00e9ressant compte tenu de l&rsquo;efficacit\u00e9 de Meltamin. Les \u00e9tudes montrent que 96 % des utilisateurs de ce compl\u00e9ment ont constat\u00e9 des effets positifs sous la forme d&rsquo;une perte de poids et d&rsquo;une augmentation des performances. Il vaut vraiment la peine de visiter le site <em>officiel du fabricant<\/em> pour voir les promotions et les offres disponibles pour les utilisateurs.<\/p>\n\n\n\n<h2 class=\"wp-block-heading\">Meltamin &#8211; Effets secondaires et contre-indications<\/h2>\n\n\n\n<p>L&rsquo;utilisation de la Meltamine, bien que g\u00e9n\u00e9ralement consid\u00e9r\u00e9e comme s\u00fbre, peut \u00eatre associ\u00e9e \u00e0 certains <strong>effets secondaires<\/strong>. Les plaintes les plus fr\u00e9quentes sont les naus\u00e9es, les maux de t\u00eate et les probl\u00e8mes d&rsquo;estomac. Les statistiques montrent qu&rsquo;environ 15 % des utilisateurs ont des naus\u00e9es, 10 % des maux de t\u00eate et 8 % des troubles gastriques. Il est donc important d&rsquo;\u00eatre conscient de ces effets secondaires potentiels lors de la prise de suppl\u00e9ments.<\/p>\n\n\n\n<p>Il existe \u00e9galement des <strong>contre-indications<\/strong> \u00e0 l&rsquo;utilisation de la Meltamine. Elle est d\u00e9conseill\u00e9e aux femmes enceintes et allaitantes, ainsi qu&rsquo;aux personnes souffrant de probl\u00e8mes de sant\u00e9 tels que l&rsquo;hypertension, le diab\u00e8te et les maladies cardiaques. Cela concerne jusqu&rsquo;\u00e0 20-30% de la population adulte. Il est donc essentiel de consulter un m\u00e9decin avant de commencer \u00e0 l&rsquo;utiliser pour s&rsquo;assurer de la <strong>s\u00e9curit\u00e9 de la<\/strong> suppl\u00e9mentation.<\/p>\n\n\n\n<p>Malgr\u00e9 ses effets secondaires potentiels, la Meltamine, lorsqu&rsquo;elle est utilis\u00e9e de mani\u00e8re appropri\u00e9e et en consultation avec un professionnel de la sant\u00e9, peut constituer un soutien efficace \u00e0 la perte de poids. Il est \u00e9galement essentiel de suivre les recommandations de dosage et de surveiller la r\u00e9ponse de l&rsquo;organisme au suppl\u00e9ment.<\/p>\n","protected":false},"excerpt":{"rendered":"<p><strong>[date_countdown]<\/strong><\/p>\n<p><img decoding=\"async\" class=\"alignnone  wp-image-8427\" src=\"https:\/\/pharmacie-progres-cannes.fr\/pharmacie\/wp-content\/uploads\/2024\/10\/SAFE-PAY-300x88-1.png\" alt=\"SAFE-PAY-300x88\" width=\"164\" height=\"48\" \/><\/p>\n","protected":false},"featured_media":3999,"comment_status":"open","ping_status":"closed","template":"","meta":{"neve_meta_sidebar":"","neve_meta_container":"","neve_meta_enable_content_width":"","neve_meta_content_width":0,"neve_meta_title_alignment":"","neve_meta_author_avatar":"","neve_post_elements_order":"","neve_meta_disable_header":"","neve_meta_disable_footer":"","neve_meta_disable_title":"","neve_meta_reading_time":""},"product_brand":[],"product_cat":[15],"product_tag":[],"class_list":{"0":"post-4563","1":"product","2":"type-product","3":"status-publish","4":"has-post-thumbnail","6":"product_cat-perte-de-poids","8":"first","9":"instock","10":"sale","11":"shipping-taxable","12":"product-type-external"},"yoast_head":"<!-- This site is optimized with the Yoast SEO plugin v27.4 - https:\/\/yoast.com\/product\/yoast-seo-wordpress\/ -->\n<title>Meltamin - Avis, Forum, Pharmacie, Effets, Prix -50% | Pharmacie-Progres-Pannes<\/title>\n<meta name=\"robots\" content=\"index, follow, max-snippet:-1, max-image-preview:large, max-video-preview:-1\" \/>\n<link rel=\"canonical\" href=\"https:\/\/pharmacie-progres-cannes.fr\/pharmacie\/supp\/meltamin\/\" \/>\n<meta property=\"og:locale\" content=\"fr_FR\" \/>\n<meta property=\"og:type\" content=\"article\" \/>\n<meta property=\"og:title\" content=\"Meltamin - Avis, Forum, Pharmacie, Effets, Prix -50% | Pharmacie-Progres-Pannes\" \/>\n<meta property=\"og:url\" content=\"https:\/\/pharmacie-progres-cannes.fr\/pharmacie\/supp\/meltamin\/\" \/>\n<meta property=\"og:site_name\" content=\"Pharmacie-Progres-Pannes\" \/>\n<meta property=\"article:modified_time\" content=\"2025-03-07T11:13:53+00:00\" \/>\n<meta property=\"og:image\" content=\"https:\/\/pharmacie-progres-cannes.fr\/pharmacie\/wp-content\/uploads\/2024\/10\/Meltamin.jpg\" \/>\n\t<meta property=\"og:image:width\" content=\"768\" \/>\n\t<meta property=\"og:image:height\" content=\"768\" \/>\n\t<meta property=\"og:image:type\" content=\"image\/jpeg\" \/>\n<meta name=\"twitter:card\" content=\"summary_large_image\" \/>\n<meta name=\"twitter:description\" content=\"[date_countdown]\" \/>\n<meta name=\"twitter:label1\" content=\"Dur\u00e9e de lecture estim\u00e9e\" \/>\n\t<meta name=\"twitter:data1\" content=\"1 minute\" \/>\n<script type=\"application\/ld+json\" class=\"yoast-schema-graph\">{\"@context\":\"https:\\\/\\\/schema.org\",\"@graph\":[{\"@type\":\"WebPage\",\"@id\":\"https:\\\/\\\/pharmacie-progres-cannes.fr\\\/pharmacie\\\/supp\\\/meltamin\\\/\",\"url\":\"https:\\\/\\\/pharmacie-progres-cannes.fr\\\/pharmacie\\\/supp\\\/meltamin\\\/\",\"name\":\"Meltamin - Avis, Forum, Pharmacie, Effets, Prix -50% | Pharmacie-Progres-Pannes\",\"isPartOf\":{\"@id\":\"https:\\\/\\\/pharmacie-progres-cannes.fr\\\/pharmacie\\\/#website\"},\"primaryImageOfPage\":{\"@id\":\"https:\\\/\\\/pharmacie-progres-cannes.fr\\\/pharmacie\\\/supp\\\/meltamin\\\/#primaryimage\"},\"image\":{\"@id\":\"https:\\\/\\\/pharmacie-progres-cannes.fr\\\/pharmacie\\\/supp\\\/meltamin\\\/#primaryimage\"},\"thumbnailUrl\":\"https:\\\/\\\/pharmacie-progres-cannes.fr\\\/pharmacie\\\/wp-content\\\/uploads\\\/2024\\\/10\\\/Meltamin.jpg\",\"datePublished\":\"2024-10-18T19:46:26+00:00\",\"dateModified\":\"2025-03-07T11:13:53+00:00\",\"breadcrumb\":{\"@id\":\"https:\\\/\\\/pharmacie-progres-cannes.fr\\\/pharmacie\\\/supp\\\/meltamin\\\/#breadcrumb\"},\"inLanguage\":\"fr-FR\",\"potentialAction\":[{\"@type\":\"ReadAction\",\"target\":[\"https:\\\/\\\/pharmacie-progres-cannes.fr\\\/pharmacie\\\/supp\\\/meltamin\\\/\"]}]},{\"@type\":\"ImageObject\",\"inLanguage\":\"fr-FR\",\"@id\":\"https:\\\/\\\/pharmacie-progres-cannes.fr\\\/pharmacie\\\/supp\\\/meltamin\\\/#primaryimage\",\"url\":\"https:\\\/\\\/pharmacie-progres-cannes.fr\\\/pharmacie\\\/wp-content\\\/uploads\\\/2024\\\/10\\\/Meltamin.jpg\",\"contentUrl\":\"https:\\\/\\\/pharmacie-progres-cannes.fr\\\/pharmacie\\\/wp-content\\\/uploads\\\/2024\\\/10\\\/Meltamin.jpg\",\"width\":768,\"height\":768},{\"@type\":\"BreadcrumbList\",\"@id\":\"https:\\\/\\\/pharmacie-progres-cannes.fr\\\/pharmacie\\\/supp\\\/meltamin\\\/#breadcrumb\",\"itemListElement\":[{\"@type\":\"ListItem\",\"position\":1,\"name\":\"Strona g\u0142\u00f3wna\",\"item\":\"https:\\\/\\\/pharmacie-progres-cannes.fr\\\/pharmacie\\\/\"},{\"@type\":\"ListItem\",\"position\":2,\"name\":\"farmaci\",\"item\":\"https:\\\/\\\/pharmacie-progres-cannes.fr\\\/pharmacie\\\/\"},{\"@type\":\"ListItem\",\"position\":3,\"name\":\"Meltamin\"}]},{\"@type\":\"WebSite\",\"@id\":\"https:\\\/\\\/pharmacie-progres-cannes.fr\\\/pharmacie\\\/#website\",\"url\":\"https:\\\/\\\/pharmacie-progres-cannes.fr\\\/pharmacie\\\/\",\"name\":\"Pharmacie-Progres-Pannes\",\"description\":\"\",\"potentialAction\":[{\"@type\":\"SearchAction\",\"target\":{\"@type\":\"EntryPoint\",\"urlTemplate\":\"https:\\\/\\\/pharmacie-progres-cannes.fr\\\/pharmacie\\\/?s={search_term_string}\"},\"query-input\":{\"@type\":\"PropertyValueSpecification\",\"valueRequired\":true,\"valueName\":\"search_term_string\"}}],\"inLanguage\":\"fr-FR\"}]}<\/script>\n<!-- \/ Yoast SEO plugin. -->","yoast_head_json":{"title":"Meltamin - Avis, Forum, Pharmacie, Effets, Prix -50% | Pharmacie-Progres-Pannes","robots":{"index":"index","follow":"follow","max-snippet":"max-snippet:-1","max-image-preview":"max-image-preview:large","max-video-preview":"max-video-preview:-1"},"canonical":"https:\/\/pharmacie-progres-cannes.fr\/pharmacie\/supp\/meltamin\/","og_locale":"fr_FR","og_type":"article","og_title":"Meltamin - Avis, Forum, Pharmacie, Effets, Prix -50% | Pharmacie-Progres-Pannes","og_url":"https:\/\/pharmacie-progres-cannes.fr\/pharmacie\/supp\/meltamin\/","og_site_name":"Pharmacie-Progres-Pannes","article_modified_time":"2025-03-07T11:13:53+00:00","og_image":[{"width":768,"height":768,"url":"https:\/\/pharmacie-progres-cannes.fr\/pharmacie\/wp-content\/uploads\/2024\/10\/Meltamin.jpg","type":"image\/jpeg"}],"twitter_card":"summary_large_image","twitter_description":"[date_countdown]","twitter_misc":{"Dur\u00e9e de lecture estim\u00e9e":"1 minute"},"schema":{"@context":"https:\/\/schema.org","@graph":[{"@type":"WebPage","@id":"https:\/\/pharmacie-progres-cannes.fr\/pharmacie\/supp\/meltamin\/","url":"https:\/\/pharmacie-progres-cannes.fr\/pharmacie\/supp\/meltamin\/","name":"Meltamin - Avis, Forum, Pharmacie, Effets, Prix -50% | Pharmacie-Progres-Pannes","isPartOf":{"@id":"https:\/\/pharmacie-progres-cannes.fr\/pharmacie\/#website"},"primaryImageOfPage":{"@id":"https:\/\/pharmacie-progres-cannes.fr\/pharmacie\/supp\/meltamin\/#primaryimage"},"image":{"@id":"https:\/\/pharmacie-progres-cannes.fr\/pharmacie\/supp\/meltamin\/#primaryimage"},"thumbnailUrl":"https:\/\/pharmacie-progres-cannes.fr\/pharmacie\/wp-content\/uploads\/2024\/10\/Meltamin.jpg","datePublished":"2024-10-18T19:46:26+00:00","dateModified":"2025-03-07T11:13:53+00:00","breadcrumb":{"@id":"https:\/\/pharmacie-progres-cannes.fr\/pharmacie\/supp\/meltamin\/#breadcrumb"},"inLanguage":"fr-FR","potentialAction":[{"@type":"ReadAction","target":["https:\/\/pharmacie-progres-cannes.fr\/pharmacie\/supp\/meltamin\/"]}]},{"@type":"ImageObject","inLanguage":"fr-FR","@id":"https:\/\/pharmacie-progres-cannes.fr\/pharmacie\/supp\/meltamin\/#primaryimage","url":"https:\/\/pharmacie-progres-cannes.fr\/pharmacie\/wp-content\/uploads\/2024\/10\/Meltamin.jpg","contentUrl":"https:\/\/pharmacie-progres-cannes.fr\/pharmacie\/wp-content\/uploads\/2024\/10\/Meltamin.jpg","width":768,"height":768},{"@type":"BreadcrumbList","@id":"https:\/\/pharmacie-progres-cannes.fr\/pharmacie\/supp\/meltamin\/#breadcrumb","itemListElement":[{"@type":"ListItem","position":1,"name":"Strona g\u0142\u00f3wna","item":"https:\/\/pharmacie-progres-cannes.fr\/pharmacie\/"},{"@type":"ListItem","position":2,"name":"farmaci","item":"https:\/\/pharmacie-progres-cannes.fr\/pharmacie\/"},{"@type":"ListItem","position":3,"name":"Meltamin"}]},{"@type":"WebSite","@id":"https:\/\/pharmacie-progres-cannes.fr\/pharmacie\/#website","url":"https:\/\/pharmacie-progres-cannes.fr\/pharmacie\/","name":"Pharmacie-Progres-Pannes","description":"","potentialAction":[{"@type":"SearchAction","target":{"@type":"EntryPoint","urlTemplate":"https:\/\/pharmacie-progres-cannes.fr\/pharmacie\/?s={search_term_string}"},"query-input":{"@type":"PropertyValueSpecification","valueRequired":true,"valueName":"search_term_string"}}],"inLanguage":"fr-FR"}]}},"_links":{"self":[{"href":"https:\/\/pharmacie-progres-cannes.fr\/pharmacie\/wp-json\/wp\/v2\/product\/4563","targetHints":{"allow":["GET"]}}],"collection":[{"href":"https:\/\/pharmacie-progres-cannes.fr\/pharmacie\/wp-json\/wp\/v2\/product"}],"about":[{"href":"https:\/\/pharmacie-progres-cannes.fr\/pharmacie\/wp-json\/wp\/v2\/types\/product"}],"replies":[{"embeddable":true,"href":"https:\/\/pharmacie-progres-cannes.fr\/pharmacie\/wp-json\/wp\/v2\/comments?post=4563"}],"wp:featuredmedia":[{"embeddable":true,"href":"https:\/\/pharmacie-progres-cannes.fr\/pharmacie\/wp-json\/wp\/v2\/media\/3999"}],"wp:attachment":[{"href":"https:\/\/pharmacie-progres-cannes.fr\/pharmacie\/wp-json\/wp\/v2\/media?parent=4563"}],"wp:term":[{"taxonomy":"product_brand","embeddable":true,"href":"https:\/\/pharmacie-progres-cannes.fr\/pharmacie\/wp-json\/wp\/v2\/product_brand?post=4563"},{"taxonomy":"product_cat","embeddable":true,"href":"https:\/\/pharmacie-progres-cannes.fr\/pharmacie\/wp-json\/wp\/v2\/product_cat?post=4563"},{"taxonomy":"product_tag","embeddable":true,"href":"https:\/\/pharmacie-progres-cannes.fr\/pharmacie\/wp-json\/wp\/v2\/product_tag?post=4563"}],"curies":[{"name":"wp","href":"https:\/\/api.w.org\/{rel}","templated":true}]}}