{"id":4531,"date":"2024-10-18T19:46:20","date_gmt":"2024-10-18T19:46:20","guid":{"rendered":"https:\/\/chirurgie-orthopedie-vannes.fr\/pharmacie\/?post_type=product&#038;p=4531"},"modified":"2025-03-09T11:25:59","modified_gmt":"2025-03-09T11:25:59","slug":"acai-berry-extreme","status":"publish","type":"product","link":"https:\/\/pharmacie-progres-cannes.fr\/pharmacie\/supp\/acai-berry-extreme\/","title":{"rendered":"Acai Berry Extreme"},"content":{"rendered":"\n<h2 class=\"wp-block-heading\">Qu&rsquo;est-ce que Acai Berry Extreme et comment fonctionne-t-il ?<\/h2>\n\n\n\n<p>Acai Berry Extreme est un <b>compl\u00e9ment alimentaire<\/b> dont l <em>&lsquo;action d&rsquo;Acai Berry Extreme<\/em> est bas\u00e9e sur des ingr\u00e9dients naturels, en particulier l&rsquo;extrait de baies d&rsquo;a\u00e7ai riche en nutriments. Le produit est con\u00e7u pour favoriser la perte de poids en acc\u00e9l\u00e9rant le m\u00e9tabolisme et en am\u00e9liorant le bien-\u00eatre g\u00e9n\u00e9ral.<\/p>\n\n\n\n<p><b>Comment fonctionne ce compl\u00e9ment<\/b>? L&rsquo;utilisation r\u00e9guli\u00e8re d&rsquo;Acai Berry Extreme peut contribuer \u00e0 la perte de poids, certains utilisateurs rapportant une perte de poids allant jusqu&rsquo;\u00e0 6 kg en quinze jours. Contenant 5 000 mg par g\u00e9lule, l&rsquo;extrait de baies d&rsquo;a\u00e7a\u00ef poss\u00e8de des propri\u00e9t\u00e9s qui acc\u00e9l\u00e8rent la combustion des graisses et augmentent la sensation de sati\u00e9t\u00e9. Gr\u00e2ce \u00e0 sa teneur \u00e9lev\u00e9e en fibres, la formule peut aider \u00e0 r\u00e9duire le grignotage, ce qui est important pour la perte de poids.<\/p>\n\n\n\n<p>En outre, le compl\u00e9ment soutient le m\u00e9tabolisme et peut conduire \u00e0 une r\u00e9duction de l&rsquo;inflammation dans le corps. Les antioxydants contenus dans le suppl\u00e9ment contribuent \u00e0 r\u00e9duire le taux de \u00ab\u00a0mauvais\u00a0\u00bb cholest\u00e9rol et \u00e0 lutter contre le stress oxydatif.<\/p>\n\n\n\n<p>Les b\u00e9n\u00e9ficiaires rapportent une vari\u00e9t\u00e9 d&rsquo;effets li\u00e9s \u00e0 l&rsquo;utilisation du produit, certains ressentant des changements positifs et d&rsquo;autres rapportant des effets secondaires mineurs tels que des maux de t\u00eate ou des vertiges. La posologie recommand\u00e9e est de 1 \u00e0 2 g\u00e9lules par jour, \u00e0 prendre de pr\u00e9f\u00e9rence avant les repas. Le <b>compl\u00e9ment alimentaire<\/b> Acai Berry Extreme est disponible en paquets de 60 g\u00e9lules, ce qui est suffisant pour un mois de traitement, mais la disponibilit\u00e9 peut \u00eatre limit\u00e9e dans les pharmacies stationnaires traditionnelles.<\/p>\n\n\n\n<h2 class=\"wp-block-heading\">Acai Berry Extreme &#8211; Effets de l&rsquo;utilisation<\/h2>\n\n\n\n<p>Les utilisateurs d&rsquo;Acai Berry Extreme rapportent une vari\u00e9t\u00e9 d&rsquo;<em>effets d&rsquo;application<\/em> qui contribuent au succ\u00e8s de la <em>perte de poids<\/em>. Tout d&rsquo;abord, ce compl\u00e9ment contient 5000 mg de l&rsquo;ingr\u00e9dient actif dans chaque comprim\u00e9, ce qui garantit un niveau d&rsquo;efficacit\u00e9 \u00e9lev\u00e9. Dans les enqu\u00eates, environ 90 % des clients \u00e9taient satisfaits des r\u00e9sultats du suppl\u00e9ment, ce qui d\u00e9montre sa grande popularit\u00e9 parmi les personnes qui souhaitent r\u00e9duire leur poids.<\/p>\n\n\n\n<p>La dur\u00e9e d&rsquo;utilisation recommand\u00e9e d&rsquo;Acai Berry Extreme est de 4 \u00e0 12 semaines, en fonction des besoins individuels. Les utilisateurs rapportent avoir pu perdre jusqu&rsquo;\u00e0 15 kg en un mois, un excellent r\u00e9sultat pour ceux qui recherchent un soutien efficace \u00e0 la perte de poids. Le produit est conditionn\u00e9 en paquets de 60 g\u00e9lules, soit une quantit\u00e9 suffisante pour un mois de traitement, ce qui en fait une solution pratique.<\/p>\n\n\n\n<p>De nombreux utilisateurs soulignent une augmentation de l&rsquo;\u00e9nergie et une am\u00e9lioration du bien-\u00eatre lors de la prise du compl\u00e9ment. La <b>formulation<\/b> naturelle <b>d&rsquo;Acai Berry Extreme<\/b>, qui comprend des baies d&rsquo;a\u00e7ai, du th\u00e9 vert et du guarana, minimise le risque d&rsquo;effets secondaires, ce qui est un avantage suppl\u00e9mentaire de ce produit. Le compl\u00e9ment convient aux personnes de plus de 18 ans, ce qui garantit son innocuit\u00e9 pour les adultes.<\/p>\n\n\n\n<figure class=\"wp-block-table\"><table class=\"has-fixed-layout\"><tbody><tr><th>Effets de l&rsquo;utilisation<\/th><th>Dur\u00e9e de traitement recommand\u00e9e<\/th><th>Perte de poids possible<\/th><th>Niveau de satisfaction des clients<\/th><\/tr><tr><td>Perte de poids, augmentation de l&rsquo;\u00e9nergie<\/td><td>4-12 semaines<\/td><td>Jusqu&rsquo;\u00e0 15 kg en un mois<\/td><td>90%<\/td><\/tr><\/tbody><\/table><\/figure>\n\n\n\n<h2 class=\"wp-block-heading\">Comment utiliser correctement Acai Berry Extreme &#8211; Dosage<\/h2>\n\n\n\n<p>Pour obtenir les meilleurs r\u00e9sultats avec Acai Berry Extreme, il est important de suivre les recommandations de dosage. Le fabricant recommande de prendre <em>2 comprim\u00e9s par jour<\/em>, de pr\u00e9f\u00e9rence pendant les repas. La consommation r\u00e9guli\u00e8re de ce compl\u00e9ment peut favoriser la perte de poids, ce qui est important pour les personnes souhaitant perdre du poids.<\/p>\n\n\n\n<p>De nombreuses personnes se demandent <em>comment utiliser<\/em> ce produit pour maximiser son potentiel. Voici quelques conseils sur le dosage correct d&rsquo;Acai Berry Extreme :<\/p>\n\n\n\n<ul class=\"wp-block-list\">\n<li>Prendre les comprim\u00e9s en compagnie d&rsquo;aliments pour am\u00e9liorer leur absorption.<\/li>\n\n\n\n<li>Maintenir une r\u00e9gularit\u00e9 dans l&rsquo;application quotidienne, ce qui favorise les r\u00e9sultats souhait\u00e9s.<\/li>\n\n\n\n<li>N&rsquo;oubliez pas de maintenir votre corps bien hydrat\u00e9, ce qui favorise les processus m\u00e9taboliques.<\/li>\n<\/ul>\n\n\n\n<p>Il est parfois possible de constater une perte de poids allant jusqu&rsquo;\u00e0 <em>12 kilos en trois mois<\/em> avec une utilisation r\u00e9guli\u00e8re du compl\u00e9ment. Veiller au bon <b>dosage d&rsquo;Acai Berry Extreme<\/b> est un \u00e9l\u00e9ment cl\u00e9 pour maintenir l&rsquo;\u00e9quilibre et des r\u00e9sultats favorables \u00e0 la perte de poids, tout en minimisant le risque d&rsquo;effet yo-yo.<\/p>\n\n\n\n<h2 class=\"wp-block-heading\">Acai Berry Extreme &#8211; Avis et critiques &#8211; Que disent les utilisateurs ?<\/h2>\n\n\n\n<p>Les utilisateurs d&rsquo;Acai Berry Extreme font part de leurs exp\u00e9riences positives avec le compl\u00e9ment. De nombreuses personnes remarquent une perte de poids significative en peu de temps, comme le montrent les <em>commentaires sur Acai Berry Extreme<\/em>. Par exemple, Ania, une cliente de 22 ans, a perdu en moyenne 11 kg en deux mois. Iwona, \u00e2g\u00e9e de 33 ans, a r\u00e9duit son poids de 8 kg apr\u00e8s un traitement de trois mois.<\/p>\n\n\n\n<p>Magda, une utilisatrice de 26 ans, a \u00e9galement partag\u00e9 ses r\u00e9sultats, qui indiquent une perte de poids de 15 kg sur plusieurs mois d&rsquo;utilisation. Ces r\u00e9sultats sont corrobor\u00e9s par les <em>avis des utilisateurs<\/em>, qui indiquent l&rsquo;absence d&rsquo;effets secondaires. En effet, 100 % des utilisateurs n&rsquo;ont signal\u00e9 aucun probl\u00e8me de sant\u00e9 li\u00e9 \u00e0 la prise du compl\u00e9ment.<\/p>\n\n\n\n<p>L&rsquo;extrait de baies d&rsquo;a\u00e7a\u00ef, principal ingr\u00e9dient d&rsquo;Acai Berry Extreme, poss\u00e8de des propri\u00e9t\u00e9s bien document\u00e9es en mati\u00e8re de perte de poids. Le compl\u00e9ment favorise la r\u00e9duction de l&rsquo;app\u00e9tit et l&rsquo;acc\u00e9l\u00e9ration du m\u00e9tabolisme. Les utilisateurs remarquent souvent une am\u00e9lioration de la sensation de bien-\u00eatre et une augmentation de l&rsquo;\u00e9nergie, ce qui favorise l&rsquo;activit\u00e9 quotidienne.<\/p>\n\n\n\n<p>La grande majorit\u00e9 des personnes qui utilisent Acai Berry Extreme remarquent une r\u00e9duction des fringales et un meilleur contr\u00f4le de l&rsquo;app\u00e9tit apr\u00e8s seulement une courte p\u00e9riode de suppl\u00e9mentation. Outre les avantages mesurables en termes de r\u00e9duction de poids, les clients appr\u00e9cient la facilit\u00e9 d&rsquo;utilisation des g\u00e9lules, qui peuvent \u00eatre prises quotidiennement, de pr\u00e9f\u00e9rence le matin avant le petit-d\u00e9jeuner.<\/p>\n\n\n\n<p>La popularit\u00e9 croissante d&rsquo;Acai Berry Extreme a \u00e9t\u00e9 observ\u00e9e sur divers forums en ligne consacr\u00e9s \u00e0 un mode de vie sain, o\u00f9 les utilisateurs sont d\u00e9sireux de partager leurs r\u00e9ussites et recherchent activement des promotions offrant des paquets suppl\u00e9mentaires \u00e0 l&rsquo;achat d&rsquo;une plus grande quantit\u00e9.<\/p>\n\n\n\n<h2 class=\"wp-block-heading\">Acai Berry Extreme &#8211; Composition<\/h2>\n\n\n\n<p><b>La composition d&rsquo;Acai Berry Extreme<\/b> est un \u00e9l\u00e9ment cl\u00e9 de son efficacit\u00e9. Cette formule contient de nombreux <em>ingr\u00e9dients actifs<\/em> pour soutenir la perte de poids et am\u00e9liorer le bien-\u00eatre des utilisateurs. Voici les \u00e9l\u00e9ments cl\u00e9s qui font la particularit\u00e9 de ce compl\u00e9ment :<\/p>\n\n\n\n<figure class=\"wp-block-table\"><table class=\"has-fixed-layout\"><tbody><tr><th>Composant<\/th><th>Description<\/th><\/tr><tr><td>Extrait de baies d&rsquo;a\u00e7ai<\/td><td>Une source d&rsquo;antioxydants puissants qui aident \u00e0 neutraliser les radicaux libres et \u00e0 favoriser la perte de poids.<\/td><\/tr><tr><td>Fibre<\/td><td>Il aide \u00e0 acc\u00e9l\u00e9rer le m\u00e9tabolisme et la digestion, ce qui peut contribuer \u00e0 la r\u00e9duction du poids.<\/td><\/tr><tr><td>Acides gras insatur\u00e9s (om\u00e9ga 3)<\/td><td>Responsable de la r\u00e9duction du taux de cholest\u00e9rol et de l&rsquo;am\u00e9lioration de la fonction cardiovasculaire.<\/td><\/tr><tr><td>Vitamine C<\/td><td>Il soutient le syst\u00e8me immunitaire et contribue \u00e0 une meilleure absorption du fer.<\/td><\/tr><tr><td>Extrait de th\u00e9 vert<\/td><td>Il contribue au processus de combustion des graisses et am\u00e9liore les performances de l&rsquo;organisme.<\/td><\/tr><\/tbody><\/table><\/figure>\n\n\n\n<p>Les utilisateurs peuvent profiter au maximum des avantages du compl\u00e9ment avec un minimum d&rsquo;effort. <em>La composition d&rsquo;Acai Berry Extreme<\/em> a \u00e9t\u00e9 soigneusement \u00e9labor\u00e9e pour favoriser la perte de poids et r\u00e9guler les niveaux de glucose dans le sang. En outre, le produit est exempt d&rsquo;effets secondaires, ce qui en fait un choix s\u00fbr pour les personnes soucieuses de leur sant\u00e9 et de leur silhouette. Nous vous encourageons \u00e0 lire la liste compl\u00e8te des ingr\u00e9dients actifs pour d\u00e9couvrir les avantages d&rsquo;une utilisation r\u00e9guli\u00e8re de ce produit.<\/p>\n\n\n\n<h2 class=\"wp-block-heading\">O\u00f9 acheter et quel est le prix d&rsquo;Acai Berry Extreme ?<\/h2>\n\n\n\n<p>Acai Berry Extreme ne peut \u00eatre achet\u00e9 que sur <em>le site officiel du fabricant<\/em>. Ce mode d&rsquo;achat garantit la s\u00e9curit\u00e9 et l&rsquo;authenticit\u00e9 du compl\u00e9ment. Le fabricant propose diverses promotions qui peuvent r\u00e9duire le co\u00fbt d&rsquo;achat jusqu&rsquo;\u00e0 50 %. Il vaut la peine de pr\u00eater attention \u00e0 ces offres afin de b\u00e9n\u00e9ficier des conditions d&rsquo;achat les plus favorables. <em>O\u00f9 acheter Acai Berry Extreme<\/em> peut devenir une question importante, surtout en raison de la forte demande qui entra\u00eene parfois des difficult\u00e9s dans la disponibilit\u00e9 du produit.<\/p>\n\n\n\n<p>Chaque g\u00e9lule d&rsquo;Acai Berry Extreme contient 5 000 mg de baies d&rsquo;a\u00e7ai, qui favorisent les processus digestifs et peuvent contribuer \u00e0 la perte de poids. Les utilisateurs font \u00e9tat de r\u00e9sultats significatifs, des \u00e9tudes ayant montr\u00e9 que 98 % des femmes en surpoids ont perdu entre 10 et 12 kilos en 30 jours. Cela ne fait que prouver l&rsquo;efficacit\u00e9 du compl\u00e9ment, dont <b>le prix<\/b> semble raisonnable au regard des r\u00e9sultats obtenus.<\/p>\n\n\n\n<h2 class=\"wp-block-heading\">Acai Berry Extreme &#8211; Effets secondaires et contre-indications<\/h2>\n\n\n\n<p>Acai Berry Extreme, malgr\u00e9 sa composition naturelle, peut provoquer quelques effets secondaires. Certains utilisateurs ont signal\u00e9 des probl\u00e8mes digestifs tels que des ballonnements, en particulier lors de l&rsquo;utilisation du compl\u00e9ment \u00e0 des doses \u00e9lev\u00e9es. Toutefois, il convient de noter que les tests effectu\u00e9s jusqu&rsquo;\u00e0 pr\u00e9sent n&rsquo;ont pas r\u00e9v\u00e9l\u00e9 d&rsquo;effets secondaires graves, ce qui peut \u00eatre attribu\u00e9 \u00e0 ses ingr\u00e9dients soigneusement s\u00e9lectionn\u00e9s.<\/p>\n\n\n\n<p>Les contre-indications \u00e0 l&rsquo;utilisation d&rsquo;Acai Berry Extreme comprennent les personnes allergiques \u00e0 l&rsquo;un des ingr\u00e9dients du produit. En outre, les femmes enceintes et les femmes qui allaitent devraient \u00e9viter de l&rsquo;utiliser. Il est \u00e9galement recommand\u00e9 aux personnes ayant d\u00e9j\u00e0 des probl\u00e8mes de sant\u00e9 de consulter un m\u00e9decin avant de commencer la suppl\u00e9mentation.<\/p>\n\n\n\n<p>Bien qu&rsquo;Acai Berry Extreme puisse favoriser la perte de poids et am\u00e9liorer le m\u00e9tabolisme, il ne doit pas \u00eatre consid\u00e9r\u00e9 comme un substitut \u00e0 un r\u00e9gime alimentaire vari\u00e9. Une utilisation r\u00e9guli\u00e8re et le respect strict des recommandations de dosage sont essentiels pour obtenir les r\u00e9sultats souhait\u00e9s, ce qui minimise \u00e9galement le risque d&rsquo;effets secondaires d&rsquo;Acai Berry Extreme.<\/p>\n","protected":false},"excerpt":{"rendered":"<p><strong>[date_countdown]<\/strong><\/p>\n<p><img decoding=\"async\" class=\"alignnone  wp-image-8427\" src=\"https:\/\/pharmacie-progres-cannes.fr\/pharmacie\/wp-content\/uploads\/2024\/10\/SAFE-PAY-300x88-1.png\" alt=\"SAFE-PAY-300x88\" width=\"164\" height=\"48\" \/><\/p>\n","protected":false},"featured_media":4534,"comment_status":"open","ping_status":"closed","template":"","meta":{"neve_meta_sidebar":"","neve_meta_container":"","neve_meta_enable_content_width":"","neve_meta_content_width":0,"neve_meta_title_alignment":"","neve_meta_author_avatar":"","neve_post_elements_order":"","neve_meta_disable_header":"","neve_meta_disable_footer":"","neve_meta_disable_title":"","neve_meta_reading_time":""},"product_brand":[],"product_cat":[15],"product_tag":[],"class_list":{"0":"post-4531","1":"product","2":"type-product","3":"status-publish","4":"has-post-thumbnail","6":"product_cat-perte-de-poids","8":"first","9":"instock","10":"sale","11":"shipping-taxable","12":"product-type-external"},"yoast_head":"<!-- This site is optimized with the Yoast SEO plugin v27.4 - https:\/\/yoast.com\/product\/yoast-seo-wordpress\/ -->\n<title>Acai Berry Extreme - Avis, Forum, Pharmacie, Effets, Prix -50% | Pharmacie-Progres-Pannes<\/title>\n<meta name=\"robots\" content=\"index, follow, max-snippet:-1, max-image-preview:large, max-video-preview:-1\" \/>\n<link rel=\"canonical\" href=\"https:\/\/pharmacie-progres-cannes.fr\/pharmacie\/supp\/acai-berry-extreme\/\" \/>\n<meta property=\"og:locale\" content=\"fr_FR\" \/>\n<meta property=\"og:type\" content=\"article\" \/>\n<meta property=\"og:title\" content=\"Acai Berry Extreme - Avis, Forum, Pharmacie, Effets, Prix -50% | Pharmacie-Progres-Pannes\" \/>\n<meta property=\"og:url\" content=\"https:\/\/pharmacie-progres-cannes.fr\/pharmacie\/supp\/acai-berry-extreme\/\" \/>\n<meta property=\"og:site_name\" content=\"Pharmacie-Progres-Pannes\" \/>\n<meta property=\"article:modified_time\" content=\"2025-03-09T11:25:59+00:00\" \/>\n<meta property=\"og:image\" content=\"https:\/\/pharmacie-progres-cannes.fr\/pharmacie\/wp-content\/uploads\/2024\/10\/Acai-Berry-Extreme.jpg\" \/>\n\t<meta property=\"og:image:width\" content=\"768\" \/>\n\t<meta property=\"og:image:height\" content=\"768\" \/>\n\t<meta property=\"og:image:type\" content=\"image\/jpeg\" \/>\n<meta name=\"twitter:card\" content=\"summary_large_image\" \/>\n<meta name=\"twitter:description\" content=\"[date_countdown]\" \/>\n<meta name=\"twitter:label1\" content=\"Dur\u00e9e de lecture estim\u00e9e\" \/>\n\t<meta name=\"twitter:data1\" content=\"1 minute\" \/>\n<script type=\"application\/ld+json\" class=\"yoast-schema-graph\">{\"@context\":\"https:\\\/\\\/schema.org\",\"@graph\":[{\"@type\":\"WebPage\",\"@id\":\"https:\\\/\\\/pharmacie-progres-cannes.fr\\\/pharmacie\\\/supp\\\/acai-berry-extreme\\\/\",\"url\":\"https:\\\/\\\/pharmacie-progres-cannes.fr\\\/pharmacie\\\/supp\\\/acai-berry-extreme\\\/\",\"name\":\"Acai Berry Extreme - Avis, Forum, Pharmacie, Effets, Prix -50% | Pharmacie-Progres-Pannes\",\"isPartOf\":{\"@id\":\"https:\\\/\\\/pharmacie-progres-cannes.fr\\\/pharmacie\\\/#website\"},\"primaryImageOfPage\":{\"@id\":\"https:\\\/\\\/pharmacie-progres-cannes.fr\\\/pharmacie\\\/supp\\\/acai-berry-extreme\\\/#primaryimage\"},\"image\":{\"@id\":\"https:\\\/\\\/pharmacie-progres-cannes.fr\\\/pharmacie\\\/supp\\\/acai-berry-extreme\\\/#primaryimage\"},\"thumbnailUrl\":\"https:\\\/\\\/pharmacie-progres-cannes.fr\\\/pharmacie\\\/wp-content\\\/uploads\\\/2024\\\/10\\\/Acai-Berry-Extreme.jpg\",\"datePublished\":\"2024-10-18T19:46:20+00:00\",\"dateModified\":\"2025-03-09T11:25:59+00:00\",\"breadcrumb\":{\"@id\":\"https:\\\/\\\/pharmacie-progres-cannes.fr\\\/pharmacie\\\/supp\\\/acai-berry-extreme\\\/#breadcrumb\"},\"inLanguage\":\"fr-FR\",\"potentialAction\":[{\"@type\":\"ReadAction\",\"target\":[\"https:\\\/\\\/pharmacie-progres-cannes.fr\\\/pharmacie\\\/supp\\\/acai-berry-extreme\\\/\"]}]},{\"@type\":\"ImageObject\",\"inLanguage\":\"fr-FR\",\"@id\":\"https:\\\/\\\/pharmacie-progres-cannes.fr\\\/pharmacie\\\/supp\\\/acai-berry-extreme\\\/#primaryimage\",\"url\":\"https:\\\/\\\/pharmacie-progres-cannes.fr\\\/pharmacie\\\/wp-content\\\/uploads\\\/2024\\\/10\\\/Acai-Berry-Extreme.jpg\",\"contentUrl\":\"https:\\\/\\\/pharmacie-progres-cannes.fr\\\/pharmacie\\\/wp-content\\\/uploads\\\/2024\\\/10\\\/Acai-Berry-Extreme.jpg\",\"width\":768,\"height\":768},{\"@type\":\"BreadcrumbList\",\"@id\":\"https:\\\/\\\/pharmacie-progres-cannes.fr\\\/pharmacie\\\/supp\\\/acai-berry-extreme\\\/#breadcrumb\",\"itemListElement\":[{\"@type\":\"ListItem\",\"position\":1,\"name\":\"Strona g\u0142\u00f3wna\",\"item\":\"https:\\\/\\\/pharmacie-progres-cannes.fr\\\/pharmacie\\\/\"},{\"@type\":\"ListItem\",\"position\":2,\"name\":\"farmaci\",\"item\":\"https:\\\/\\\/pharmacie-progres-cannes.fr\\\/pharmacie\\\/\"},{\"@type\":\"ListItem\",\"position\":3,\"name\":\"Acai Berry Extreme\"}]},{\"@type\":\"WebSite\",\"@id\":\"https:\\\/\\\/pharmacie-progres-cannes.fr\\\/pharmacie\\\/#website\",\"url\":\"https:\\\/\\\/pharmacie-progres-cannes.fr\\\/pharmacie\\\/\",\"name\":\"Pharmacie-Progres-Pannes\",\"description\":\"\",\"potentialAction\":[{\"@type\":\"SearchAction\",\"target\":{\"@type\":\"EntryPoint\",\"urlTemplate\":\"https:\\\/\\\/pharmacie-progres-cannes.fr\\\/pharmacie\\\/?s={search_term_string}\"},\"query-input\":{\"@type\":\"PropertyValueSpecification\",\"valueRequired\":true,\"valueName\":\"search_term_string\"}}],\"inLanguage\":\"fr-FR\"}]}<\/script>\n<!-- \/ Yoast SEO plugin. -->","yoast_head_json":{"title":"Acai Berry Extreme - Avis, Forum, Pharmacie, Effets, Prix -50% | Pharmacie-Progres-Pannes","robots":{"index":"index","follow":"follow","max-snippet":"max-snippet:-1","max-image-preview":"max-image-preview:large","max-video-preview":"max-video-preview:-1"},"canonical":"https:\/\/pharmacie-progres-cannes.fr\/pharmacie\/supp\/acai-berry-extreme\/","og_locale":"fr_FR","og_type":"article","og_title":"Acai Berry Extreme - Avis, Forum, Pharmacie, Effets, Prix -50% | Pharmacie-Progres-Pannes","og_url":"https:\/\/pharmacie-progres-cannes.fr\/pharmacie\/supp\/acai-berry-extreme\/","og_site_name":"Pharmacie-Progres-Pannes","article_modified_time":"2025-03-09T11:25:59+00:00","og_image":[{"width":768,"height":768,"url":"https:\/\/pharmacie-progres-cannes.fr\/pharmacie\/wp-content\/uploads\/2024\/10\/Acai-Berry-Extreme.jpg","type":"image\/jpeg"}],"twitter_card":"summary_large_image","twitter_description":"[date_countdown]","twitter_misc":{"Dur\u00e9e de lecture estim\u00e9e":"1 minute"},"schema":{"@context":"https:\/\/schema.org","@graph":[{"@type":"WebPage","@id":"https:\/\/pharmacie-progres-cannes.fr\/pharmacie\/supp\/acai-berry-extreme\/","url":"https:\/\/pharmacie-progres-cannes.fr\/pharmacie\/supp\/acai-berry-extreme\/","name":"Acai Berry Extreme - Avis, Forum, Pharmacie, Effets, Prix -50% | Pharmacie-Progres-Pannes","isPartOf":{"@id":"https:\/\/pharmacie-progres-cannes.fr\/pharmacie\/#website"},"primaryImageOfPage":{"@id":"https:\/\/pharmacie-progres-cannes.fr\/pharmacie\/supp\/acai-berry-extreme\/#primaryimage"},"image":{"@id":"https:\/\/pharmacie-progres-cannes.fr\/pharmacie\/supp\/acai-berry-extreme\/#primaryimage"},"thumbnailUrl":"https:\/\/pharmacie-progres-cannes.fr\/pharmacie\/wp-content\/uploads\/2024\/10\/Acai-Berry-Extreme.jpg","datePublished":"2024-10-18T19:46:20+00:00","dateModified":"2025-03-09T11:25:59+00:00","breadcrumb":{"@id":"https:\/\/pharmacie-progres-cannes.fr\/pharmacie\/supp\/acai-berry-extreme\/#breadcrumb"},"inLanguage":"fr-FR","potentialAction":[{"@type":"ReadAction","target":["https:\/\/pharmacie-progres-cannes.fr\/pharmacie\/supp\/acai-berry-extreme\/"]}]},{"@type":"ImageObject","inLanguage":"fr-FR","@id":"https:\/\/pharmacie-progres-cannes.fr\/pharmacie\/supp\/acai-berry-extreme\/#primaryimage","url":"https:\/\/pharmacie-progres-cannes.fr\/pharmacie\/wp-content\/uploads\/2024\/10\/Acai-Berry-Extreme.jpg","contentUrl":"https:\/\/pharmacie-progres-cannes.fr\/pharmacie\/wp-content\/uploads\/2024\/10\/Acai-Berry-Extreme.jpg","width":768,"height":768},{"@type":"BreadcrumbList","@id":"https:\/\/pharmacie-progres-cannes.fr\/pharmacie\/supp\/acai-berry-extreme\/#breadcrumb","itemListElement":[{"@type":"ListItem","position":1,"name":"Strona g\u0142\u00f3wna","item":"https:\/\/pharmacie-progres-cannes.fr\/pharmacie\/"},{"@type":"ListItem","position":2,"name":"farmaci","item":"https:\/\/pharmacie-progres-cannes.fr\/pharmacie\/"},{"@type":"ListItem","position":3,"name":"Acai Berry Extreme"}]},{"@type":"WebSite","@id":"https:\/\/pharmacie-progres-cannes.fr\/pharmacie\/#website","url":"https:\/\/pharmacie-progres-cannes.fr\/pharmacie\/","name":"Pharmacie-Progres-Pannes","description":"","potentialAction":[{"@type":"SearchAction","target":{"@type":"EntryPoint","urlTemplate":"https:\/\/pharmacie-progres-cannes.fr\/pharmacie\/?s={search_term_string}"},"query-input":{"@type":"PropertyValueSpecification","valueRequired":true,"valueName":"search_term_string"}}],"inLanguage":"fr-FR"}]}},"_links":{"self":[{"href":"https:\/\/pharmacie-progres-cannes.fr\/pharmacie\/wp-json\/wp\/v2\/product\/4531","targetHints":{"allow":["GET"]}}],"collection":[{"href":"https:\/\/pharmacie-progres-cannes.fr\/pharmacie\/wp-json\/wp\/v2\/product"}],"about":[{"href":"https:\/\/pharmacie-progres-cannes.fr\/pharmacie\/wp-json\/wp\/v2\/types\/product"}],"replies":[{"embeddable":true,"href":"https:\/\/pharmacie-progres-cannes.fr\/pharmacie\/wp-json\/wp\/v2\/comments?post=4531"}],"wp:featuredmedia":[{"embeddable":true,"href":"https:\/\/pharmacie-progres-cannes.fr\/pharmacie\/wp-json\/wp\/v2\/media\/4534"}],"wp:attachment":[{"href":"https:\/\/pharmacie-progres-cannes.fr\/pharmacie\/wp-json\/wp\/v2\/media?parent=4531"}],"wp:term":[{"taxonomy":"product_brand","embeddable":true,"href":"https:\/\/pharmacie-progres-cannes.fr\/pharmacie\/wp-json\/wp\/v2\/product_brand?post=4531"},{"taxonomy":"product_cat","embeddable":true,"href":"https:\/\/pharmacie-progres-cannes.fr\/pharmacie\/wp-json\/wp\/v2\/product_cat?post=4531"},{"taxonomy":"product_tag","embeddable":true,"href":"https:\/\/pharmacie-progres-cannes.fr\/pharmacie\/wp-json\/wp\/v2\/product_tag?post=4531"}],"curies":[{"name":"wp","href":"https:\/\/api.w.org\/{rel}","templated":true}]}}