{"id":4488,"date":"2024-10-18T19:46:05","date_gmt":"2024-10-18T19:46:05","guid":{"rendered":"https:\/\/chirurgie-orthopedie-vannes.fr\/pharmacie\/?post_type=product&#038;p=4488"},"modified":"2025-03-17T17:04:07","modified_gmt":"2025-03-17T17:04:07","slug":"hugeeffect","status":"publish","type":"product","link":"https:\/\/pharmacie-progres-cannes.fr\/pharmacie\/supp\/hugeeffect\/","title":{"rendered":"HugeEffect"},"content":{"rendered":"\n<h2 class=\"wp-block-heading\">Qu&rsquo;est-ce que HugeEffect et comment fonctionne-t-il ?<\/h2>\n\n\n\n<p>HugeEffect est un <b>compl\u00e9ment alimentaire<\/b> innovant con\u00e7u pour favoriser la prise de masse musculaire. Son <b>action<\/b> est bas\u00e9e sur l&rsquo;augmentation de la synth\u00e8se des prot\u00e9ines et le soutien des processus anaboliques dans l&rsquo;organisme. Des ingr\u00e9dients cl\u00e9s tels que la L-arginine et le ginseng contribuent \u00e0 am\u00e9liorer le m\u00e9tabolisme et l&rsquo;efficacit\u00e9 de l&rsquo;entra\u00eenement.<\/p>\n\n\n\n<p>L&rsquo;<b>utilisation<\/b> r\u00e9guli\u00e8re de HugeEffect peut influencer la r\u00e9cup\u00e9ration musculaire apr\u00e8s un exercice intense. Les acides amin\u00e9s contenus <b>dans<\/b> ce suppl\u00e9ment favorisent la reconstruction des fibres musculaires, ce qui permet d&rsquo;obtenir des r\u00e9sultats satisfaisants en mati\u00e8re de prise de masse. En outre, les prot\u00e9ines de haute qualit\u00e9 fournies par HugeEffect sont essentielles \u00e0 la construction de la masse musculaire.<\/p>\n\n\n\n<p>Les utilisateurs appr\u00e9cient \u00e9galement l&rsquo;am\u00e9lioration des performances, qui peut se traduire par de meilleurs r\u00e9sultats lors des entra\u00eenements quotidiens. HugeEffect constitue une base solide pour ceux qui souhaitent atteindre leurs objectifs en mati\u00e8re de musculation et d&rsquo;athl\u00e9tisme.<\/p>\n\n\n\n<h2 class=\"wp-block-heading\">Quels sont les effets de l&rsquo;utilisation de HugeEffect ?<\/h2>\n\n\n\n<p>L&rsquo;<b>utilisation<\/b> r\u00e9guli\u00e8re de HugeEffect a un certain nombre d&rsquo;effets notables pour ceux qui cherchent \u00e0 am\u00e9liorer leurs performances d&rsquo;entra\u00eenement. Les utilisateurs signalent souvent une augmentation de la masse musculaire, ce qui am\u00e9liore directement les performances athl\u00e9tiques. Les <b>effets<\/b> comprennent \u00e9galement une am\u00e9lioration des performances, ce qui permet des s\u00e9ances d&rsquo;entra\u00eenement plus longues et plus intenses.<\/p>\n\n\n\n<p>Gr\u00e2ce aux propri\u00e9t\u00e9s r\u00e9g\u00e9n\u00e9ratrices de HugeEffect, le processus de r\u00e9cup\u00e9ration apr\u00e8s l&rsquo;exercice devient plus efficace, ce qui est extr\u00eamement important pour ceux qui s&rsquo;entra\u00eenent r\u00e9guli\u00e8rement. <b>Le compl\u00e9ment<\/b> ne favorise pas seulement la <b>prise de masse musculaire<\/b>, mais contribue \u00e9galement \u00e0 l&rsquo;am\u00e9lioration globale de la sant\u00e9 et de la forme physique. Les utilisateurs appr\u00e9cient son <b>action<\/b>, qui les aide \u00e0 atteindre la forme physique de leurs r\u00eaves.<\/p>\n\n\n\n<p>Les effets de HugeEffect sont visibles d\u00e8s quelques semaines, comme le confirment les nombreuses <b>critiques<\/b> positives. L&rsquo;augmentation de l&rsquo;\u00e9nergie et du bien-\u00eatre est un autre aspect qui contribue \u00e0 la motivation \u00e0 s&rsquo;entra\u00eener r\u00e9guli\u00e8rement. Les personnes qui prennent ce <b>compl\u00e9ment<\/b> ne remarquent pas seulement des changements physiques, mais aussi une augmentation de la confiance en soi, ce qui les motive encore plus \u00e0 continuer \u00e0 travailler sur eux-m\u00eames.<\/p>\n\n\n\n<h2 class=\"wp-block-heading\">Comment utiliser HugeEffect &#8211; Mode d&#8217;emploi et posologie<\/h2>\n\n\n\n<p>L<b>&lsquo;utilisation de<\/b> HugeEffect doit se faire conform\u00e9ment aux instructions figurant sur l&#8217;emballage. <b>Le dosage de<\/b> ce suppl\u00e9ment d\u00e9pend des besoins individuels de l&rsquo;utilisateur, mais il est g\u00e9n\u00e9ralement recommand\u00e9 de prendre un comprim\u00e9 \u00e0 jeun, environ 20 \u00e0 25 minutes avant l&rsquo;activit\u00e9 sexuelle pr\u00e9vue. Il est important de ne pas d\u00e9passer la dose maximale, qui est de deux comprim\u00e9s par jour, afin d&rsquo;\u00e9viter d&rsquo;\u00e9ventuels probl\u00e8mes d&rsquo;\u00e9rection.<\/p>\n\n\n\n<p>Con\u00e7u pour les hommes, ce <b>compl\u00e9ment<\/b> soutient particuli\u00e8rement la fonction sexuelle et la libido. Pour obtenir les meilleurs r\u00e9sultats, il est \u00e9galement important d&rsquo;adapter son alimentation afin qu&rsquo;elle soit riche en prot\u00e9ines. La consommation de HugeEffect avec des quantit\u00e9s suffisantes d&rsquo;eau am\u00e9liore son absorption, ce qui favorise l&rsquo;action efficace des principes actifs.<\/p>\n\n\n\n<p><b>Les commentaires des<\/b> utilisateurs soulignent l&rsquo;exp\u00e9rience positive de ce suppl\u00e9ment, qui offre un bon rapport qualit\u00e9-prix et une composition naturelle. Il est toujours conseill\u00e9 de consulter son m\u00e9decin avant de prendre HugeEffect afin de s&rsquo;assurer qu&rsquo;il n&rsquo;y a pas de contre-indications.<\/p>\n\n\n\n<h2 class=\"wp-block-heading\">Commentaires et r\u00e9actions sur HugeEffect<\/h2>\n\n\n\n<p>Les avis sur HugeEffect sont tr\u00e8s largement positifs, comme en t\u00e9moigne l&rsquo;<b>exp\u00e9rience des utilisateurs<\/b>. Le compl\u00e9ment a obtenu une note moyenne de 5 \u00e9toiles (\u2b50\u2b50\u2b50\u2b50\u2b50), ce qui d\u00e9montre son efficacit\u00e9. De nombreuses personnes font l&rsquo;\u00e9loge du produit pour l&rsquo;am\u00e9lioration de leurs performances en salle de sport et la <b>prise de masse musculaire<\/b>. Les utilisateurs appr\u00e9cient particuli\u00e8rement sa <b>composition<\/b> naturelle et le faible risque d&rsquo;effets secondaires.<\/p>\n\n\n\n<p>Les avis sont souvent enthousiastes. Par exemple, un utilisateur note que \u00ab\u00a0HugeEffect est un excellent compl\u00e9ment qui m&rsquo;a aid\u00e9 \u00e0 r\u00e9cup\u00e9rer plus rapidement apr\u00e8s les s\u00e9ances d&rsquo;entra\u00eenement\u00a0\u00bb. Un autre utilisateur souligne l&rsquo;effet du compl\u00e9ment sur l&rsquo;am\u00e9lioration de la qualit\u00e9 des \u00e9rections, ce qui a eu un impact significatif sur sa vie sexuelle. Des ingr\u00e9dients actifs comme la L-arginine et l&rsquo;extrait de palmier sabal sont souvent cit\u00e9s comme des \u00e9l\u00e9ments cl\u00e9s de l&rsquo;am\u00e9lioration des performances sexuelles.<\/p>\n\n\n\n<p>Le compl\u00e9ment est particuli\u00e8rement recommand\u00e9 pour les hommes ayant des probl\u00e8mes de libido et de d\u00e9sir sexuel. Une utilisation r\u00e9guli\u00e8re est essentielle pour obtenir des effets positifs. De nombreux utilisateurs constatent une am\u00e9lioration de leur humeur et de leur \u00e9tat g\u00e9n\u00e9ral avec HugeEffect. En fin de compte, les <b>commentaires<\/b> confirment que le suppl\u00e9ment devient de plus en plus populaire aupr\u00e8s des personnes physiquement actives qui recherchent un soutien pour gagner de la masse musculaire et am\u00e9liorer leurs performances athl\u00e9tiques.<\/p>\n\n\n\n<figure class=\"wp-block-table\"><table class=\"has-fixed-layout\"><tbody><tr><th>Aspect<\/th><th>Revue des utilisateurs<\/th><\/tr><tr><td>\u00c9valuation globale<\/td><td>\u2b50\u2b50\u2b50\u2b50\u2b50<\/td><\/tr><tr><td>Ingr\u00e9dients actifs<\/td><td>L-arginine, ginseng, extrait de palmier sabal<\/td><\/tr><tr><td>Effet sur la r\u00e9g\u00e9n\u00e9ration<\/td><td>Am\u00e9lioration de la vitesse de r\u00e9cup\u00e9ration<\/td><\/tr><tr><td>Am\u00e9lioration de la libido<\/td><td>Oui, signal\u00e9 par de nombreux utilisateurs<\/td><\/tr><tr><td><b>S\u00e9curit\u00e9<\/b><\/td><td><b>Effets secondaires<\/b> rares<\/td><\/tr><\/tbody><\/table><\/figure>\n\n\n\n<h2 class=\"wp-block-heading\">HugeEffect &#8211; Composition &#8211; Analyse des ingr\u00e9dients<\/h2>\n\n\n\n<p>Le compl\u00e9ment HugeEffect se caract\u00e9rise par sa composition soigneusement s\u00e9lectionn\u00e9e, qui comprend une s\u00e9rie d&rsquo;ingr\u00e9dients actifs qui soutiennent le processus de construction de la masse musculaire. Sa formulation inclut des acides amin\u00e9s \u00e0 cha\u00eene ramifi\u00e9e (BCAA), en particulier la leucine, connue pour ses propri\u00e9t\u00e9s anabolisantes, importantes pour l&rsquo;entra\u00eenement intensif et la r\u00e9g\u00e9n\u00e9ration musculaire.<\/p>\n\n\n\n<p>Des vitamines et des min\u00e9raux sont \u00e9galement pr\u00e9sents dans la formulation de HugeEffect pour aider \u00e0 am\u00e9liorer les performances globales. Gr\u00e2ce \u00e0 une analyse minutieuse des ingr\u00e9dients, il est facile de comprendre comment leur <b>action<\/b> synergique soutient les objectifs sportifs des utilisateurs de ce suppl\u00e9ment.<\/p>\n\n\n\n<figure class=\"wp-block-table\"><table class=\"has-fixed-layout\"><tbody><tr><th>Composant<\/th><th>Fonction<\/th><\/tr><tr><td>Acides amin\u00e9s BCAA<\/td><td>Favorise la r\u00e9g\u00e9n\u00e9ration musculaire et r\u00e9duit le catabolisme<\/td><\/tr><tr><td>Leucine<\/td><td>Acc\u00e9l\u00e8re les processus anaboliques, essentiels \u00e0 la construction musculaire<\/td><\/tr><tr><td>Vitamine D<\/td><td>Favorise l&rsquo;absorption du calcium et am\u00e9liore la fonction musculaire<\/td><\/tr><tr><td>Zinc<\/td><td>Favorise la production de testost\u00e9rone et am\u00e9liore l&rsquo;immunit\u00e9<\/td><\/tr><tr><td>Vitamine B6<\/td><td>Facilite le m\u00e9tabolisme des prot\u00e9ines et la production d&rsquo;\u00e9nergie<\/td><\/tr><\/tbody><\/table><\/figure>\n\n\n\n<p>L&rsquo;utilisation r\u00e9guli\u00e8re du suppl\u00e9ment HugeEffect peut contribuer \u00e0 augmenter les performances d&rsquo;entra\u00eenement, ses ingr\u00e9dients actifs jouant un r\u00f4le cl\u00e9 dans l&rsquo;am\u00e9lioration des performances et de l&rsquo;efficacit\u00e9 pendant les s\u00e9ances d&rsquo;entra\u00eenement intenses.<\/p>\n\n\n\n<h2 class=\"wp-block-heading\">O\u00f9 acheter et combien co\u00fbte HugeEffect &#8211; prix<\/h2>\n\n\n\n<p>HugeEffect est uniquement disponible sur le site officiel du fabricant, ce qui garantit la plus haute qualit\u00e9 et l&rsquo;authenticit\u00e9 du produit. <b>O\u00f9 acheter<\/b> ce suppl\u00e9ment ? L&rsquo;achat dans la boutique en ligne officielle est le seul moyen s\u00fbr d&rsquo;acheter le v\u00e9ritable HugeEffect. De cette fa\u00e7on, les utilisateurs peuvent \u00eatre s\u00fbrs qu&rsquo;ils obtiennent un produit s\u00fbr pour la sant\u00e9 avec un service apr\u00e8s-vente garanti.<\/p>\n\n\n\n<p><b>Le prix de<\/b> HugeEffect peut varier en fonction des promotions en cours. Il vaut la peine de consulter r\u00e9guli\u00e8rement le site web du fabricant pour profiter d&rsquo;\u00e9ventuelles r\u00e9ductions et promotions. Ce n&rsquo;est qu&rsquo;\u00e0 cet endroit que vous trouverez des offres r\u00e9elles qui vous garantiront des conditions d&rsquo;achat avantageuses.<\/p>\n\n\n\n<p>Lorsque vous d\u00e9cidez d&rsquo;acheter HugeEffect, il vaut la peine d&rsquo;\u00e9viter les offres provenant d&rsquo;autres sources qui ne garantissent pas l&rsquo;originalit\u00e9 du produit. En soutenant un fabricant officiel, vous investissez dans votre sant\u00e9 et dans l&rsquo;am\u00e9lioration de vos performances sexuelles.<\/p>\n\n\n\n<h2 class=\"wp-block-heading\">Effets secondaires potentiels et contre-indications de HugeEffect<\/h2>\n\n\n\n<p>Le suppl\u00e9ment HugeEffect, bien que largement consid\u00e9r\u00e9 comme s\u00fbr, peut provoquer certains <strong>effets secondaires<\/strong>, en particulier chez les personnes sensibles \u00e0 ses ingr\u00e9dients. Les plaintes signal\u00e9es comprennent des douleurs abdominales et des r\u00e9actions allergiques occasionnelles. Dans la plupart des cas, ces sympt\u00f4mes sont l\u00e9gers et disparaissent rapidement \u00e0 l&rsquo;arr\u00eat du traitement.<\/p>\n\n\n\n<p>Il convient \u00e9galement de noter <strong>les contre-indications<\/strong> qui s&rsquo;appliquent aux personnes souffrant de maladies cardiaques, d&rsquo;insuffisance r\u00e9nale, de troubles gastro-intestinaux et d&rsquo;allergies \u00e0 des composants sp\u00e9cifiques de la pr\u00e9paration. Les femmes enceintes et allaitantes doivent \u00e9galement demander l&rsquo;avis d&rsquo;un m\u00e9decin avant de commencer le traitement. La <b>s\u00e9curit\u00e9<\/b> lors de l&rsquo;utilisation de HugeEffect est donc cruciale.<\/p>\n\n\n\n<p>Avant de commencer la suppl\u00e9mentation, les utilisateurs doivent toujours lire attentivement la notice et consulter leur m\u00e9decin en cas de doute. L&rsquo;utilisation du produit selon les recommandations, comme la prise de la g\u00e9lule environ 30 minutes avant l&rsquo;activit\u00e9 sexuelle pr\u00e9vue, peut contribuer \u00e0 de meilleurs r\u00e9sultats avec un risque minimal d&rsquo;<strong>effets secondaires<\/strong>.<\/p>\n","protected":false},"excerpt":{"rendered":"<p><strong>[date_countdown]<\/strong><\/p>\n<p><img decoding=\"async\" class=\"alignnone  wp-image-8427\" src=\"https:\/\/pharmacie-progres-cannes.fr\/pharmacie\/wp-content\/uploads\/2024\/10\/SAFE-PAY-300x88-1.png\" alt=\"SAFE-PAY-300x88\" width=\"164\" height=\"48\" \/><\/p>\n","protected":false},"featured_media":3914,"comment_status":"open","ping_status":"closed","template":"","meta":{"neve_meta_sidebar":"","neve_meta_container":"","neve_meta_enable_content_width":"","neve_meta_content_width":0,"neve_meta_title_alignment":"","neve_meta_author_avatar":"","neve_post_elements_order":"","neve_meta_disable_header":"","neve_meta_disable_footer":"","neve_meta_disable_title":"","neve_meta_reading_time":""},"product_brand":[],"product_cat":[16],"product_tag":[],"class_list":{"0":"post-4488","1":"product","2":"type-product","3":"status-publish","4":"has-post-thumbnail","6":"product_cat-sante-sexuelle","8":"first","9":"instock","10":"sale","11":"shipping-taxable","12":"product-type-external"},"yoast_head":"<!-- This site is optimized with the Yoast SEO plugin v27.3 - https:\/\/yoast.com\/product\/yoast-seo-wordpress\/ -->\n<title>HugeEffect - Avis, Forum, Pharmacie, Effets, Prix -50% | Pharmacie-Progres-Pannes<\/title>\n<meta name=\"robots\" content=\"index, follow, max-snippet:-1, max-image-preview:large, max-video-preview:-1\" \/>\n<link rel=\"canonical\" href=\"https:\/\/pharmacie-progres-cannes.fr\/pharmacie\/supp\/hugeeffect\/\" \/>\n<meta property=\"og:locale\" content=\"fr_FR\" \/>\n<meta property=\"og:type\" content=\"article\" \/>\n<meta property=\"og:title\" content=\"HugeEffect - Avis, Forum, Pharmacie, Effets, Prix -50% | Pharmacie-Progres-Pannes\" \/>\n<meta property=\"og:url\" content=\"https:\/\/pharmacie-progres-cannes.fr\/pharmacie\/supp\/hugeeffect\/\" \/>\n<meta property=\"og:site_name\" content=\"Pharmacie-Progres-Pannes\" \/>\n<meta property=\"article:modified_time\" content=\"2025-03-17T17:04:07+00:00\" \/>\n<meta property=\"og:image\" content=\"https:\/\/pharmacie-progres-cannes.fr\/pharmacie\/wp-content\/uploads\/2024\/10\/HugeEffect.jpg\" \/>\n\t<meta property=\"og:image:width\" content=\"768\" \/>\n\t<meta property=\"og:image:height\" content=\"768\" \/>\n\t<meta property=\"og:image:type\" content=\"image\/jpeg\" \/>\n<meta name=\"twitter:card\" content=\"summary_large_image\" \/>\n<meta name=\"twitter:description\" content=\"[date_countdown]\" \/>\n<meta name=\"twitter:label1\" content=\"Dur\u00e9e de lecture estim\u00e9e\" \/>\n\t<meta name=\"twitter:data1\" content=\"7 minutes\" \/>\n<script type=\"application\/ld+json\" class=\"yoast-schema-graph\">{\"@context\":\"https:\\\/\\\/schema.org\",\"@graph\":[{\"@type\":\"WebPage\",\"@id\":\"https:\\\/\\\/pharmacie-progres-cannes.fr\\\/pharmacie\\\/supp\\\/hugeeffect\\\/\",\"url\":\"https:\\\/\\\/pharmacie-progres-cannes.fr\\\/pharmacie\\\/supp\\\/hugeeffect\\\/\",\"name\":\"HugeEffect - Avis, Forum, Pharmacie, Effets, Prix -50% | Pharmacie-Progres-Pannes\",\"isPartOf\":{\"@id\":\"https:\\\/\\\/pharmacie-progres-cannes.fr\\\/pharmacie\\\/#website\"},\"primaryImageOfPage\":{\"@id\":\"https:\\\/\\\/pharmacie-progres-cannes.fr\\\/pharmacie\\\/supp\\\/hugeeffect\\\/#primaryimage\"},\"image\":{\"@id\":\"https:\\\/\\\/pharmacie-progres-cannes.fr\\\/pharmacie\\\/supp\\\/hugeeffect\\\/#primaryimage\"},\"thumbnailUrl\":\"https:\\\/\\\/pharmacie-progres-cannes.fr\\\/pharmacie\\\/wp-content\\\/uploads\\\/2024\\\/10\\\/HugeEffect.jpg\",\"datePublished\":\"2024-10-18T19:46:05+00:00\",\"dateModified\":\"2025-03-17T17:04:07+00:00\",\"breadcrumb\":{\"@id\":\"https:\\\/\\\/pharmacie-progres-cannes.fr\\\/pharmacie\\\/supp\\\/hugeeffect\\\/#breadcrumb\"},\"inLanguage\":\"fr-FR\",\"potentialAction\":[{\"@type\":\"ReadAction\",\"target\":[\"https:\\\/\\\/pharmacie-progres-cannes.fr\\\/pharmacie\\\/supp\\\/hugeeffect\\\/\"]}]},{\"@type\":\"ImageObject\",\"inLanguage\":\"fr-FR\",\"@id\":\"https:\\\/\\\/pharmacie-progres-cannes.fr\\\/pharmacie\\\/supp\\\/hugeeffect\\\/#primaryimage\",\"url\":\"https:\\\/\\\/pharmacie-progres-cannes.fr\\\/pharmacie\\\/wp-content\\\/uploads\\\/2024\\\/10\\\/HugeEffect.jpg\",\"contentUrl\":\"https:\\\/\\\/pharmacie-progres-cannes.fr\\\/pharmacie\\\/wp-content\\\/uploads\\\/2024\\\/10\\\/HugeEffect.jpg\",\"width\":768,\"height\":768},{\"@type\":\"BreadcrumbList\",\"@id\":\"https:\\\/\\\/pharmacie-progres-cannes.fr\\\/pharmacie\\\/supp\\\/hugeeffect\\\/#breadcrumb\",\"itemListElement\":[{\"@type\":\"ListItem\",\"position\":1,\"name\":\"Strona g\u0142\u00f3wna\",\"item\":\"https:\\\/\\\/pharmacie-progres-cannes.fr\\\/pharmacie\\\/\"},{\"@type\":\"ListItem\",\"position\":2,\"name\":\"farmaci\",\"item\":\"https:\\\/\\\/pharmacie-progres-cannes.fr\\\/pharmacie\\\/\"},{\"@type\":\"ListItem\",\"position\":3,\"name\":\"HugeEffect\"}]},{\"@type\":\"WebSite\",\"@id\":\"https:\\\/\\\/pharmacie-progres-cannes.fr\\\/pharmacie\\\/#website\",\"url\":\"https:\\\/\\\/pharmacie-progres-cannes.fr\\\/pharmacie\\\/\",\"name\":\"Pharmacie-Progres-Pannes\",\"description\":\"\",\"potentialAction\":[{\"@type\":\"SearchAction\",\"target\":{\"@type\":\"EntryPoint\",\"urlTemplate\":\"https:\\\/\\\/pharmacie-progres-cannes.fr\\\/pharmacie\\\/?s={search_term_string}\"},\"query-input\":{\"@type\":\"PropertyValueSpecification\",\"valueRequired\":true,\"valueName\":\"search_term_string\"}}],\"inLanguage\":\"fr-FR\"}]}<\/script>\n<!-- \/ Yoast SEO plugin. -->","yoast_head_json":{"title":"HugeEffect - Avis, Forum, Pharmacie, Effets, Prix -50% | Pharmacie-Progres-Pannes","robots":{"index":"index","follow":"follow","max-snippet":"max-snippet:-1","max-image-preview":"max-image-preview:large","max-video-preview":"max-video-preview:-1"},"canonical":"https:\/\/pharmacie-progres-cannes.fr\/pharmacie\/supp\/hugeeffect\/","og_locale":"fr_FR","og_type":"article","og_title":"HugeEffect - Avis, Forum, Pharmacie, Effets, Prix -50% | Pharmacie-Progres-Pannes","og_url":"https:\/\/pharmacie-progres-cannes.fr\/pharmacie\/supp\/hugeeffect\/","og_site_name":"Pharmacie-Progres-Pannes","article_modified_time":"2025-03-17T17:04:07+00:00","og_image":[{"width":768,"height":768,"url":"https:\/\/pharmacie-progres-cannes.fr\/pharmacie\/wp-content\/uploads\/2024\/10\/HugeEffect.jpg","type":"image\/jpeg"}],"twitter_card":"summary_large_image","twitter_description":"[date_countdown]","twitter_misc":{"Dur\u00e9e de lecture estim\u00e9e":"7 minutes"},"schema":{"@context":"https:\/\/schema.org","@graph":[{"@type":"WebPage","@id":"https:\/\/pharmacie-progres-cannes.fr\/pharmacie\/supp\/hugeeffect\/","url":"https:\/\/pharmacie-progres-cannes.fr\/pharmacie\/supp\/hugeeffect\/","name":"HugeEffect - Avis, Forum, Pharmacie, Effets, Prix -50% | Pharmacie-Progres-Pannes","isPartOf":{"@id":"https:\/\/pharmacie-progres-cannes.fr\/pharmacie\/#website"},"primaryImageOfPage":{"@id":"https:\/\/pharmacie-progres-cannes.fr\/pharmacie\/supp\/hugeeffect\/#primaryimage"},"image":{"@id":"https:\/\/pharmacie-progres-cannes.fr\/pharmacie\/supp\/hugeeffect\/#primaryimage"},"thumbnailUrl":"https:\/\/pharmacie-progres-cannes.fr\/pharmacie\/wp-content\/uploads\/2024\/10\/HugeEffect.jpg","datePublished":"2024-10-18T19:46:05+00:00","dateModified":"2025-03-17T17:04:07+00:00","breadcrumb":{"@id":"https:\/\/pharmacie-progres-cannes.fr\/pharmacie\/supp\/hugeeffect\/#breadcrumb"},"inLanguage":"fr-FR","potentialAction":[{"@type":"ReadAction","target":["https:\/\/pharmacie-progres-cannes.fr\/pharmacie\/supp\/hugeeffect\/"]}]},{"@type":"ImageObject","inLanguage":"fr-FR","@id":"https:\/\/pharmacie-progres-cannes.fr\/pharmacie\/supp\/hugeeffect\/#primaryimage","url":"https:\/\/pharmacie-progres-cannes.fr\/pharmacie\/wp-content\/uploads\/2024\/10\/HugeEffect.jpg","contentUrl":"https:\/\/pharmacie-progres-cannes.fr\/pharmacie\/wp-content\/uploads\/2024\/10\/HugeEffect.jpg","width":768,"height":768},{"@type":"BreadcrumbList","@id":"https:\/\/pharmacie-progres-cannes.fr\/pharmacie\/supp\/hugeeffect\/#breadcrumb","itemListElement":[{"@type":"ListItem","position":1,"name":"Strona g\u0142\u00f3wna","item":"https:\/\/pharmacie-progres-cannes.fr\/pharmacie\/"},{"@type":"ListItem","position":2,"name":"farmaci","item":"https:\/\/pharmacie-progres-cannes.fr\/pharmacie\/"},{"@type":"ListItem","position":3,"name":"HugeEffect"}]},{"@type":"WebSite","@id":"https:\/\/pharmacie-progres-cannes.fr\/pharmacie\/#website","url":"https:\/\/pharmacie-progres-cannes.fr\/pharmacie\/","name":"Pharmacie-Progres-Pannes","description":"","potentialAction":[{"@type":"SearchAction","target":{"@type":"EntryPoint","urlTemplate":"https:\/\/pharmacie-progres-cannes.fr\/pharmacie\/?s={search_term_string}"},"query-input":{"@type":"PropertyValueSpecification","valueRequired":true,"valueName":"search_term_string"}}],"inLanguage":"fr-FR"}]}},"_links":{"self":[{"href":"https:\/\/pharmacie-progres-cannes.fr\/pharmacie\/wp-json\/wp\/v2\/product\/4488","targetHints":{"allow":["GET"]}}],"collection":[{"href":"https:\/\/pharmacie-progres-cannes.fr\/pharmacie\/wp-json\/wp\/v2\/product"}],"about":[{"href":"https:\/\/pharmacie-progres-cannes.fr\/pharmacie\/wp-json\/wp\/v2\/types\/product"}],"replies":[{"embeddable":true,"href":"https:\/\/pharmacie-progres-cannes.fr\/pharmacie\/wp-json\/wp\/v2\/comments?post=4488"}],"wp:featuredmedia":[{"embeddable":true,"href":"https:\/\/pharmacie-progres-cannes.fr\/pharmacie\/wp-json\/wp\/v2\/media\/3914"}],"wp:attachment":[{"href":"https:\/\/pharmacie-progres-cannes.fr\/pharmacie\/wp-json\/wp\/v2\/media?parent=4488"}],"wp:term":[{"taxonomy":"product_brand","embeddable":true,"href":"https:\/\/pharmacie-progres-cannes.fr\/pharmacie\/wp-json\/wp\/v2\/product_brand?post=4488"},{"taxonomy":"product_cat","embeddable":true,"href":"https:\/\/pharmacie-progres-cannes.fr\/pharmacie\/wp-json\/wp\/v2\/product_cat?post=4488"},{"taxonomy":"product_tag","embeddable":true,"href":"https:\/\/pharmacie-progres-cannes.fr\/pharmacie\/wp-json\/wp\/v2\/product_tag?post=4488"}],"curies":[{"name":"wp","href":"https:\/\/api.w.org\/{rel}","templated":true}]}}