{"id":4476,"date":"2024-10-18T19:46:05","date_gmt":"2024-10-18T19:46:05","guid":{"rendered":"https:\/\/chirurgie-orthopedie-vannes.fr\/pharmacie\/?post_type=product&#038;p=4476"},"modified":"2025-03-17T17:31:58","modified_gmt":"2025-03-17T17:31:58","slug":"probolan-50","status":"publish","type":"product","link":"https:\/\/pharmacie-progres-cannes.fr\/pharmacie\/supp\/probolan-50\/","title":{"rendered":"Probolan 50"},"content":{"rendered":"\n<h2 class=\"wp-block-heading\">Qu&rsquo;est-ce que Probolan 50 et comment fonctionne-t-il ?<\/h2>\n\n\n\n<p>Probolan 50 est un <b>compl\u00e9ment<\/b> innovant qui a \u00e9t\u00e9 cr\u00e9\u00e9 pour les hommes cherchant \u00e0 augmenter leur masse musculaire. Son <em>action<\/em> est bas\u00e9e sur des ingr\u00e9dients naturels qui soutiennent la production de testost\u00e9rone dans l&rsquo;organisme. Avec ce compl\u00e9ment, vous constaterez une am\u00e9lioration de l&rsquo;absorption des nutriments, ce qui favorise une croissance musculaire plus rapide.<\/p>\n\n\n\n<p>L&rsquo;un des \u00e9l\u00e9ments cl\u00e9s de Probolan 50 est l&rsquo;epihydroxythiolate-17-ester, pr\u00e9sent \u00e0 raison de 50 mg par portion. Ce <b>suppl\u00e9ment<\/b> acc\u00e9l\u00e8re non seulement le processus de <em>prise de masse<\/em>, mais am\u00e9liore \u00e9galement les performances et la concentration pendant les s\u00e9ances d&rsquo;entra\u00eenement. Les <b>utilisateurs<\/b> rapportent souvent des gains significatifs de force et d&rsquo;\u00e9nergie, ce qui en fait un choix int\u00e9ressant pour les d\u00e9butants comme pour les athl\u00e8tes exp\u00e9riment\u00e9s.<\/p>\n\n\n\n<p>Il convient de noter que Probolan 50 a un effet durable, offrant des <b>r\u00e9sultats<\/b> m\u00eame apr\u00e8s la fin du traitement. Une <b>utilisation<\/b> r\u00e9guli\u00e8re pendant au moins 3 mois permet d&rsquo;obtenir des r\u00e9sultats optimaux, ce qui fait de ce <b>compl\u00e9ment<\/b> l&rsquo;une des options les plus appr\u00e9ci\u00e9es sur le march\u00e9. Gr\u00e2ce \u00e0 ses <em>ingr\u00e9dients<\/em> soigneusement s\u00e9lectionn\u00e9s, Probolan 50 r\u00e9pond aux besoins des hommes souhaitant augmenter leur masse musculaire rapidement et en toute s\u00e9curit\u00e9.<\/p>\n\n\n\n<h2 class=\"wp-block-heading\">Probolan 50 &#8211; effets<\/h2>\n\n\n\n<p>Probolan 50 est un <b>compl\u00e9ment alimentaire<\/b> qui gagne en popularit\u00e9 parmi ceux qui cherchent \u00e0 am\u00e9liorer la construction musculaire. Les <b>utilisateurs<\/b> remarquent souvent les premiers <em>effets de l&rsquo;<\/em> utilisation en seulement 48 heures, ce qui en fait une option efficace pour ceux qui cherchent \u00e0 augmenter leur masse musculaire rapidement. Des \u00e9tudes ont montr\u00e9 que Probolan 50 peut augmenter les niveaux de testost\u00e9rone dans le corps d&rsquo;un homme jusqu&rsquo;\u00e0 400%, ce qui a un impact significatif sur les <b>effets de l&rsquo;<\/b> entra\u00eenement.<\/p>\n\n\n\n<p>Les utilisateurs de Probolan 50 font \u00e9tat d&rsquo;une am\u00e9lioration de la force et des performances, ce qui favorise l&rsquo;efficacit\u00e9 des s\u00e9ances d&rsquo;entra\u00eenement intenses. En outre, le suppl\u00e9ment soutient le processus de r\u00e9g\u00e9n\u00e9ration apr\u00e8s l&rsquo;exercice, ce qui est important pour obtenir de meilleurs r\u00e9sultats. L&rsquo;<b>utilisation<\/b> r\u00e9guli\u00e8re <b>de<\/b> Probolan 50 favorise non seulement la construction musculaire, mais contribue \u00e9galement \u00e0 la conversion efficace de la graisse en masse musculaire.<\/p>\n\n\n\n<p>En termes d&rsquo;effets \u00e0 long terme, les utilisateurs peuvent s&rsquo;attendre \u00e0 des r\u00e9sultats significatifs dans les 10 \u00e0 16 semaines suivant une utilisation correcte. Le soutien de la production naturelle de testost\u00e9rone et l&rsquo;\u00e9limination du risque d&rsquo;effets secondaires sont des avantages suppl\u00e9mentaires qui font de Probolan 50 un choix int\u00e9ressant pour les hommes qui cherchent \u00e0 am\u00e9liorer leurs performances athl\u00e9tiques et \u00e0 augmenter leur masse musculaire.<\/p>\n\n\n\n<h2 class=\"wp-block-heading\">Comment utiliser Probolan 50 &#8211; Mode d&#8217;emploi et posologie<\/h2>\n\n\n\n<p>Pour obtenir les meilleurs r\u00e9sultats, l&rsquo;<em>utilisation de<\/em> Probolan 50 doit suivre les <em>instructions<\/em> sp\u00e9cifi\u00e9es. Il est fortement recommand\u00e9 de prendre deux g\u00e9lules par jour, de pr\u00e9f\u00e9rence en deux fois : une le matin et une le soir. Une <em>prise<\/em> r\u00e9guli\u00e8re sur une p\u00e9riode de 8 \u00e0 12 semaines permet d&rsquo;obtenir des r\u00e9sultats visibles sous la forme d&rsquo;une augmentation de la masse musculaire.<\/p>\n\n\n\n<p>Le compl\u00e9ment ne remplace pas un r\u00e9gime alimentaire sain ou une activit\u00e9 physique. Il est essentiel d&rsquo;accorder une attention particuli\u00e8re \u00e0 une alimentation et \u00e0 un programme d&rsquo;entra\u00eenement ad\u00e9quats lors de l&rsquo;utilisation de Probolan 50. Il est recommand\u00e9 d&rsquo;inclure des prot\u00e9ines, des graisses saines et des hydrates de carbone dans le r\u00e9gime alimentaire pour soutenir les processus anaboliques dans le corps.<\/p>\n\n\n\n<p>Voici un exemple de cycle d&rsquo;<em>utilisation du<\/em> Probolan 50 :<\/p>\n\n\n\n<figure class=\"wp-block-table\"><table class=\"has-fixed-layout\"><tbody><tr><th>Semaine<\/th><th>Dosage<\/th><\/tr><tr><td>1<\/td><td>1 g\u00e9lule par jour<\/td><\/tr><tr><td>2<\/td><td>2 g\u00e9lules par jour<\/td><\/tr><tr><td>3<\/td><td>3 g\u00e9lules par jour<\/td><\/tr><tr><td>4<\/td><td>2 g\u00e9lules par jour<\/td><\/tr><\/tbody><\/table><\/figure>\n\n\n\n<p><b>Les commentaires des<\/b> utilisateurs indiquent des r\u00e9sultats positifs, y compris des augmentations significatives de la force et de l&rsquo;endurance. L&rsquo;<em>utilisation de<\/em> Probolan 50 semble soutenir la capacit\u00e9 d&rsquo;entra\u00eenement, ce qui permet de prolonger les s\u00e9ances d&rsquo;entra\u00eenement.<\/p>\n\n\n\n<p>Cependant, il est important de garder \u00e0 l&rsquo;esprit que les <b>effets secondaires<\/b> possibles peuvent inclure des probl\u00e8mes digestifs, des maux de t\u00eate et des troubles du sommeil. C&rsquo;est pourquoi il est conseill\u00e9 de consulter un m\u00e9decin avant de commencer la suppl\u00e9mentation, en particulier pour les personnes ayant d\u00e9j\u00e0 des probl\u00e8mes de sant\u00e9.<\/p>\n\n\n\n<h2 class=\"wp-block-heading\">Commentaires et opinions sur Probolan 50<\/h2>\n\n\n\n<p>De plus en plus d&rsquo;<em>utilisateurs<\/em> font part de leur exp\u00e9rience avec Probolan 50. En fait, les <b>commentaires<\/b> sur ce suppl\u00e9ment sont tr\u00e8s positifs. Ceux qui utilisent r\u00e9guli\u00e8rement le produit soulignent ses effets positifs sur les performances d&rsquo;entra\u00eenement et la r\u00e9cup\u00e9ration.<\/p>\n\n\n\n<p>L&rsquo;un des th\u00e8mes qui revient le plus souvent dans les <b>commentaires<\/b> est l&rsquo;augmentation de la force. Les utilisateurs notent que Probolan 50 leur permet de s&rsquo;entra\u00eener plus intens\u00e9ment, ce qui contribue \u00e0 des r\u00e9sultats plus rapides. Par exemple, certains remarquent une augmentation de la masse musculaire en seulement quelques mois d&rsquo;utilisation.<\/p>\n\n\n\n<p>De nombreux <em>utilisateurs<\/em> soulignent \u00e9galement l&rsquo;am\u00e9lioration de la qualit\u00e9 de leurs s\u00e9ances d&rsquo;entra\u00eenement. La r\u00e9duction de la fatigue apr\u00e8s des s\u00e9ances d&rsquo;entra\u00eenement intenses est un th\u00e8me commun dans les commentaires, ce qui peut sugg\u00e9rer que le produit soutient les processus de r\u00e9cup\u00e9ration de l&rsquo;organisme. <em>Probolan 50<\/em> semble \u00eatre efficace pour r\u00e9duire la graisse corporelle, ce qui attire \u00e9galement l&rsquo;attention des utilisateurs.<\/p>\n\n\n\n<figure class=\"wp-block-table\"><table class=\"has-fixed-layout\"><tbody><tr><th>Utilisateur<\/th><th>L&rsquo;\u00e2ge<\/th><th>Effets<\/th><\/tr><tr><td>Anna<\/td><td>28<\/td><td>Augmentation de la force, am\u00e9lioration de la r\u00e9cup\u00e9ration<\/td><\/tr><tr><td>Krzysztof<\/td><td>35<\/td><td>Plus de masse musculaire, plus de bien-\u00eatre<\/td><\/tr><tr><td>Robert<\/td><td>30<\/td><td>R\u00e9duire la fatigue apr\u00e8s l&rsquo;entra\u00eenement<\/td><\/tr><\/tbody><\/table><\/figure>\n\n\n\n<p>Les <b>avis des<\/b> utilisateurs peuvent \u00e9galement \u00eatre consult\u00e9s sur les forums en ligne et les m\u00e9dias sociaux, o\u00f9 ils partagent leurs exp\u00e9riences positives. Il vaut certainement la peine de consulter ces avis avant de d\u00e9cider d&rsquo;acheter Probolan 50.<\/p>\n\n\n\n<h2 class=\"wp-block-heading\">Probolan 50 &#8211; Composition<\/h2>\n\n\n\n<p>Probolan 50 est un <b>compl\u00e9ment alimentaire<\/b> qui contient une <em>composition<\/em> soigneusement s\u00e9lectionn\u00e9e <em>d&rsquo;<\/em> ingr\u00e9dients naturels pour soutenir les processus anaboliques et am\u00e9liorer les performances. L&rsquo;\u00e9l\u00e9ment cl\u00e9 de la formule est l&rsquo;<em>epihydroxetiolan-17-ester<\/em>, qui apporte 700 mg par portion. L&rsquo;\u00e9l\u00e9ment qui stimule la production de testost\u00e9rone est le <em>Tribulus terrestris<\/em> (60% de saponines), pr\u00e9sent \u00e0 hauteur de 600 mg par portion.<\/p>\n\n\n\n<p>Probolan 50 contient \u00e9galement de la caf\u00e9ine, \u00e0 raison de 100 mg, qui peut contribuer \u00e0 augmenter l&rsquo;\u00e9nergie pendant les s\u00e9ances d&rsquo;entra\u00eenement. Bien que certaines \u00e9tudes sugg\u00e8rent que le Tribulus terrestris peut augmenter les niveaux de testost\u00e9rone, le r\u00e9sultat de cet effet n&rsquo;est pas suffisamment document\u00e9 dans la litt\u00e9rature scientifique. Des \u00e9tudes sur des groupes d&rsquo;athl\u00e8tes n&rsquo;ont pas montr\u00e9 de changements significatifs de la force ou de la masse musculaire lors de la suppl\u00e9mentation avec cet ingr\u00e9dient.<\/p>\n\n\n\n<p><b>Les ingr\u00e9dients naturels contenus dans<\/b> Probolan 50 agissent ensemble pour permettre une meilleure circulation sanguine et le transport des nutriments vers les muscles. Ce compl\u00e9ment est destin\u00e9 aux adultes qui souhaitent augmenter l&rsquo;efficacit\u00e9 de leurs s\u00e9ances d&rsquo;entra\u00eenement. Toute la formule a \u00e9t\u00e9 d\u00e9velopp\u00e9e sur la base d&rsquo;ann\u00e9es de recherche scientifique, ce qui garantit l&rsquo;efficacit\u00e9 de ce produit.<\/p>\n\n\n\n<p>Gr\u00e2ce \u00e0 une telle <em>composition<\/em>, Probolan 50 promet des effets visibles en peu de temps, aidant \u00e0 d\u00e9velopper la masse musculaire et \u00e0 am\u00e9liorer les performances physiques globales. Se distinguant par l&rsquo;absence d&rsquo;effets secondaires typiques d&rsquo;autres pr\u00e9parations, le suppl\u00e9ment est s\u00fbr pour les utilisateurs et permet \u00e0 l&rsquo;organisme de maintenir son \u00e9quilibre hormonal.<\/p>\n\n\n\n<h2 class=\"wp-block-heading\">O\u00f9 acheter et combien co\u00fbte Probolan 50 &#8211; prix<\/h2>\n\n\n\n<p>Probolan 50 n&rsquo;est disponible que sur le site officiel du fabricant, qui en garantit la qualit\u00e9 et l&rsquo;authenticit\u00e9. Il vaut la peine de consulter r\u00e9guli\u00e8rement le site, car on y trouve des promotions qui permettent d&rsquo;\u00e9conomiser jusqu&rsquo;\u00e0 50 % du prix du produit.<\/p>\n\n\n\n<p>Le produit n&rsquo;est disponible dans aucun magasin ou pharmacie, il est donc conseill\u00e9 d&rsquo;\u00e9viter les offres provenant de sources non autoris\u00e9es. Seul l&rsquo;achat sur le site du fabricant offre une garantie d&rsquo;originalit\u00e9.<\/p>\n\n\n\n<h2 class=\"wp-block-heading\">Probolan 50 &#8211; Effets secondaires et contre-indications &#8211; S\u00e9curit\u00e9 d&#8217;emploi<\/h2>\n\n\n\n<p>Probolan 50 est un suppl\u00e9ment qui a \u00e9t\u00e9 formul\u00e9 pour ceux qui cherchent \u00e0 augmenter la masse musculaire. Bien que son <b>utilisation<\/b> soit g\u00e9n\u00e9ralement consid\u00e9r\u00e9e comme s\u00fbre, des <b>effets secondaires<\/b> peuvent survenir chez certains utilisateurs. Il peut s&rsquo;agir principalement de probl\u00e8mes d&rsquo;estomac, de vertiges ou de maux de t\u00eate. Toutefois, le nombre d&rsquo;effets ind\u00e9sirables reste minime, puisque seulement 10 \u00e0 15 % des personnes rapportent de tels sympt\u00f4mes.<\/p>\n\n\n\n<p><b>La s\u00e9curit\u00e9 de<\/b> Probolan 50 est particuli\u00e8rement importante pour les personnes souffrant de maladies chroniques, les femmes enceintes et les m\u00e8res qui allaitent. C&rsquo;est pourquoi il convient de consulter un m\u00e9decin avant de commencer la suppl\u00e9mentation. Les r\u00e9actions allergiques et les troubles digestifs font partie des <b>contre-indications<\/b> et, en cas d&rsquo;apparition de ces derniers, il est recommand\u00e9 d&rsquo;arr\u00eater imm\u00e9diatement la prise.<\/p>\n\n\n\n<p>Pour maximiser les effets de la suppl\u00e9mentation et minimiser le risque d&rsquo;effets secondaires, il est important de suivre les recommandations du fabricant. La dose recommand\u00e9e est de 2 g\u00e9lules par jour, et une bonne hydratation de l&rsquo;organisme (au moins 2 litres d&rsquo;eau par jour) influe consid\u00e9rablement sur la <b>s\u00e9curit\u00e9<\/b> globale <b>d&rsquo;<\/b> utilisation. Il convient \u00e9galement de rappeler que Probolan 50 ne contient pas de substances interdites, ce qui augmente encore le niveau de confiance dans cette pr\u00e9paration.<\/p>\n","protected":false},"excerpt":{"rendered":"<p><strong>[date_countdown]<\/strong><\/p>\n<p><img decoding=\"async\" class=\"alignnone  wp-image-8427\" src=\"https:\/\/pharmacie-progres-cannes.fr\/pharmacie\/wp-content\/uploads\/2024\/10\/SAFE-PAY-300x88-1.png\" alt=\"SAFE-PAY-300x88\" width=\"164\" height=\"48\" \/><\/p>\n","protected":false},"featured_media":3903,"comment_status":"open","ping_status":"closed","template":"","meta":{"neve_meta_sidebar":"","neve_meta_container":"","neve_meta_enable_content_width":"","neve_meta_content_width":0,"neve_meta_title_alignment":"","neve_meta_author_avatar":"","neve_post_elements_order":"","neve_meta_disable_header":"","neve_meta_disable_footer":"","neve_meta_disable_title":"","neve_meta_reading_time":""},"product_brand":[],"product_cat":[15],"product_tag":[],"class_list":{"0":"post-4476","1":"product","2":"type-product","3":"status-publish","4":"has-post-thumbnail","6":"product_cat-perte-de-poids","8":"first","9":"instock","10":"sale","11":"shipping-taxable","12":"product-type-external"},"yoast_head":"<!-- This site is optimized with the Yoast SEO plugin v27.4 - https:\/\/yoast.com\/product\/yoast-seo-wordpress\/ -->\n<title>Probolan 50 - Avis, Forum, Pharmacie, Effets, Prix -50% | Pharmacie-Progres-Pannes<\/title>\n<meta name=\"robots\" content=\"index, follow, max-snippet:-1, max-image-preview:large, max-video-preview:-1\" \/>\n<link rel=\"canonical\" href=\"https:\/\/pharmacie-progres-cannes.fr\/pharmacie\/supp\/probolan-50\/\" \/>\n<meta property=\"og:locale\" content=\"fr_FR\" \/>\n<meta property=\"og:type\" content=\"article\" \/>\n<meta property=\"og:title\" content=\"Probolan 50 - Avis, Forum, Pharmacie, Effets, Prix -50% | Pharmacie-Progres-Pannes\" \/>\n<meta property=\"og:url\" content=\"https:\/\/pharmacie-progres-cannes.fr\/pharmacie\/supp\/probolan-50\/\" \/>\n<meta property=\"og:site_name\" content=\"Pharmacie-Progres-Pannes\" \/>\n<meta property=\"article:modified_time\" content=\"2025-03-17T17:31:58+00:00\" \/>\n<meta property=\"og:image\" content=\"https:\/\/pharmacie-progres-cannes.fr\/pharmacie\/wp-content\/uploads\/2024\/10\/Probolan-50.jpg\" \/>\n\t<meta property=\"og:image:width\" content=\"768\" \/>\n\t<meta property=\"og:image:height\" content=\"768\" \/>\n\t<meta property=\"og:image:type\" content=\"image\/jpeg\" \/>\n<meta name=\"twitter:card\" content=\"summary_large_image\" \/>\n<meta name=\"twitter:description\" content=\"[date_countdown]\" \/>\n<meta name=\"twitter:label1\" content=\"Dur\u00e9e de lecture estim\u00e9e\" \/>\n\t<meta name=\"twitter:data1\" content=\"1 minute\" \/>\n<script type=\"application\/ld+json\" class=\"yoast-schema-graph\">{\"@context\":\"https:\\\/\\\/schema.org\",\"@graph\":[{\"@type\":\"WebPage\",\"@id\":\"https:\\\/\\\/pharmacie-progres-cannes.fr\\\/pharmacie\\\/supp\\\/probolan-50\\\/\",\"url\":\"https:\\\/\\\/pharmacie-progres-cannes.fr\\\/pharmacie\\\/supp\\\/probolan-50\\\/\",\"name\":\"Probolan 50 - Avis, Forum, Pharmacie, Effets, Prix -50% | Pharmacie-Progres-Pannes\",\"isPartOf\":{\"@id\":\"https:\\\/\\\/pharmacie-progres-cannes.fr\\\/pharmacie\\\/#website\"},\"primaryImageOfPage\":{\"@id\":\"https:\\\/\\\/pharmacie-progres-cannes.fr\\\/pharmacie\\\/supp\\\/probolan-50\\\/#primaryimage\"},\"image\":{\"@id\":\"https:\\\/\\\/pharmacie-progres-cannes.fr\\\/pharmacie\\\/supp\\\/probolan-50\\\/#primaryimage\"},\"thumbnailUrl\":\"https:\\\/\\\/pharmacie-progres-cannes.fr\\\/pharmacie\\\/wp-content\\\/uploads\\\/2024\\\/10\\\/Probolan-50.jpg\",\"datePublished\":\"2024-10-18T19:46:05+00:00\",\"dateModified\":\"2025-03-17T17:31:58+00:00\",\"breadcrumb\":{\"@id\":\"https:\\\/\\\/pharmacie-progres-cannes.fr\\\/pharmacie\\\/supp\\\/probolan-50\\\/#breadcrumb\"},\"inLanguage\":\"fr-FR\",\"potentialAction\":[{\"@type\":\"ReadAction\",\"target\":[\"https:\\\/\\\/pharmacie-progres-cannes.fr\\\/pharmacie\\\/supp\\\/probolan-50\\\/\"]}]},{\"@type\":\"ImageObject\",\"inLanguage\":\"fr-FR\",\"@id\":\"https:\\\/\\\/pharmacie-progres-cannes.fr\\\/pharmacie\\\/supp\\\/probolan-50\\\/#primaryimage\",\"url\":\"https:\\\/\\\/pharmacie-progres-cannes.fr\\\/pharmacie\\\/wp-content\\\/uploads\\\/2024\\\/10\\\/Probolan-50.jpg\",\"contentUrl\":\"https:\\\/\\\/pharmacie-progres-cannes.fr\\\/pharmacie\\\/wp-content\\\/uploads\\\/2024\\\/10\\\/Probolan-50.jpg\",\"width\":768,\"height\":768},{\"@type\":\"BreadcrumbList\",\"@id\":\"https:\\\/\\\/pharmacie-progres-cannes.fr\\\/pharmacie\\\/supp\\\/probolan-50\\\/#breadcrumb\",\"itemListElement\":[{\"@type\":\"ListItem\",\"position\":1,\"name\":\"Strona g\u0142\u00f3wna\",\"item\":\"https:\\\/\\\/pharmacie-progres-cannes.fr\\\/pharmacie\\\/\"},{\"@type\":\"ListItem\",\"position\":2,\"name\":\"farmaci\",\"item\":\"https:\\\/\\\/pharmacie-progres-cannes.fr\\\/pharmacie\\\/\"},{\"@type\":\"ListItem\",\"position\":3,\"name\":\"Probolan 50\"}]},{\"@type\":\"WebSite\",\"@id\":\"https:\\\/\\\/pharmacie-progres-cannes.fr\\\/pharmacie\\\/#website\",\"url\":\"https:\\\/\\\/pharmacie-progres-cannes.fr\\\/pharmacie\\\/\",\"name\":\"Pharmacie-Progres-Pannes\",\"description\":\"\",\"potentialAction\":[{\"@type\":\"SearchAction\",\"target\":{\"@type\":\"EntryPoint\",\"urlTemplate\":\"https:\\\/\\\/pharmacie-progres-cannes.fr\\\/pharmacie\\\/?s={search_term_string}\"},\"query-input\":{\"@type\":\"PropertyValueSpecification\",\"valueRequired\":true,\"valueName\":\"search_term_string\"}}],\"inLanguage\":\"fr-FR\"}]}<\/script>\n<!-- \/ Yoast SEO plugin. -->","yoast_head_json":{"title":"Probolan 50 - Avis, Forum, Pharmacie, Effets, Prix -50% | Pharmacie-Progres-Pannes","robots":{"index":"index","follow":"follow","max-snippet":"max-snippet:-1","max-image-preview":"max-image-preview:large","max-video-preview":"max-video-preview:-1"},"canonical":"https:\/\/pharmacie-progres-cannes.fr\/pharmacie\/supp\/probolan-50\/","og_locale":"fr_FR","og_type":"article","og_title":"Probolan 50 - Avis, Forum, Pharmacie, Effets, Prix -50% | Pharmacie-Progres-Pannes","og_url":"https:\/\/pharmacie-progres-cannes.fr\/pharmacie\/supp\/probolan-50\/","og_site_name":"Pharmacie-Progres-Pannes","article_modified_time":"2025-03-17T17:31:58+00:00","og_image":[{"width":768,"height":768,"url":"https:\/\/pharmacie-progres-cannes.fr\/pharmacie\/wp-content\/uploads\/2024\/10\/Probolan-50.jpg","type":"image\/jpeg"}],"twitter_card":"summary_large_image","twitter_description":"[date_countdown]","twitter_misc":{"Dur\u00e9e de lecture estim\u00e9e":"1 minute"},"schema":{"@context":"https:\/\/schema.org","@graph":[{"@type":"WebPage","@id":"https:\/\/pharmacie-progres-cannes.fr\/pharmacie\/supp\/probolan-50\/","url":"https:\/\/pharmacie-progres-cannes.fr\/pharmacie\/supp\/probolan-50\/","name":"Probolan 50 - Avis, Forum, Pharmacie, Effets, Prix -50% | Pharmacie-Progres-Pannes","isPartOf":{"@id":"https:\/\/pharmacie-progres-cannes.fr\/pharmacie\/#website"},"primaryImageOfPage":{"@id":"https:\/\/pharmacie-progres-cannes.fr\/pharmacie\/supp\/probolan-50\/#primaryimage"},"image":{"@id":"https:\/\/pharmacie-progres-cannes.fr\/pharmacie\/supp\/probolan-50\/#primaryimage"},"thumbnailUrl":"https:\/\/pharmacie-progres-cannes.fr\/pharmacie\/wp-content\/uploads\/2024\/10\/Probolan-50.jpg","datePublished":"2024-10-18T19:46:05+00:00","dateModified":"2025-03-17T17:31:58+00:00","breadcrumb":{"@id":"https:\/\/pharmacie-progres-cannes.fr\/pharmacie\/supp\/probolan-50\/#breadcrumb"},"inLanguage":"fr-FR","potentialAction":[{"@type":"ReadAction","target":["https:\/\/pharmacie-progres-cannes.fr\/pharmacie\/supp\/probolan-50\/"]}]},{"@type":"ImageObject","inLanguage":"fr-FR","@id":"https:\/\/pharmacie-progres-cannes.fr\/pharmacie\/supp\/probolan-50\/#primaryimage","url":"https:\/\/pharmacie-progres-cannes.fr\/pharmacie\/wp-content\/uploads\/2024\/10\/Probolan-50.jpg","contentUrl":"https:\/\/pharmacie-progres-cannes.fr\/pharmacie\/wp-content\/uploads\/2024\/10\/Probolan-50.jpg","width":768,"height":768},{"@type":"BreadcrumbList","@id":"https:\/\/pharmacie-progres-cannes.fr\/pharmacie\/supp\/probolan-50\/#breadcrumb","itemListElement":[{"@type":"ListItem","position":1,"name":"Strona g\u0142\u00f3wna","item":"https:\/\/pharmacie-progres-cannes.fr\/pharmacie\/"},{"@type":"ListItem","position":2,"name":"farmaci","item":"https:\/\/pharmacie-progres-cannes.fr\/pharmacie\/"},{"@type":"ListItem","position":3,"name":"Probolan 50"}]},{"@type":"WebSite","@id":"https:\/\/pharmacie-progres-cannes.fr\/pharmacie\/#website","url":"https:\/\/pharmacie-progres-cannes.fr\/pharmacie\/","name":"Pharmacie-Progres-Pannes","description":"","potentialAction":[{"@type":"SearchAction","target":{"@type":"EntryPoint","urlTemplate":"https:\/\/pharmacie-progres-cannes.fr\/pharmacie\/?s={search_term_string}"},"query-input":{"@type":"PropertyValueSpecification","valueRequired":true,"valueName":"search_term_string"}}],"inLanguage":"fr-FR"}]}},"_links":{"self":[{"href":"https:\/\/pharmacie-progres-cannes.fr\/pharmacie\/wp-json\/wp\/v2\/product\/4476","targetHints":{"allow":["GET"]}}],"collection":[{"href":"https:\/\/pharmacie-progres-cannes.fr\/pharmacie\/wp-json\/wp\/v2\/product"}],"about":[{"href":"https:\/\/pharmacie-progres-cannes.fr\/pharmacie\/wp-json\/wp\/v2\/types\/product"}],"replies":[{"embeddable":true,"href":"https:\/\/pharmacie-progres-cannes.fr\/pharmacie\/wp-json\/wp\/v2\/comments?post=4476"}],"wp:featuredmedia":[{"embeddable":true,"href":"https:\/\/pharmacie-progres-cannes.fr\/pharmacie\/wp-json\/wp\/v2\/media\/3903"}],"wp:attachment":[{"href":"https:\/\/pharmacie-progres-cannes.fr\/pharmacie\/wp-json\/wp\/v2\/media?parent=4476"}],"wp:term":[{"taxonomy":"product_brand","embeddable":true,"href":"https:\/\/pharmacie-progres-cannes.fr\/pharmacie\/wp-json\/wp\/v2\/product_brand?post=4476"},{"taxonomy":"product_cat","embeddable":true,"href":"https:\/\/pharmacie-progres-cannes.fr\/pharmacie\/wp-json\/wp\/v2\/product_cat?post=4476"},{"taxonomy":"product_tag","embeddable":true,"href":"https:\/\/pharmacie-progres-cannes.fr\/pharmacie\/wp-json\/wp\/v2\/product_tag?post=4476"}],"curies":[{"name":"wp","href":"https:\/\/api.w.org\/{rel}","templated":true}]}}