{"id":4471,"date":"2024-10-18T19:46:04","date_gmt":"2024-10-18T19:46:04","guid":{"rendered":"https:\/\/chirurgie-orthopedie-vannes.fr\/pharmacie\/?post_type=product&#038;p=4471"},"modified":"2025-03-09T12:02:36","modified_gmt":"2025-03-09T12:02:36","slug":"maxatin","status":"publish","type":"product","link":"https:\/\/pharmacie-progres-cannes.fr\/pharmacie\/supp\/maxatin\/","title":{"rendered":"Maxatin"},"content":{"rendered":"\n<h2 class=\"wp-block-heading\">Qu&rsquo;est-ce que Maxatin et comment fonctionne-t-il ?<\/h2>\n\n\n\n<p><b>Maxatin<\/b> est un <em>compl\u00e9ment<\/em> <b>alimentaire<\/b> sous forme de g\u00e9lules qui vise \u00e0 am\u00e9liorer la circulation sanguine et \u00e0 augmenter la production de testost\u00e9rone. Gr\u00e2ce \u00e0 sa <em>formulation naturelle<\/em>, Maxatin utilise des ingr\u00e9dients tels que la L-arginine, la maca et le ginseng, bien connus pour leurs effets b\u00e9n\u00e9fiques sur la libido et la force \u00e9rectile.<\/p>\n\n\n\n<p>Ce compl\u00e9ment stimule l&rsquo;organisme, ce qui se traduit par des exp\u00e9riences sexuelles plus longues et plus intenses. Les ingr\u00e9dients cl\u00e9s, tels que l&rsquo;extrait de graines de citrouille riche en zinc, soutiennent la sant\u00e9 de la prostate et augmentent les niveaux de testost\u00e9rone. Les utilisateurs remarquent une augmentation de 500 % du volume d&rsquo;\u00e9jaculation, ce qui accro\u00eet consid\u00e9rablement la satisfaction pendant les rapports sexuels.<\/p>\n\n\n\n<p>L&rsquo;efficacit\u00e9 du produit est \u00e9valu\u00e9e \u00e0 9,5 sur une \u00e9chelle de 0 \u00e0 10. La posologie recommand\u00e9e est de 2 g\u00e9lules par jour et un emballage suffit pour un traitement d&rsquo;un mois. Le compl\u00e9ment a \u00e9t\u00e9 soumis \u00e0 des tests d\u00e9taill\u00e9s en laboratoire, ce qui confirme sa haute qualit\u00e9 et son innocuit\u00e9. Cependant, il convient de rappeler que les effets peuvent varier en fonction des caract\u00e9ristiques individuelles de l&rsquo;utilisateur, il est donc recommand\u00e9 de consulter un m\u00e9decin avant de commencer \u00e0 l&rsquo;utiliser.<\/p>\n\n\n\n<h2 class=\"wp-block-heading\">Quels sont les effets de l&rsquo;utilisation de Maxatin ?<\/h2>\n\n\n\n<p>L&rsquo;utilisation de Maxatin a des effets clairs qui peuvent avoir un impact significatif sur la vie sexuelle des utilisateurs. La prise r\u00e9guli\u00e8re de ce suppl\u00e9ment permet d&rsquo;<b>am\u00e9liorer la puissance<\/b>, ce qui se traduit par une plus grande satisfaction lors des rapports intimes. Gr\u00e2ce \u00e0 sa composition unique, Maxatin soutient non seulement la libido, mais aussi la qualit\u00e9 et le volume de l&rsquo;\u00e9jaculation.<\/p>\n\n\n\n<p>Voici les principaux effets de l&rsquo;utilisation de Maxatin :<\/p>\n\n\n\n<ul class=\"wp-block-list\">\n<li><em>Augmenter l&rsquo;intensit\u00e9 et la dur\u00e9e des relations<\/em><\/li>\n\n\n\n<li><em>Am\u00e9lioration de la qualit\u00e9 de l&rsquo;\u00e9rection<\/em><\/li>\n\n\n\n<li><em>Une augmentation du volume \u00e9jaculatoire, qui peut atteindre 500%.<\/em><\/li>\n\n\n\n<li><em>Augmentation de la libido et du d\u00e9sir sexuel<\/em><\/li>\n\n\n\n<li><em>De meilleurs orgasmes et une plus grande satisfaction dans la vie intime<\/em><\/li>\n<\/ul>\n\n\n\n<p>Le compl\u00e9ment est bas\u00e9 sur des ingr\u00e9dients naturels, ce qui rend son utilisation s\u00fbre. <b>Les effets de Maxatin<\/b> sont perceptibles apr\u00e8s quelques semaines de traitement r\u00e9gulier. Les meilleurs r\u00e9sultats sont obtenus par les hommes qui ont des probl\u00e8mes d&rsquo;\u00e9rection, en particulier dans la tranche d&rsquo;\u00e2ge des plus de 40 ans. Une <b>augmentation du sperme<\/b> est \u00e9galement importante, ce qui peut contribuer \u00e0 am\u00e9liorer la sant\u00e9 reproductive.<\/p>\n\n\n\n<p>En conclusion, Maxatin peut \u00eatre une solution efficace pour les hommes qui ont envie d&rsquo;une aventure nocturne pleine de satisfaction et de plaisir, ayant un impact significatif sur leur vie sexuelle.<\/p>\n\n\n\n<h2 class=\"wp-block-heading\">Dosage de Maxatin &#8211; Comment l&rsquo;utiliser ?<\/h2>\n\n\n\n<p>Pour obtenir les meilleurs r\u00e9sultats, la <b>posologie de Maxatin<\/b> consiste \u00e0 prendre deux g\u00e9lules par jour avec un grand verre d&rsquo;eau. Il est essentiel de prendre <b>le compl\u00e9ment<\/b> r\u00e9guli\u00e8rement, car la r\u00e9gularit\u00e9 renforce les effets. Il est recommand\u00e9 de commencer \u00e0 prendre <b>le compl\u00e9ment \u00e0<\/b> l&rsquo;avance, de pr\u00e9f\u00e9rence quelques semaines avant l&rsquo;augmentation pr\u00e9vue de l&rsquo;activit\u00e9 sexuelle. Cela donne \u00e0 l&rsquo;organisme le temps de s&rsquo;adapter aux ingr\u00e9dients.<\/p>\n\n\n\n<p>Il convient de noter que les effets du suppl\u00e9ment peuvent commencer \u00e0 se faire sentir apr\u00e8s seulement 2 ou 3 jours de prise r\u00e9guli\u00e8re. Le fabricant recommande de prendre Maxatin pendant 2 \u00e0 4 mois afin d&rsquo;en tirer le maximum de b\u00e9n\u00e9fices pour la sant\u00e9. L&rsquo;attention port\u00e9e au <b>dosage de Maxatin<\/b> est essentielle pour am\u00e9liorer la qualit\u00e9 de la vie sexuelle et la sant\u00e9 des hommes.<\/p>\n\n\n\n<h2 class=\"wp-block-heading\">Maxatin &#8211; Opinions et critiques, Forum<\/h2>\n\n\n\n<p>Les <b>avis sur Maxatin<\/b> sont majoritairement positifs, comme on peut le constater sur diff\u00e9rents forums de discussion. Les utilisateurs font l&rsquo;\u00e9loge du produit pour son efficacit\u00e9 et sa <b>composition naturelle<\/b>. Par exemple, un commentaire d&rsquo;utilisateur provient de Martin, qui a remarqu\u00e9 une am\u00e9lioration significative de la force de l&rsquo;\u00e9rection et du volume de l&rsquo;\u00e9jaculation apr\u00e8s l&rsquo;utilisation de Maxatin. Tomasz, quant \u00e0 lui, souligne qu&rsquo;il a retrouv\u00e9 sa confiance dans la chambre \u00e0 coucher gr\u00e2ce \u00e0 Maxatin, ce qui a eu un impact positif sur sa vie sexuelle.<\/p>\n\n\n\n<p>La note \u00e9lev\u00e9e de 4,95 \u00e9toiles sur 5 attribu\u00e9e au produit est confirm\u00e9e par les <b>avis d&rsquo;<\/b> utilisateurs satisfaits <b>sur Maxatin<\/b>. En outre, plus de 95 % de ces avis sont positifs. Les utilisateurs remarquent souvent une am\u00e9lioration significative de la qualit\u00e9 de leur vie sexuelle, ce qui se refl\u00e8te \u00e9galement dans les nombreux t\u00e9moignages sur <b>les forums<\/b>.<\/p>\n\n\n\n<p>Toutefois, il convient de garder \u00e0 l&rsquo;esprit que certains utilisateurs signalent des effets secondaires mineurs li\u00e9s \u00e0 l&rsquo;utilisation de Maksatin, tels que des r\u00e9actions allergiques ou des probl\u00e8mes au niveau du syst\u00e8me digestif. La s\u00e9curit\u00e9 est assur\u00e9e, car le produit est certifi\u00e9 selon les normes de l&rsquo;Union europ\u00e9enne et ne contient que <b>des ingr\u00e9dients naturels<\/b> tels que la L-arginine et la L-carnitine.<\/p>\n\n\n\n<p>Lorsque vous choisissez Maxatin, vous obtenez non seulement un suppl\u00e9ment pour am\u00e9liorer votre puissance, mais aussi un soutien pour renforcer votre confiance dans les relations intimes, comme le confirment de nombreux commentaires d&rsquo;utilisateurs.<\/p>\n\n\n\n<h2 class=\"wp-block-heading\">Maxatin &#8211; Composition<\/h2>\n\n\n\n<p>Maxatin est un <b>compl\u00e9ment alimentaire<\/b> qui se distingue par sa composition unique, \u00e0 base d&rsquo;ingr\u00e9dients naturels. Cette formule a \u00e9t\u00e9 soigneusement \u00e9labor\u00e9e pour soutenir la fonction sexuelle et am\u00e9liorer la qualit\u00e9 des \u00e9rections. Voici les principaux ingr\u00e9dients qui composent <b>la formule de Maxatin<\/b>:<\/p>\n\n\n\n<ul class=\"wp-block-list\">\n<li><em>L-arginine<\/em>: am\u00e9liore la circulation sanguine, ce qui est essentiel pour obtenir une \u00e9rection compl\u00e8te.<\/li>\n\n\n\n<li><em>Ginseng<\/em>: augmente les niveaux de testost\u00e9rone et la libido, en apportant de l&rsquo;\u00e9nergie suppl\u00e9mentaire.<\/li>\n\n\n\n<li><em>Racine de maca<\/em>: consid\u00e9r\u00e9e comme un puissant aphrodisiaque, elle favorise le d\u00e9sir sexuel naturel.<\/li>\n\n\n\n<li><em>Guarana<\/em>: augmente l&rsquo;\u00e9nergie et am\u00e9liore l&rsquo;endurance, ce qui contribue \u00e0 la forme physique g\u00e9n\u00e9rale.<\/li>\n\n\n\n<li>Le<em>muscat<\/em> et la <em>liv\u00e8che<\/em>: class\u00e9s parmi les ingr\u00e9dients aux propri\u00e9t\u00e9s aphrodisiaques, ils peuvent influencer davantage la satisfaction sexuelle.<\/li>\n<\/ul>\n\n\n\n<p><b>La composition de Maxatin<\/b> contient 100% d&rsquo;ingr\u00e9dients naturels, ce qui devrait garantir une <b>utilisation s\u00fbre<\/b>. Les proportions ad\u00e9quates de ces ingr\u00e9dients contribuent \u00e0 l&rsquo;efficacit\u00e9 du suppl\u00e9ment. Des \u00e9tudes ont montr\u00e9 que la demande d&rsquo;ingr\u00e9dients m\u00e9dicaux augmente, confirmant leur valeur sup\u00e9rieure pour la sant\u00e9. Maxatin a re\u00e7u les \u00e9loges d&rsquo;experts, notamment de m\u00e9decins et de psychologues, qui n&rsquo;ont relev\u00e9 aucun d\u00e9faut dans sa formule, ce qui est rare dans l&rsquo;industrie des compl\u00e9ments alimentaires.<\/p>\n\n\n\n<h2 class=\"wp-block-heading\">O\u00f9 acheter et quel est le prix de Maxatin ?<\/h2>\n\n\n\n<p>Vous n&rsquo;avez pas \u00e0 vous soucier d&rsquo;aller chercher votre commande &#8211; le fabricant propose une livraison discr\u00e8te et pratique directement \u00e0 votre domicile. L&#8217;emballage est neutre, de sorte que personne ne saura ce qu&rsquo;il contient. C&rsquo;est un gros avantage par rapport \u00e0 un achat effectu\u00e9 ailleurs, o\u00f9 l&#8217;emballage peut \u00e9veiller des soup\u00e7ons ou le produit peut arriver endommag\u00e9. En achetant sur le site officiel, vous avez l&rsquo;assurance que votre commande sera livr\u00e9e rapidement, en toute s\u00e9curit\u00e9 et en toute discr\u00e9tion.<\/p>\n\n\n\n<h2 class=\"wp-block-heading\">Maxatin &#8211; Effets secondaires potentiels et contre-indications d&rsquo;utilisation<\/h2>\n\n\n\n<p>Maxatin est consid\u00e9r\u00e9 comme un suppl\u00e9ment de haute s\u00e9curit\u00e9, mais, comme tout produit, il peut \u00eatre associ\u00e9 \u00e0 certains effets secondaires. Des utilisateurs ont signal\u00e9 des maux de t\u00eate occasionnels, des probl\u00e8mes d&rsquo;estomac et des r\u00e9actions allergiques chez les personnes allergiques \u00e0 l&rsquo;un des ingr\u00e9dients de la formule. Il est donc conseill\u00e9 de consulter un m\u00e9decin avant de commencer la suppl\u00e9mentation, en particulier pour les personnes souffrant de maladies existantes ou prenant d&rsquo;autres m\u00e9dicaments.<\/p>\n\n\n\n<p>Il est important de conna\u00eetre les contre-indications qui peuvent s&rsquo;appliquer aux personnes souffrant de certaines pathologies. Les compl\u00e9ments alimentaires, malgr\u00e9 leurs propri\u00e9t\u00e9s b\u00e9n\u00e9fiques, ne conviennent pas toujours \u00e0 tout le monde. Il est donc conseill\u00e9 de consulter un m\u00e9decin avant de commencer un traitement afin d&rsquo;\u00e9viter les risques potentiels pour la sant\u00e9.<\/p>\n","protected":false},"excerpt":{"rendered":"<p><strong>[date_countdown]<\/strong><\/p>\n<p><img decoding=\"async\" class=\"alignnone  wp-image-8427\" src=\"https:\/\/pharmacie-progres-cannes.fr\/pharmacie\/wp-content\/uploads\/2024\/10\/SAFE-PAY-300x88-1.png\" alt=\"SAFE-PAY-300x88\" width=\"164\" height=\"48\" \/><\/p>\n","protected":false},"featured_media":3899,"comment_status":"open","ping_status":"closed","template":"","meta":{"neve_meta_sidebar":"","neve_meta_container":"","neve_meta_enable_content_width":"","neve_meta_content_width":0,"neve_meta_title_alignment":"","neve_meta_author_avatar":"","neve_post_elements_order":"","neve_meta_disable_header":"","neve_meta_disable_footer":"","neve_meta_disable_title":"","neve_meta_reading_time":""},"product_brand":[],"product_cat":[16],"product_tag":[],"class_list":{"0":"post-4471","1":"product","2":"type-product","3":"status-publish","4":"has-post-thumbnail","6":"product_cat-sante-sexuelle","8":"first","9":"instock","10":"sale","11":"shipping-taxable","12":"product-type-external"},"yoast_head":"<!-- This site is optimized with the Yoast SEO plugin v27.3 - https:\/\/yoast.com\/product\/yoast-seo-wordpress\/ -->\n<title>Maxatin - Avis, Forum, Pharmacie, Effets, Prix -50% | Pharmacie-Progres-Pannes<\/title>\n<meta name=\"robots\" content=\"index, follow, max-snippet:-1, max-image-preview:large, max-video-preview:-1\" \/>\n<link rel=\"canonical\" href=\"https:\/\/pharmacie-progres-cannes.fr\/pharmacie\/supp\/maxatin\/\" \/>\n<meta property=\"og:locale\" content=\"fr_FR\" \/>\n<meta property=\"og:type\" content=\"article\" \/>\n<meta property=\"og:title\" content=\"Maxatin - Avis, Forum, Pharmacie, Effets, Prix -50% | Pharmacie-Progres-Pannes\" \/>\n<meta property=\"og:url\" content=\"https:\/\/pharmacie-progres-cannes.fr\/pharmacie\/supp\/maxatin\/\" \/>\n<meta property=\"og:site_name\" content=\"Pharmacie-Progres-Pannes\" \/>\n<meta property=\"article:modified_time\" content=\"2025-03-09T12:02:36+00:00\" \/>\n<meta property=\"og:image\" content=\"https:\/\/pharmacie-progres-cannes.fr\/pharmacie\/wp-content\/uploads\/2024\/10\/Maxatin.jpg\" \/>\n\t<meta property=\"og:image:width\" content=\"768\" \/>\n\t<meta property=\"og:image:height\" content=\"768\" \/>\n\t<meta property=\"og:image:type\" content=\"image\/jpeg\" \/>\n<meta name=\"twitter:card\" content=\"summary_large_image\" \/>\n<meta name=\"twitter:description\" content=\"[date_countdown]\" \/>\n<meta name=\"twitter:label1\" content=\"Dur\u00e9e de lecture estim\u00e9e\" \/>\n\t<meta name=\"twitter:data1\" content=\"1 minute\" \/>\n<script type=\"application\/ld+json\" class=\"yoast-schema-graph\">{\"@context\":\"https:\\\/\\\/schema.org\",\"@graph\":[{\"@type\":\"WebPage\",\"@id\":\"https:\\\/\\\/pharmacie-progres-cannes.fr\\\/pharmacie\\\/supp\\\/maxatin\\\/\",\"url\":\"https:\\\/\\\/pharmacie-progres-cannes.fr\\\/pharmacie\\\/supp\\\/maxatin\\\/\",\"name\":\"Maxatin - Avis, Forum, Pharmacie, Effets, Prix -50% | Pharmacie-Progres-Pannes\",\"isPartOf\":{\"@id\":\"https:\\\/\\\/pharmacie-progres-cannes.fr\\\/pharmacie\\\/#website\"},\"primaryImageOfPage\":{\"@id\":\"https:\\\/\\\/pharmacie-progres-cannes.fr\\\/pharmacie\\\/supp\\\/maxatin\\\/#primaryimage\"},\"image\":{\"@id\":\"https:\\\/\\\/pharmacie-progres-cannes.fr\\\/pharmacie\\\/supp\\\/maxatin\\\/#primaryimage\"},\"thumbnailUrl\":\"https:\\\/\\\/pharmacie-progres-cannes.fr\\\/pharmacie\\\/wp-content\\\/uploads\\\/2024\\\/10\\\/Maxatin.jpg\",\"datePublished\":\"2024-10-18T19:46:04+00:00\",\"dateModified\":\"2025-03-09T12:02:36+00:00\",\"breadcrumb\":{\"@id\":\"https:\\\/\\\/pharmacie-progres-cannes.fr\\\/pharmacie\\\/supp\\\/maxatin\\\/#breadcrumb\"},\"inLanguage\":\"fr-FR\",\"potentialAction\":[{\"@type\":\"ReadAction\",\"target\":[\"https:\\\/\\\/pharmacie-progres-cannes.fr\\\/pharmacie\\\/supp\\\/maxatin\\\/\"]}]},{\"@type\":\"ImageObject\",\"inLanguage\":\"fr-FR\",\"@id\":\"https:\\\/\\\/pharmacie-progres-cannes.fr\\\/pharmacie\\\/supp\\\/maxatin\\\/#primaryimage\",\"url\":\"https:\\\/\\\/pharmacie-progres-cannes.fr\\\/pharmacie\\\/wp-content\\\/uploads\\\/2024\\\/10\\\/Maxatin.jpg\",\"contentUrl\":\"https:\\\/\\\/pharmacie-progres-cannes.fr\\\/pharmacie\\\/wp-content\\\/uploads\\\/2024\\\/10\\\/Maxatin.jpg\",\"width\":768,\"height\":768},{\"@type\":\"BreadcrumbList\",\"@id\":\"https:\\\/\\\/pharmacie-progres-cannes.fr\\\/pharmacie\\\/supp\\\/maxatin\\\/#breadcrumb\",\"itemListElement\":[{\"@type\":\"ListItem\",\"position\":1,\"name\":\"Strona g\u0142\u00f3wna\",\"item\":\"https:\\\/\\\/pharmacie-progres-cannes.fr\\\/pharmacie\\\/\"},{\"@type\":\"ListItem\",\"position\":2,\"name\":\"farmaci\",\"item\":\"https:\\\/\\\/pharmacie-progres-cannes.fr\\\/pharmacie\\\/\"},{\"@type\":\"ListItem\",\"position\":3,\"name\":\"Maxatin\"}]},{\"@type\":\"WebSite\",\"@id\":\"https:\\\/\\\/pharmacie-progres-cannes.fr\\\/pharmacie\\\/#website\",\"url\":\"https:\\\/\\\/pharmacie-progres-cannes.fr\\\/pharmacie\\\/\",\"name\":\"Pharmacie-Progres-Pannes\",\"description\":\"\",\"potentialAction\":[{\"@type\":\"SearchAction\",\"target\":{\"@type\":\"EntryPoint\",\"urlTemplate\":\"https:\\\/\\\/pharmacie-progres-cannes.fr\\\/pharmacie\\\/?s={search_term_string}\"},\"query-input\":{\"@type\":\"PropertyValueSpecification\",\"valueRequired\":true,\"valueName\":\"search_term_string\"}}],\"inLanguage\":\"fr-FR\"}]}<\/script>\n<!-- \/ Yoast SEO plugin. -->","yoast_head_json":{"title":"Maxatin - Avis, Forum, Pharmacie, Effets, Prix -50% | Pharmacie-Progres-Pannes","robots":{"index":"index","follow":"follow","max-snippet":"max-snippet:-1","max-image-preview":"max-image-preview:large","max-video-preview":"max-video-preview:-1"},"canonical":"https:\/\/pharmacie-progres-cannes.fr\/pharmacie\/supp\/maxatin\/","og_locale":"fr_FR","og_type":"article","og_title":"Maxatin - Avis, Forum, Pharmacie, Effets, Prix -50% | Pharmacie-Progres-Pannes","og_url":"https:\/\/pharmacie-progres-cannes.fr\/pharmacie\/supp\/maxatin\/","og_site_name":"Pharmacie-Progres-Pannes","article_modified_time":"2025-03-09T12:02:36+00:00","og_image":[{"width":768,"height":768,"url":"https:\/\/pharmacie-progres-cannes.fr\/pharmacie\/wp-content\/uploads\/2024\/10\/Maxatin.jpg","type":"image\/jpeg"}],"twitter_card":"summary_large_image","twitter_description":"[date_countdown]","twitter_misc":{"Dur\u00e9e de lecture estim\u00e9e":"1 minute"},"schema":{"@context":"https:\/\/schema.org","@graph":[{"@type":"WebPage","@id":"https:\/\/pharmacie-progres-cannes.fr\/pharmacie\/supp\/maxatin\/","url":"https:\/\/pharmacie-progres-cannes.fr\/pharmacie\/supp\/maxatin\/","name":"Maxatin - Avis, Forum, Pharmacie, Effets, Prix -50% | Pharmacie-Progres-Pannes","isPartOf":{"@id":"https:\/\/pharmacie-progres-cannes.fr\/pharmacie\/#website"},"primaryImageOfPage":{"@id":"https:\/\/pharmacie-progres-cannes.fr\/pharmacie\/supp\/maxatin\/#primaryimage"},"image":{"@id":"https:\/\/pharmacie-progres-cannes.fr\/pharmacie\/supp\/maxatin\/#primaryimage"},"thumbnailUrl":"https:\/\/pharmacie-progres-cannes.fr\/pharmacie\/wp-content\/uploads\/2024\/10\/Maxatin.jpg","datePublished":"2024-10-18T19:46:04+00:00","dateModified":"2025-03-09T12:02:36+00:00","breadcrumb":{"@id":"https:\/\/pharmacie-progres-cannes.fr\/pharmacie\/supp\/maxatin\/#breadcrumb"},"inLanguage":"fr-FR","potentialAction":[{"@type":"ReadAction","target":["https:\/\/pharmacie-progres-cannes.fr\/pharmacie\/supp\/maxatin\/"]}]},{"@type":"ImageObject","inLanguage":"fr-FR","@id":"https:\/\/pharmacie-progres-cannes.fr\/pharmacie\/supp\/maxatin\/#primaryimage","url":"https:\/\/pharmacie-progres-cannes.fr\/pharmacie\/wp-content\/uploads\/2024\/10\/Maxatin.jpg","contentUrl":"https:\/\/pharmacie-progres-cannes.fr\/pharmacie\/wp-content\/uploads\/2024\/10\/Maxatin.jpg","width":768,"height":768},{"@type":"BreadcrumbList","@id":"https:\/\/pharmacie-progres-cannes.fr\/pharmacie\/supp\/maxatin\/#breadcrumb","itemListElement":[{"@type":"ListItem","position":1,"name":"Strona g\u0142\u00f3wna","item":"https:\/\/pharmacie-progres-cannes.fr\/pharmacie\/"},{"@type":"ListItem","position":2,"name":"farmaci","item":"https:\/\/pharmacie-progres-cannes.fr\/pharmacie\/"},{"@type":"ListItem","position":3,"name":"Maxatin"}]},{"@type":"WebSite","@id":"https:\/\/pharmacie-progres-cannes.fr\/pharmacie\/#website","url":"https:\/\/pharmacie-progres-cannes.fr\/pharmacie\/","name":"Pharmacie-Progres-Pannes","description":"","potentialAction":[{"@type":"SearchAction","target":{"@type":"EntryPoint","urlTemplate":"https:\/\/pharmacie-progres-cannes.fr\/pharmacie\/?s={search_term_string}"},"query-input":{"@type":"PropertyValueSpecification","valueRequired":true,"valueName":"search_term_string"}}],"inLanguage":"fr-FR"}]}},"_links":{"self":[{"href":"https:\/\/pharmacie-progres-cannes.fr\/pharmacie\/wp-json\/wp\/v2\/product\/4471","targetHints":{"allow":["GET"]}}],"collection":[{"href":"https:\/\/pharmacie-progres-cannes.fr\/pharmacie\/wp-json\/wp\/v2\/product"}],"about":[{"href":"https:\/\/pharmacie-progres-cannes.fr\/pharmacie\/wp-json\/wp\/v2\/types\/product"}],"replies":[{"embeddable":true,"href":"https:\/\/pharmacie-progres-cannes.fr\/pharmacie\/wp-json\/wp\/v2\/comments?post=4471"}],"wp:featuredmedia":[{"embeddable":true,"href":"https:\/\/pharmacie-progres-cannes.fr\/pharmacie\/wp-json\/wp\/v2\/media\/3899"}],"wp:attachment":[{"href":"https:\/\/pharmacie-progres-cannes.fr\/pharmacie\/wp-json\/wp\/v2\/media?parent=4471"}],"wp:term":[{"taxonomy":"product_brand","embeddable":true,"href":"https:\/\/pharmacie-progres-cannes.fr\/pharmacie\/wp-json\/wp\/v2\/product_brand?post=4471"},{"taxonomy":"product_cat","embeddable":true,"href":"https:\/\/pharmacie-progres-cannes.fr\/pharmacie\/wp-json\/wp\/v2\/product_cat?post=4471"},{"taxonomy":"product_tag","embeddable":true,"href":"https:\/\/pharmacie-progres-cannes.fr\/pharmacie\/wp-json\/wp\/v2\/product_tag?post=4471"}],"curies":[{"name":"wp","href":"https:\/\/api.w.org\/{rel}","templated":true}]}}