{"id":4464,"date":"2024-10-18T19:46:04","date_gmt":"2024-10-18T19:46:04","guid":{"rendered":"https:\/\/chirurgie-orthopedie-vannes.fr\/pharmacie\/?post_type=product&#038;p=4464"},"modified":"2025-03-09T11:35:26","modified_gmt":"2025-03-09T11:35:26","slug":"climax-control","status":"publish","type":"product","link":"https:\/\/pharmacie-progres-cannes.fr\/pharmacie\/supp\/climax-control\/","title":{"rendered":"Climax Control"},"content":{"rendered":"\n<h2 class=\"wp-block-heading\">Qu&rsquo;est-ce que le Climax Control et comment fonctionne-t-il ?<\/h2>\n\n\n\n<p>Climax Control est un <em>compl\u00e9ment<\/em> alimentaire destin\u00e9 aux hommes confront\u00e9s au probl\u00e8me de l&rsquo;\u00e9jaculation pr\u00e9coce. Environ 30 % des hommes dans le monde connaissent ce probl\u00e8me, qui peut \u00eatre la cons\u00e9quence du stress et d&rsquo;un mode de vie rapide. Le compl\u00e9ment contient de la <b>s\u00e9rotonine<\/b>, un compos\u00e9 chimique important qui r\u00e9gule les stimuli physiques. Sa pr\u00e9sence am\u00e9liore consid\u00e9rablement la qualit\u00e9 des \u00e9rections, ce qui est crucial pour une satisfaction sexuelle \u00e0 long terme.<\/p>\n\n\n\n<p>L&rsquo;<b>utilisation<\/b> r\u00e9guli\u00e8re <b>de<\/b> Climax Control produit des <b>effets<\/b> notables apr\u00e8s seulement quelques semaines. La dose recommand\u00e9e est de 2 g\u00e9lules par jour, \u00e0 prendre de pr\u00e9f\u00e9rence au cours d&rsquo;un repas. Apr\u00e8s trois mois de traitement, on constate une augmentation maximale de la dur\u00e9e des rapports sexuels qui, selon le fabricant, peut aller jusqu&rsquo;\u00e0 30 minutes.<\/p>\n\n\n\n<p>Les extraits d&rsquo;ingr\u00e9dients naturels contenus dans Climax Control, tels que le ginseng et la racine de maca, ont un effet positif sur la libido et augmentent l&rsquo;endurance sexuelle. L&rsquo;<b>action<\/b> de ces substances favorise la normalisation de la fonction sexuelle et leur <b>action<\/b> synergique conduit \u00e0 une am\u00e9lioration significative de la vie intime.<\/p>\n\n\n\n<p><b>Le compl\u00e9ment<\/b> est disponible sans ordonnance, ce qui augmente sa disponibilit\u00e9 sur le march\u00e9. Il est conseill\u00e9 de consulter un m\u00e9decin avant de commencer le traitement afin d&rsquo;\u00e9carter toute <b>contre-indication<\/b>. Climax Control peut \u00eatre utilis\u00e9 par les hommes souffrant d&rsquo;hypertension, car aucun effet secondaire li\u00e9 \u00e0 son utilisation n&rsquo;a \u00e9t\u00e9 signal\u00e9 \u00e0 ce jour.<\/p>\n\n\n\n<h2 class=\"wp-block-heading\">Avantages du contr\u00f4le du climax &#8211; Effets<\/h2>\n\n\n\n<p>L&rsquo;<b>utilisation<\/b> r\u00e9guli\u00e8re <b>de<\/b> Climax Control pr\u00e9sente un certain nombre d&rsquo;<em>avantages<\/em> qui peuvent affecter de mani\u00e8re significative la qualit\u00e9 de la vie sexuelle. La cause des probl\u00e8mes d&rsquo;\u00e9jaculation pr\u00e9coce touche environ 33% des hommes sexuellement actifs. Avec Climax Control, les hommes peuvent augmenter la dur\u00e9e des rapports sexuels de 30 minutes, ce qui permet une exp\u00e9rience plus profonde des moments intimes.<\/p>\n\n\n\n<p><b>Les effets de l&rsquo;<\/b> utilisation de Climax Control sont perceptibles d\u00e8s 4 jours. Il est int\u00e9ressant de noter que 97% des hommes qui ont utilis\u00e9 ce <b>compl\u00e9ment<\/b> ont confirm\u00e9 une r\u00e9elle am\u00e9lioration de la qualit\u00e9 de leur vie sexuelle. L&rsquo;augmentation de la libido et l&rsquo;am\u00e9lioration de la qualit\u00e9 de l&rsquo;\u00e9rection sont des r\u00e9sultats cl\u00e9s qui contribuent \u00e0 une plus grande satisfaction non seulement pour l&rsquo;utilisateur, mais aussi pour sa partenaire.<\/p>\n\n\n\n<p>Bas\u00e9 sur des ingr\u00e9dients naturels, <b>le compl\u00e9ment<\/b> \u00e9limine le risque d&rsquo;effets secondaires, faisant de Climax Control une alternative s\u00fbre \u00e0 d&rsquo;autres traitements pouvant conduire \u00e0 l&rsquo;impuissance. Agissant sur de nombreux aspects de la vie sexuelle, Climax Control offre un excellent soutien dans la poursuite d&rsquo;une vie intime satisfaisante.<\/p>\n\n\n\n<h2 class=\"wp-block-heading\">Comment utiliser Climax Control ? &#8211; Dosage<\/h2>\n\n\n\n<p>L&rsquo;<b>utilisation de<\/b> Climax Control n\u00e9cessite le respect de la posologie recommand\u00e9e pour des <b>r\u00e9sultats<\/b> optimaux. Les fabricants sugg\u00e8rent de prendre <em>deux g\u00e9lules par jour<\/em>. Il est pr\u00e9f\u00e9rable de les prendre avant l&rsquo;acte sexuel pr\u00e9vu afin de constater une am\u00e9lioration de la fonction sexuelle. La r\u00e9gularit\u00e9 de l&rsquo;utilisation est essentielle, car les effets du suppl\u00e9ment peuvent \u00eatre visibles en <em>quatre jours<\/em> seulement, mais les r\u00e9sultats complets ne peuvent \u00eatre obtenus qu&rsquo;apr\u00e8s <em>trois \u00e0 quatre mois d&rsquo;<\/em> utilisation continue.<\/p>\n\n\n\n<p>Climax Control se pr\u00e9sente sous la forme d&rsquo;un emballage contenant <em>60 g\u00e9lules<\/em>, ce qui est suffisant pour un mois de traitement environ. <em>Le co\u00fbt d&rsquo;un mois de traitement<\/em> est de 159 PLN, soit <em>2,65 PLN<\/em> par g\u00e9lule. La <b>prise<\/b> doit \u00eatre associ\u00e9e \u00e0 une bonne hydratation de l&rsquo;organisme ; il est recommand\u00e9 de boire au moins <em>2 litres d&rsquo;eau par jour<\/em>. L&rsquo;utilisation de ce compl\u00e9ment alimentaire peut prolonger la dur\u00e9e des rapports sexuels jusqu&rsquo;\u00e0 <em>30 minutes<\/em>, ce qui contribue certainement \u00e0 l&rsquo;am\u00e9lioration de la satisfaction sexuelle.<\/p>\n\n\n\n<p>Lors de l&rsquo;utilisation de Climax Control, il est \u00e9galement important de garder \u00e0 l&rsquo;esprit la mod\u00e9ration. Le produit est destin\u00e9 exclusivement aux hommes et son utilisation est d\u00e9conseill\u00e9e aux personnes pr\u00e9sentant une hypersensibilit\u00e9 \u00e0 l&rsquo;un des ingr\u00e9dients. Les effets rapides sous la forme de rapports sexuels prolong\u00e9s et d&rsquo;une augmentation de la libido d\u00e9pendent de la pr\u00e9disposition individuelle de l&rsquo;organisme. L&rsquo;utilisation r\u00e9guli\u00e8re de Climax Control augmente consid\u00e9rablement les chances d&rsquo;obtenir des r\u00e9sultats satisfaisants\u3002.<\/p>\n\n\n\n<h2 class=\"wp-block-heading\">Climax Control &#8211; Avis et critiques, Forum<\/h2>\n\n\n\n<p>Les <b>commentaires des<\/b> utilisateurs sur Climax Control sont extr\u00eamement positifs, comme le confirment les nombreux <b>avis<\/b> disponibles sur divers sites web et forums de discussion. De nombreuses personnes aux prises avec le probl\u00e8me de l&rsquo;\u00e9jaculation pr\u00e9coce constatent des am\u00e9liorations significatives en peu de temps. Les rapports indiquent que 78% des hommes ont constat\u00e9 des changements positifs apr\u00e8s seulement trois semaines d&rsquo;utilisation de ce compl\u00e9ment.<\/p>\n\n\n\n<p>Certains utilisateurs ont fait part de leur exp\u00e9rience, indiquant une augmentation de la dur\u00e9e des rapports sexuels d&rsquo;environ trois minutes \u00e0 30 minutes apr\u00e8s avoir pris Climax Control r\u00e9guli\u00e8rement pendant trois mois. Ces <b>avis<\/b> sugg\u00e8rent que le compl\u00e9ment contribue \u00e0 une am\u00e9lioration significative de la qualit\u00e9 de la vie sexuelle, ce qui est souvent soulign\u00e9 par les partenaires des utilisateurs.<\/p>\n\n\n\n<p>Sur les forums, on peut \u00e9galement trouver des essais comparatifs r\u00e9ussis entre Climax Control et d&rsquo;autres m\u00e9thodes, comme Durex Performa ou le nouveau m\u00e9dicament Priligy. Les utilisateurs ont constat\u00e9 que ces m\u00e9thodes peuvent \u00eatre moins efficaces ou moins co\u00fbteuses \u00e0 long terme. Des cycles r\u00e9guliers de Climax Control se traduisent non seulement par des \u00e9rections plus longues, mais aussi par une r\u00e9cup\u00e9ration plus rapide entre les rapprochements.<\/p>\n\n\n\n<p>Les consultations sur les forums ont montr\u00e9 que l&rsquo;utilisation de Climax Control apporte \u00e9galement des <b>avantages<\/b> psychologiques, en augmentant la confiance des utilisateurs, ce qui a \u00e9t\u00e9 confirm\u00e9 dans une \u00e9tude clinique de 2008. La plupart des avis indiquent que le compl\u00e9ment r\u00e9duit consid\u00e9rablement les sympt\u00f4mes de l&rsquo;\u00e9jaculation pr\u00e9coce et qu&rsquo;il est plus efficace que de nombreux produits sur le march\u00e9.<\/p>\n\n\n\n<h2 class=\"wp-block-heading\">Climax Control &#8211; Composition &#8211; Analyse des ingr\u00e9dients<\/h2>\n\n\n\n<p>Climax Control est un <b>compl\u00e9ment alimentaire<\/b> qui a \u00e9t\u00e9 d\u00e9velopp\u00e9 pour les hommes aux prises avec le probl\u00e8me de l&rsquo;\u00e9jaculation pr\u00e9coce. Sa <em>composition<\/em> est bas\u00e9e sur des ingr\u00e9dients naturels qui renforcent l&rsquo;efficacit\u00e9 du produit. L&rsquo;<em>analyse des<\/em> ingr\u00e9dients permet d&rsquo;identifier plusieurs extraits v\u00e9g\u00e9taux et acides amin\u00e9s cl\u00e9s qui contribuent \u00e0 am\u00e9liorer le contr\u00f4le de l&rsquo;\u00e9jaculation et la qualit\u00e9 de la vie intime.<\/p>\n\n\n\n<figure class=\"wp-block-table\"><table class=\"has-fixed-layout\"><tbody><tr><th>Composant<\/th><th>Fonction<\/th><\/tr><tr><td>Extrait de feuille de Paullinia cupana<\/td><td>Stimule l&rsquo;\u00e9nergie et soutient la r\u00e9ponse immunitaire.<\/td><\/tr><tr><td>Extrait d&rsquo;\u00e9corce de Pygeum africanum<\/td><td>Soutient les syst\u00e8mes urinaire et reproducteur.<\/td><\/tr><tr><td>Extrait de racine de ginseng cor\u00e9en<\/td><td>Augmente la fonction du syst\u00e8me nerveux et la libido.<\/td><\/tr><tr><td>Extrait de fruit de Tribulus terrestris<\/td><td>Peut augmenter le taux de testost\u00e9rone.<\/td><\/tr><tr><td>Extrait de fruit de palmier sabal (Saw palmetto)<\/td><td>Contribue \u00e0 maintenir des niveaux hormonaux normaux.<\/td><\/tr><tr><td>Extrait de Griffonia simplicifolia<\/td><td>R\u00e9duit les niveaux de s\u00e9rotonine, ce qui favorise le contr\u00f4le de l&rsquo;\u00e9jaculation.<\/td><\/tr><\/tbody><\/table><\/figure>\n\n\n\n<p>L&rsquo;utilisation r\u00e9guli\u00e8re de Climax Control peut conduire \u00e0 des am\u00e9liorations significatives du contr\u00f4le de l&rsquo;\u00e9jaculation, ce qui se traduit par des rapports sexuels plus longs. Ces effets sont g\u00e9n\u00e9ralement perceptibles apr\u00e8s quelques jours d&rsquo;utilisation, et les r\u00e9sultats complets peuvent \u00eatre obtenus apr\u00e8s plusieurs mois.<\/p>\n\n\n\n<h2 class=\"wp-block-heading\">O\u00f9 acheter et quel est le prix de Climax Control ?<\/h2>\n\n\n\n<p>Vous ne trouverez pas Climax Control dans les pharmacies, les drogueries ou les papeteries &#8211; le produit est uniquement disponible sur le site officiel du fabricant. Cette politique de vente a \u00e9t\u00e9 mise en place pour garantir la meilleure qualit\u00e9 et l&rsquo;originalit\u00e9 du produit, ainsi que pour permettre au fabricant de contr\u00f4ler sa distribution. Cela permet d&rsquo;\u00e9viter le risque d&rsquo;acheter des contrefa\u00e7ons, qui peuvent non seulement ne pas fonctionner, mais aussi contenir des ingr\u00e9dients inconnus. De plus, des promotions r\u00e9guli\u00e8res vous permettent d&rsquo;acheter \u00e0 un prix plus abordable.<\/p>\n\n\n\n<h2 class=\"wp-block-heading\">Climax Control &#8211; Effets secondaires et contre-indications &#8211; S\u00e9curit\u00e9 d&#8217;emploi<\/h2>\n\n\n\n<p>Climax Control est un suppl\u00e9ment qui offre de nombreux <b>avantages<\/b>, mais il est \u00e9galement important de noter les <b>effets secondaires<\/b> potentiels. En g\u00e9n\u00e9ral, ce produit est consid\u00e9r\u00e9 comme s\u00fbr pour la plupart des gens, mais des r\u00e9actions allergiques peuvent se produire chez les personnes hypersensibles \u00e0 l&rsquo;un des ingr\u00e9dients. Il est donc conseill\u00e9 de consulter un m\u00e9decin avant de commencer le traitement afin de garantir une utilisation <b>s\u00fbre<\/b>.<\/p>\n\n\n\n<p>Comme pour d&rsquo;autres compl\u00e9ments, il existe \u00e9galement des <b>contre-indications<\/b>. Les personnes de moins de 18 ans, les femmes enceintes et les m\u00e8res qui allaitent doivent \u00e9viter de l&rsquo;utiliser. Il est important de savoir qu&rsquo;un suivi r\u00e9gulier de la r\u00e9action de l&rsquo;organisme au suppl\u00e9ment permettra d&rsquo;accro\u00eetre la <b>s\u00e9curit\u00e9 d&rsquo;<\/b> utilisation et d&rsquo;\u00e9viter d&rsquo;\u00e9ventuels probl\u00e8mes de sant\u00e9.<\/p>\n\n\n\n<p>Heureusement, aucun cas d&rsquo;effets secondaires graves associ\u00e9s \u00e0 Climax Control n&rsquo;a \u00e9t\u00e9 signal\u00e9, et la probabilit\u00e9 d&rsquo;effets secondaires tels que des r\u00e9actions allergiques est n\u00e9gligeable. En fin de compte, une approche responsable et inform\u00e9e de la suppl\u00e9mentation peut faire une diff\u00e9rence significative dans ses effets positifs.<\/p>\n","protected":false},"excerpt":{"rendered":"<p><strong>[date_countdown]<\/strong><\/p>\n<p><img decoding=\"async\" class=\"alignnone  wp-image-8427\" src=\"https:\/\/pharmacie-progres-cannes.fr\/pharmacie\/wp-content\/uploads\/2024\/10\/SAFE-PAY-300x88-1.png\" alt=\"SAFE-PAY-300x88\" width=\"164\" height=\"48\" \/><\/p>\n","protected":false},"featured_media":3881,"comment_status":"open","ping_status":"closed","template":"","meta":{"neve_meta_sidebar":"","neve_meta_container":"","neve_meta_enable_content_width":"","neve_meta_content_width":0,"neve_meta_title_alignment":"","neve_meta_author_avatar":"","neve_post_elements_order":"","neve_meta_disable_header":"","neve_meta_disable_footer":"","neve_meta_disable_title":"","neve_meta_reading_time":""},"product_brand":[],"product_cat":[16],"product_tag":[],"class_list":{"0":"post-4464","1":"product","2":"type-product","3":"status-publish","4":"has-post-thumbnail","6":"product_cat-sante-sexuelle","8":"first","9":"instock","10":"sale","11":"shipping-taxable","12":"product-type-external"},"yoast_head":"<!-- This site is optimized with the Yoast SEO plugin v27.3 - https:\/\/yoast.com\/product\/yoast-seo-wordpress\/ -->\n<title>Climax Control - Avis, Forum, Pharmacie, Effets, Prix -50% | Pharmacie-Progres-Pannes<\/title>\n<meta name=\"robots\" content=\"index, follow, max-snippet:-1, max-image-preview:large, max-video-preview:-1\" \/>\n<link rel=\"canonical\" href=\"https:\/\/pharmacie-progres-cannes.fr\/pharmacie\/supp\/climax-control\/\" \/>\n<meta property=\"og:locale\" content=\"fr_FR\" \/>\n<meta property=\"og:type\" content=\"article\" \/>\n<meta property=\"og:title\" content=\"Climax Control - Avis, Forum, Pharmacie, Effets, Prix -50% | Pharmacie-Progres-Pannes\" \/>\n<meta property=\"og:url\" content=\"https:\/\/pharmacie-progres-cannes.fr\/pharmacie\/supp\/climax-control\/\" \/>\n<meta property=\"og:site_name\" content=\"Pharmacie-Progres-Pannes\" \/>\n<meta property=\"article:modified_time\" content=\"2025-03-09T11:35:26+00:00\" \/>\n<meta property=\"og:image\" content=\"https:\/\/pharmacie-progres-cannes.fr\/pharmacie\/wp-content\/uploads\/2024\/10\/Climax-Control.jpg\" \/>\n\t<meta property=\"og:image:width\" content=\"768\" \/>\n\t<meta property=\"og:image:height\" content=\"768\" \/>\n\t<meta property=\"og:image:type\" content=\"image\/jpeg\" \/>\n<meta name=\"twitter:card\" content=\"summary_large_image\" \/>\n<meta name=\"twitter:description\" content=\"[date_countdown]\" \/>\n<meta name=\"twitter:label1\" content=\"Dur\u00e9e de lecture estim\u00e9e\" \/>\n\t<meta name=\"twitter:data1\" content=\"1 minute\" \/>\n<script type=\"application\/ld+json\" class=\"yoast-schema-graph\">{\"@context\":\"https:\\\/\\\/schema.org\",\"@graph\":[{\"@type\":\"WebPage\",\"@id\":\"https:\\\/\\\/pharmacie-progres-cannes.fr\\\/pharmacie\\\/supp\\\/climax-control\\\/\",\"url\":\"https:\\\/\\\/pharmacie-progres-cannes.fr\\\/pharmacie\\\/supp\\\/climax-control\\\/\",\"name\":\"Climax Control - Avis, Forum, Pharmacie, Effets, Prix -50% | Pharmacie-Progres-Pannes\",\"isPartOf\":{\"@id\":\"https:\\\/\\\/pharmacie-progres-cannes.fr\\\/pharmacie\\\/#website\"},\"primaryImageOfPage\":{\"@id\":\"https:\\\/\\\/pharmacie-progres-cannes.fr\\\/pharmacie\\\/supp\\\/climax-control\\\/#primaryimage\"},\"image\":{\"@id\":\"https:\\\/\\\/pharmacie-progres-cannes.fr\\\/pharmacie\\\/supp\\\/climax-control\\\/#primaryimage\"},\"thumbnailUrl\":\"https:\\\/\\\/pharmacie-progres-cannes.fr\\\/pharmacie\\\/wp-content\\\/uploads\\\/2024\\\/10\\\/Climax-Control.jpg\",\"datePublished\":\"2024-10-18T19:46:04+00:00\",\"dateModified\":\"2025-03-09T11:35:26+00:00\",\"breadcrumb\":{\"@id\":\"https:\\\/\\\/pharmacie-progres-cannes.fr\\\/pharmacie\\\/supp\\\/climax-control\\\/#breadcrumb\"},\"inLanguage\":\"fr-FR\",\"potentialAction\":[{\"@type\":\"ReadAction\",\"target\":[\"https:\\\/\\\/pharmacie-progres-cannes.fr\\\/pharmacie\\\/supp\\\/climax-control\\\/\"]}]},{\"@type\":\"ImageObject\",\"inLanguage\":\"fr-FR\",\"@id\":\"https:\\\/\\\/pharmacie-progres-cannes.fr\\\/pharmacie\\\/supp\\\/climax-control\\\/#primaryimage\",\"url\":\"https:\\\/\\\/pharmacie-progres-cannes.fr\\\/pharmacie\\\/wp-content\\\/uploads\\\/2024\\\/10\\\/Climax-Control.jpg\",\"contentUrl\":\"https:\\\/\\\/pharmacie-progres-cannes.fr\\\/pharmacie\\\/wp-content\\\/uploads\\\/2024\\\/10\\\/Climax-Control.jpg\",\"width\":768,\"height\":768},{\"@type\":\"BreadcrumbList\",\"@id\":\"https:\\\/\\\/pharmacie-progres-cannes.fr\\\/pharmacie\\\/supp\\\/climax-control\\\/#breadcrumb\",\"itemListElement\":[{\"@type\":\"ListItem\",\"position\":1,\"name\":\"Strona g\u0142\u00f3wna\",\"item\":\"https:\\\/\\\/pharmacie-progres-cannes.fr\\\/pharmacie\\\/\"},{\"@type\":\"ListItem\",\"position\":2,\"name\":\"farmaci\",\"item\":\"https:\\\/\\\/pharmacie-progres-cannes.fr\\\/pharmacie\\\/\"},{\"@type\":\"ListItem\",\"position\":3,\"name\":\"Climax Control\"}]},{\"@type\":\"WebSite\",\"@id\":\"https:\\\/\\\/pharmacie-progres-cannes.fr\\\/pharmacie\\\/#website\",\"url\":\"https:\\\/\\\/pharmacie-progres-cannes.fr\\\/pharmacie\\\/\",\"name\":\"Pharmacie-Progres-Pannes\",\"description\":\"\",\"potentialAction\":[{\"@type\":\"SearchAction\",\"target\":{\"@type\":\"EntryPoint\",\"urlTemplate\":\"https:\\\/\\\/pharmacie-progres-cannes.fr\\\/pharmacie\\\/?s={search_term_string}\"},\"query-input\":{\"@type\":\"PropertyValueSpecification\",\"valueRequired\":true,\"valueName\":\"search_term_string\"}}],\"inLanguage\":\"fr-FR\"}]}<\/script>\n<!-- \/ Yoast SEO plugin. -->","yoast_head_json":{"title":"Climax Control - Avis, Forum, Pharmacie, Effets, Prix -50% | Pharmacie-Progres-Pannes","robots":{"index":"index","follow":"follow","max-snippet":"max-snippet:-1","max-image-preview":"max-image-preview:large","max-video-preview":"max-video-preview:-1"},"canonical":"https:\/\/pharmacie-progres-cannes.fr\/pharmacie\/supp\/climax-control\/","og_locale":"fr_FR","og_type":"article","og_title":"Climax Control - Avis, Forum, Pharmacie, Effets, Prix -50% | Pharmacie-Progres-Pannes","og_url":"https:\/\/pharmacie-progres-cannes.fr\/pharmacie\/supp\/climax-control\/","og_site_name":"Pharmacie-Progres-Pannes","article_modified_time":"2025-03-09T11:35:26+00:00","og_image":[{"width":768,"height":768,"url":"https:\/\/pharmacie-progres-cannes.fr\/pharmacie\/wp-content\/uploads\/2024\/10\/Climax-Control.jpg","type":"image\/jpeg"}],"twitter_card":"summary_large_image","twitter_description":"[date_countdown]","twitter_misc":{"Dur\u00e9e de lecture estim\u00e9e":"1 minute"},"schema":{"@context":"https:\/\/schema.org","@graph":[{"@type":"WebPage","@id":"https:\/\/pharmacie-progres-cannes.fr\/pharmacie\/supp\/climax-control\/","url":"https:\/\/pharmacie-progres-cannes.fr\/pharmacie\/supp\/climax-control\/","name":"Climax Control - Avis, Forum, Pharmacie, Effets, Prix -50% | Pharmacie-Progres-Pannes","isPartOf":{"@id":"https:\/\/pharmacie-progres-cannes.fr\/pharmacie\/#website"},"primaryImageOfPage":{"@id":"https:\/\/pharmacie-progres-cannes.fr\/pharmacie\/supp\/climax-control\/#primaryimage"},"image":{"@id":"https:\/\/pharmacie-progres-cannes.fr\/pharmacie\/supp\/climax-control\/#primaryimage"},"thumbnailUrl":"https:\/\/pharmacie-progres-cannes.fr\/pharmacie\/wp-content\/uploads\/2024\/10\/Climax-Control.jpg","datePublished":"2024-10-18T19:46:04+00:00","dateModified":"2025-03-09T11:35:26+00:00","breadcrumb":{"@id":"https:\/\/pharmacie-progres-cannes.fr\/pharmacie\/supp\/climax-control\/#breadcrumb"},"inLanguage":"fr-FR","potentialAction":[{"@type":"ReadAction","target":["https:\/\/pharmacie-progres-cannes.fr\/pharmacie\/supp\/climax-control\/"]}]},{"@type":"ImageObject","inLanguage":"fr-FR","@id":"https:\/\/pharmacie-progres-cannes.fr\/pharmacie\/supp\/climax-control\/#primaryimage","url":"https:\/\/pharmacie-progres-cannes.fr\/pharmacie\/wp-content\/uploads\/2024\/10\/Climax-Control.jpg","contentUrl":"https:\/\/pharmacie-progres-cannes.fr\/pharmacie\/wp-content\/uploads\/2024\/10\/Climax-Control.jpg","width":768,"height":768},{"@type":"BreadcrumbList","@id":"https:\/\/pharmacie-progres-cannes.fr\/pharmacie\/supp\/climax-control\/#breadcrumb","itemListElement":[{"@type":"ListItem","position":1,"name":"Strona g\u0142\u00f3wna","item":"https:\/\/pharmacie-progres-cannes.fr\/pharmacie\/"},{"@type":"ListItem","position":2,"name":"farmaci","item":"https:\/\/pharmacie-progres-cannes.fr\/pharmacie\/"},{"@type":"ListItem","position":3,"name":"Climax Control"}]},{"@type":"WebSite","@id":"https:\/\/pharmacie-progres-cannes.fr\/pharmacie\/#website","url":"https:\/\/pharmacie-progres-cannes.fr\/pharmacie\/","name":"Pharmacie-Progres-Pannes","description":"","potentialAction":[{"@type":"SearchAction","target":{"@type":"EntryPoint","urlTemplate":"https:\/\/pharmacie-progres-cannes.fr\/pharmacie\/?s={search_term_string}"},"query-input":{"@type":"PropertyValueSpecification","valueRequired":true,"valueName":"search_term_string"}}],"inLanguage":"fr-FR"}]}},"_links":{"self":[{"href":"https:\/\/pharmacie-progres-cannes.fr\/pharmacie\/wp-json\/wp\/v2\/product\/4464","targetHints":{"allow":["GET"]}}],"collection":[{"href":"https:\/\/pharmacie-progres-cannes.fr\/pharmacie\/wp-json\/wp\/v2\/product"}],"about":[{"href":"https:\/\/pharmacie-progres-cannes.fr\/pharmacie\/wp-json\/wp\/v2\/types\/product"}],"replies":[{"embeddable":true,"href":"https:\/\/pharmacie-progres-cannes.fr\/pharmacie\/wp-json\/wp\/v2\/comments?post=4464"}],"wp:featuredmedia":[{"embeddable":true,"href":"https:\/\/pharmacie-progres-cannes.fr\/pharmacie\/wp-json\/wp\/v2\/media\/3881"}],"wp:attachment":[{"href":"https:\/\/pharmacie-progres-cannes.fr\/pharmacie\/wp-json\/wp\/v2\/media?parent=4464"}],"wp:term":[{"taxonomy":"product_brand","embeddable":true,"href":"https:\/\/pharmacie-progres-cannes.fr\/pharmacie\/wp-json\/wp\/v2\/product_brand?post=4464"},{"taxonomy":"product_cat","embeddable":true,"href":"https:\/\/pharmacie-progres-cannes.fr\/pharmacie\/wp-json\/wp\/v2\/product_cat?post=4464"},{"taxonomy":"product_tag","embeddable":true,"href":"https:\/\/pharmacie-progres-cannes.fr\/pharmacie\/wp-json\/wp\/v2\/product_tag?post=4464"}],"curies":[{"name":"wp","href":"https:\/\/api.w.org\/{rel}","templated":true}]}}